Файловый менеджер - Редактировать - /var/log/apache2/domlogs/pimjdymy/charleston.datadazzle.com-ssl_log
Назад
47.82.11.4 - - [05/Feb/2026:05:05:28 -0700] "GET /53906228120.htm HTTP/1.1" 302 283 "https://charleston.datadazzle.com/" "Mozilla/5.0 (Windows NT 10.0; Win64; x64) AppleWebKit/537.36 (KHTML, like Gecko) Chrome/135.0.0.0 Safari/537.36"
47.82.11.4 - - [05/Feb/2026:05:05:28 -0700] "GET /cgi-sys/suspendedpage.cgi HTTP/1.1" 200 7644 "https://charleston.datadazzle.com/" "Mozilla/5.0 (Windows NT 10.0; Win64; x64) AppleWebKit/537.36 (KHTML, like Gecko) Chrome/135.0.0.0 Safari/537.36"
47.82.11.60 - - [05/Feb/2026:05:07:25 -0700] "GET /9010893800.htm HTTP/1.1" 302 283 "https://charleston.datadazzle.com/" "Mozilla/5.0 (X11; CrOS x86_64 14541.0.0) AppleWebKit/537.36 (KHTML, like Gecko) Chrome/134.0.0.0 Safari/537.36"
47.82.11.60 - - [05/Feb/2026:05:07:25 -0700] "GET /cgi-sys/suspendedpage.cgi HTTP/1.1" 200 7644 "https://charleston.datadazzle.com/" "Mozilla/5.0 (X11; CrOS x86_64 14541.0.0) AppleWebKit/537.36 (KHTML, like Gecko) Chrome/134.0.0.0 Safari/537.36"
47.82.11.65 - - [05/Feb/2026:05:13:51 -0700] "GET /5390628814.htm HTTP/1.1" 302 283 "https://charleston.datadazzle.com/" "Mozilla/5.0 (Macintosh; Intel Mac OS X 10_15_7) AppleWebKit/537.36 (KHTML, like Gecko) Chrome/135.0.0.0 Safari/537.36"
47.82.11.65 - - [05/Feb/2026:05:13:52 -0700] "GET /cgi-sys/suspendedpage.cgi HTTP/1.1" 200 7644 "https://charleston.datadazzle.com/" "Mozilla/5.0 (Macintosh; Intel Mac OS X 10_15_7) AppleWebKit/537.36 (KHTML, like Gecko) Chrome/135.0.0.0 Safari/537.36"
47.82.11.20 - - [05/Feb/2026:05:43:49 -0700] "GET /2147473375.htm HTTP/1.1" 302 283 "https://charleston.datadazzle.com/" "Mozilla/5.0 (Macintosh; Intel Mac OS X 10_15_7) AppleWebKit/537.36 (KHTML, like Gecko) Chrome/116.0.0.0 Safari/537.36"
47.82.11.20 - - [05/Feb/2026:05:43:49 -0700] "GET /cgi-sys/suspendedpage.cgi HTTP/1.1" 200 7644 "https://charleston.datadazzle.com/" "Mozilla/5.0 (Macintosh; Intel Mac OS X 10_15_7) AppleWebKit/537.36 (KHTML, like Gecko) Chrome/116.0.0.0 Safari/537.36"
47.82.11.59 - - [05/Feb/2026:05:51:13 -0700] "GET /57192296888.htm HTTP/1.1" 302 283 "https://charleston.datadazzle.com/" "Mozilla/5.0 (Macintosh; Intel Mac OS X 10_15_7) AppleWebKit/605.1.15 (KHTML, like Gecko) Version/18.3.1 Safari/605.1.15"
47.82.11.59 - - [05/Feb/2026:05:51:14 -0700] "GET /cgi-sys/suspendedpage.cgi HTTP/1.1" 200 7644 "https://charleston.datadazzle.com/" "Mozilla/5.0 (Macintosh; Intel Mac OS X 10_15_7) AppleWebKit/605.1.15 (KHTML, like Gecko) Version/18.3.1 Safari/605.1.15"
47.82.11.52 - - [05/Feb/2026:06:01:05 -0700] "GET /48850152914.htm HTTP/1.1" 302 283 "https://charleston.datadazzle.com/" "Mozilla/5.0 (Macintosh; Intel Mac OS X 10_15_7) AppleWebKit/605.1.15 (KHTML, like Gecko) Version/18.1.1 Safari/605.1.15"
47.82.11.52 - - [05/Feb/2026:06:01:05 -0700] "GET /cgi-sys/suspendedpage.cgi HTTP/1.1" 200 7644 "https://charleston.datadazzle.com/" "Mozilla/5.0 (Macintosh; Intel Mac OS X 10_15_7) AppleWebKit/605.1.15 (KHTML, like Gecko) Version/18.1.1 Safari/605.1.15"
47.82.11.64 - - [05/Feb/2026:06:07:03 -0700] "GET /9010880256.htm HTTP/1.1" 302 283 "https://charleston.datadazzle.com/" "Mozilla/5.0 (X11; CrOS x86_64 14541.0.0) AppleWebKit/537.36 (KHTML, like Gecko) Chrome/126.0.0.0 Safari/537.36"
47.82.11.64 - - [05/Feb/2026:06:07:03 -0700] "GET /cgi-sys/suspendedpage.cgi HTTP/1.1" 200 7644 "https://charleston.datadazzle.com/" "Mozilla/5.0 (X11; CrOS x86_64 14541.0.0) AppleWebKit/537.36 (KHTML, like Gecko) Chrome/126.0.0.0 Safari/537.36"
47.82.11.68 - - [05/Feb/2026:06:12:26 -0700] "GET /451036749.htm HTTP/1.1" 302 283 "https://charleston.datadazzle.com/" "Mozilla/5.0 (Windows NT 10.0; Win64; x64) AppleWebKit/537.36 (KHTML, like Gecko) Chrome/135.0.0.0 Safari/537.36"
47.82.11.68 - - [05/Feb/2026:06:12:27 -0700] "GET /cgi-sys/suspendedpage.cgi HTTP/1.1" 200 7644 "https://charleston.datadazzle.com/" "Mozilla/5.0 (Windows NT 10.0; Win64; x64) AppleWebKit/537.36 (KHTML, like Gecko) Chrome/135.0.0.0 Safari/537.36"
47.82.11.69 - - [05/Feb/2026:06:22:04 -0700] "GET /70915249110.htm HTTP/1.1" 302 283 "https://charleston.datadazzle.com/" "Mozilla/5.0 (Windows NT 10.0; Win64; x64) AppleWebKit/537.36 (KHTML, like Gecko) Chrome/135.0.0.0 Safari/537.36 Edg/135.0.0.0"
47.82.11.69 - - [05/Feb/2026:06:22:04 -0700] "GET /cgi-sys/suspendedpage.cgi HTTP/1.1" 200 7644 "https://charleston.datadazzle.com/" "Mozilla/5.0 (Windows NT 10.0; Win64; x64) AppleWebKit/537.36 (KHTML, like Gecko) Chrome/135.0.0.0 Safari/537.36 Edg/135.0.0.0"
47.82.11.67 - - [05/Feb/2026:06:24:20 -0700] "GET /45103141015.htm HTTP/1.1" 302 283 "https://charleston.datadazzle.com/" "Mozilla/5.0 (Windows NT 10.0; Win64; x64) AppleWebKit/537.36 (KHTML, like Gecko) Chrome/135.0.0.0 Safari/537.36"
47.82.11.67 - - [05/Feb/2026:06:24:20 -0700] "GET /cgi-sys/suspendedpage.cgi HTTP/1.1" 200 7644 "https://charleston.datadazzle.com/" "Mozilla/5.0 (Windows NT 10.0; Win64; x64) AppleWebKit/537.36 (KHTML, like Gecko) Chrome/135.0.0.0 Safari/537.36"
47.82.11.60 - - [05/Feb/2026:06:27:59 -0700] "GET /21474249273.htm HTTP/1.1" 302 283 "https://charleston.datadazzle.com/" "Mozilla/5.0 (Windows NT 10.0; Win64; x64; rv:137.0) Gecko/20100101 Firefox/137.0"
47.82.11.60 - - [05/Feb/2026:06:28:00 -0700] "GET /cgi-sys/suspendedpage.cgi HTTP/1.1" 200 7644 "https://charleston.datadazzle.com/" "Mozilla/5.0 (Windows NT 10.0; Win64; x64; rv:137.0) Gecko/20100101 Firefox/137.0"
47.82.11.69 - - [05/Feb/2026:06:30:22 -0700] "GET /53906155339.htm HTTP/1.1" 302 283 "https://charleston.datadazzle.com/" "Mozilla/5.0 (Windows NT 10.0; Win64; x64; rv:137.0) Gecko/20100101 Firefox/137.0"
47.82.11.69 - - [05/Feb/2026:06:30:22 -0700] "GET /cgi-sys/suspendedpage.cgi HTTP/1.1" 200 7644 "https://charleston.datadazzle.com/" "Mozilla/5.0 (Windows NT 10.0; Win64; x64; rv:137.0) Gecko/20100101 Firefox/137.0"
47.82.11.17 - - [05/Feb/2026:06:30:33 -0700] "GET /44574164718.htm HTTP/1.1" 302 283 "https://charleston.datadazzle.com/" "Mozilla/5.0 (Windows NT 10.0; Win64; x64) AppleWebKit/537.36 (KHTML, like Gecko) Chrome/135.0.0.0 Safari/537.36 Edg/135.0.0.0"
47.82.11.17 - - [05/Feb/2026:06:30:33 -0700] "GET /cgi-sys/suspendedpage.cgi HTTP/1.1" 200 7644 "https://charleston.datadazzle.com/" "Mozilla/5.0 (Windows NT 10.0; Win64; x64) AppleWebKit/537.36 (KHTML, like Gecko) Chrome/135.0.0.0 Safari/537.36 Edg/135.0.0.0"
162.240.103.0 - - [05/Feb/2026:06:56:25 -0700] "POST /wp-cron.php?doing_wp_cron=1770299784.8820390701293945312500 HTTP/1.1" 200 - "-" "WordPress/6.8.2; https://charleston.datadazzle.com"
47.82.11.78 - - [05/Feb/2026:06:56:19 -0700] "GET /53906189648.htm HTTP/1.1" 404 147009 "https://charleston.datadazzle.com/" "Mozilla/5.0 (Windows NT 10.0; Win64; x64) AppleWebKit/537.36 (KHTML, like Gecko) Chrome/135.0.0.0 Safari/537.36"
162.240.103.0 - - [05/Feb/2026:06:56:46 -0700] "POST /wp-cron.php HTTP/1.1" 200 - "-" "WordPress/6.8.2; https://charleston.datadazzle.com"
162.240.103.0 - - [05/Feb/2026:06:56:46 -0700] "GET / HTTP/1.1" 200 16384 "-" "WordPress/6.8.2; https://charleston.datadazzle.com"
162.240.103.0 - - [05/Feb/2026:07:13:21 -0700] "POST /wp-cron.php?doing_wp_cron=1770300801.7227249145507812500000 HTTP/1.1" 200 - "-" "WordPress/6.9.1; https://charleston.datadazzle.com"
47.82.11.34 - - [05/Feb/2026:07:13:19 -0700] "GET /2147476174.htm HTTP/1.1" 404 147441 "https://charleston.datadazzle.com/" "Mozilla/5.0 (Windows NT 10.0; Win64; x64) AppleWebKit/537.36 (KHTML, like Gecko) Chrome/135.0.0.0 Safari/537.36"
162.240.103.0 - - [05/Feb/2026:07:50:26 -0700] "POST /wp-cron.php?doing_wp_cron=1770303026.7460060119628906250000 HTTP/1.1" 200 - "-" "WordPress/6.9.1; https://charleston.datadazzle.com"
47.82.11.19 - - [05/Feb/2026:07:50:24 -0700] "GET /94965245352.htm HTTP/1.1" 404 147441 "https://charleston.datadazzle.com/" "Mozilla/5.0 (Windows NT 10.0; Win64; x64) AppleWebKit/537.36 (KHTML, like Gecko) Chrome/135.0.0.0 Safari/537.36"
46.101.111.185 - - [05/Feb/2026:08:19:50 -0700] "GET / HTTP/1.1" 200 180208 "-" "Mozilla/5.0 (l9scan/2.0.03e2330313e2034323e2236313; +https://leakix.net)"
46.101.111.185 - - [05/Feb/2026:08:19:55 -0700] "GET /server HTTP/1.1" 404 8192 "-" "Mozilla/5.0 (l9scan/2.0.03e2330313e2034323e2236313; +https://leakix.net)"
162.240.103.0 - - [05/Feb/2026:08:19:59 -0700] "POST /wp-cron.php?doing_wp_cron=1770304798.8597309589385986328125 HTTP/1.1" 200 - "-" "WordPress/6.9.1; https://charleston.datadazzle.com"
46.101.111.185 - - [05/Feb/2026:08:19:58 -0700] "GET /server-status HTTP/1.1" 404 8192 "-" "Mozilla/5.0 (l9scan/2.0.03e2330313e2034323e2236313; +https://leakix.net)"
162.240.103.0 - - [05/Feb/2026:08:20:04 -0700] "POST /wp-cron.php?doing_wp_cron=1770304804.6034669876098632812500 HTTP/1.1" 200 - "-" "WordPress/6.9.1; https://charleston.datadazzle.com"
46.101.111.185 - - [05/Feb/2026:08:20:01 -0700] "GET /about HTTP/1.1" 404 8192 "-" "Mozilla/5.0 (l9scan/2.0.03e2330313e2034323e2236313; +https://leakix.net)"
46.101.111.185 - - [05/Feb/2026:08:20:04 -0700] "GET /login.action HTTP/1.1" 404 8192 "-" "Mozilla/5.0 (l9scan/2.0.03e2330313e2034323e2236313; +https://leakix.net)"
46.101.111.185 - - [05/Feb/2026:08:20:07 -0700] "GET /v2/_catalog HTTP/1.1" 404 8192 "-" "Mozilla/5.0 (l9scan/2.0.03e2330313e2034323e2236313; +https://leakix.net)"
46.101.111.185 - - [05/Feb/2026:08:20:17 -0700] "GET /ecp/Current/exporttool/microsoft.exchange.ediscovery.exporttool.application HTTP/1.1" 404 8192 "-" "Mozilla/5.0 (l9scan/2.0.03e2330313e2034323e2236313; +https://leakix.net)"
46.101.111.185 - - [05/Feb/2026:08:20:21 -0700] "GET /.git/config HTTP/1.1" 404 8192 "-" "Mozilla/5.0 (l9scan/2.0.03e2330313e2034323e2236313; +https://leakix.net)"
46.101.111.185 - - [05/Feb/2026:08:20:24 -0700] "POST /graphql HTTP/1.1" 404 8192 "-" "Mozilla/5.0 (l9scan/2.0.03e2330313e2034323e2236313; +https://leakix.net)"
46.101.111.185 - - [05/Feb/2026:08:20:27 -0700] "POST /api HTTP/1.1" 404 147441 "-" "Mozilla/5.0 (l9scan/2.0.03e2330313e2034323e2236313; +https://leakix.net)"
46.101.111.185 - - [05/Feb/2026:08:20:30 -0700] "POST /api/graphql HTTP/1.1" 404 8192 "-" "Mozilla/5.0 (l9scan/2.0.03e2330313e2034323e2236313; +https://leakix.net)"
46.101.111.185 - - [05/Feb/2026:08:20:32 -0700] "POST /graphql/api HTTP/1.1" 404 8192 "-" "Mozilla/5.0 (l9scan/2.0.03e2330313e2034323e2236313; +https://leakix.net)"
46.101.111.185 - - [05/Feb/2026:08:20:35 -0700] "POST /api/gql HTTP/1.1" 404 8192 "-" "Mozilla/5.0 (l9scan/2.0.03e2330313e2034323e2236313; +https://leakix.net)"
46.101.111.185 - - [05/Feb/2026:08:20:38 -0700] "GET /s/03e2330313e2034323e2236313/_/;/META-INF/maven/com.atlassian.jira/jira-webapp-dist/pom.properties HTTP/1.1" 404 8192 "-" "Mozilla/5.0 (l9scan/2.0.03e2330313e2034323e2236313; +https://leakix.net)"
46.101.111.185 - - [05/Feb/2026:08:20:41 -0700] "GET /config.json HTTP/1.1" 404 8192 "-" "Mozilla/5.0 (l9scan/2.0.03e2330313e2034323e2236313; +https://leakix.net)"
46.101.111.185 - - [05/Feb/2026:08:20:44 -0700] "GET /telescope/requests HTTP/1.1" 404 8192 "-" "Mozilla/5.0 (l9scan/2.0.03e2330313e2034323e2236313; +https://leakix.net)"
46.101.111.185 - - [05/Feb/2026:08:20:47 -0700] "GET /info.php HTTP/1.1" 404 8192 "-" "Mozilla/5.0 (l9scan/2.0.03e2330313e2034323e2236313; +https://leakix.net)"
46.101.111.185 - - [05/Feb/2026:08:20:50 -0700] "GET /.well-known/security.txt HTTP/1.1" 404 8192 "-" "Mozilla/5.0 (l9scan/2.0.03e2330313e2034323e2236313; +https://leakix.net)"
46.101.111.185 - - [05/Feb/2026:08:20:53 -0700] "GET /actuator/env HTTP/1.1" 404 8192 "-" "Mozilla/5.0 (l9scan/2.0.03e2330313e2034323e2236313; +https://leakix.net)"
46.101.111.185 - - [05/Feb/2026:08:20:57 -0700] "GET /swagger-ui.html HTTP/1.1" 404 8192 "-" "Mozilla/5.0 (l9scan/2.0.03e2330313e2034323e2236313; +https://leakix.net)"
46.101.111.185 - - [05/Feb/2026:08:21:00 -0700] "GET /swagger/index.html HTTP/1.1" 404 8192 "-" "Mozilla/5.0 (l9scan/2.0.03e2330313e2034323e2236313; +https://leakix.net)"
46.101.111.185 - - [05/Feb/2026:08:21:03 -0700] "GET /swagger/swagger-ui.html HTTP/1.1" 404 8192 "-" "Mozilla/5.0 (l9scan/2.0.03e2330313e2034323e2236313; +https://leakix.net)"
46.101.111.185 - - [05/Feb/2026:08:21:06 -0700] "GET /webjars/swagger-ui/index.html HTTP/1.1" 404 8192 "-" "Mozilla/5.0 (l9scan/2.0.03e2330313e2034323e2236313; +https://leakix.net)"
46.101.111.185 - - [05/Feb/2026:08:21:10 -0700] "GET /swagger.json HTTP/1.1" 404 8192 "-" "Mozilla/5.0 (l9scan/2.0.03e2330313e2034323e2236313; +https://leakix.net)"
46.101.111.185 - - [05/Feb/2026:08:21:12 -0700] "GET /swagger/v1/swagger.json HTTP/1.1" 404 8192 "-" "Mozilla/5.0 (l9scan/2.0.03e2330313e2034323e2236313; +https://leakix.net)"
46.101.111.185 - - [05/Feb/2026:08:21:15 -0700] "GET /v2/api-docs HTTP/1.1" 404 8192 "-" "Mozilla/5.0 (l9scan/2.0.03e2330313e2034323e2236313; +https://leakix.net)"
46.101.111.185 - - [05/Feb/2026:08:21:18 -0700] "GET /v3/api-docs HTTP/1.1" 404 8192 "-" "Mozilla/5.0 (l9scan/2.0.03e2330313e2034323e2236313; +https://leakix.net)"
46.101.111.185 - - [05/Feb/2026:08:21:21 -0700] "GET /api-docs/swagger.json HTTP/1.1" 404 8192 "-" "Mozilla/5.0 (l9scan/2.0.03e2330313e2034323e2236313; +https://leakix.net)"
46.101.111.185 - - [05/Feb/2026:08:21:24 -0700] "GET /api/swagger.json HTTP/1.1" 404 8192 "-" "Mozilla/5.0 (l9scan/2.0.03e2330313e2034323e2236313; +https://leakix.net)"
46.101.111.185 - - [05/Feb/2026:08:21:26 -0700] "GET /@vite/env HTTP/1.1" 404 8192 "-" "Mozilla/5.0 (l9scan/2.0.03e2330313e2034323e2236313; +https://leakix.net)"
46.101.111.185 - - [05/Feb/2026:08:21:29 -0700] "GET /.vscode/sftp.json HTTP/1.1" 404 8192 "-" "Mozilla/5.0 (l9scan/2.0.03e2330313e2034323e2236313; +https://leakix.net)"
152.77.98.132 - - [05/Feb/2026:08:21:28 -0700] "GET / HTTP/1.1" 200 147440 "-" "Mozilla/5.0 (Windows NT 10.0; Win64; x64) AppleWebKit/537.36 (KHTML, like Gecko) Chrome/131.0.0.0 Safari/537.36"
152.77.98.132 - - [05/Feb/2026:08:21:38 -0700] "GET /login HTTP/1.1" 302 - "-" "Mozilla/5.0 (Windows NT 10.0; Win64; x64) AppleWebKit/537.36 (KHTML, like Gecko) Chrome/131.0.0.0 Safari/537.36"
46.101.111.185 - - [05/Feb/2026:08:21:35 -0700] "GET /?rest_route=/wp/v2/users/ HTTP/1.1" 200 874 "-" "Mozilla/5.0 (l9scan/2.0.03e2330313e2034323e2236313; +https://leakix.net)"
152.77.98.132 - - [05/Feb/2026:08:21:33 -0700] "POST /_internal/api/setup.php?action=exists HTTP/1.1" 404 147441 "-" "Mozilla/5.0 (Windows NT 10.0; Win64; x64) AppleWebKit/537.36 (KHTML, like Gecko) Chrome/131.0.0.0 Safari/537.36"
103.4.250.38 - - [05/Feb/2026:08:21:33 -0700] "GET / HTTP/1.1" 200 267102 "-" "Mozilla/5.0 (X11; Linux x86_64) AppleWebKit/537.36 (KHTML, like Gecko) Chrome/117.0.0.0 Safari/537.36"
46.101.111.185 - - [05/Feb/2026:08:21:32 -0700] "OPTIONS / HTTP/1.1" 200 8192 "-" "Mozilla/5.0 (l9scan/2.0.03e2330313e2034323e2236313; +https://leakix.net)"
46.101.111.185 - - [05/Feb/2026:08:21:38 -0700] "GET /debug/default/view?panel=config HTTP/1.1" 404 8192 "-" "Mozilla/5.0 (l9scan/2.0.03e2330313e2034323e2236313; +https://leakix.net)"
104.164.126.74 - - [05/Feb/2026:08:21:49 -0700] "GET / HTTP/1.1" 200 267102 "-" "Mozilla/5.0 (X11; Linux x86_64) AppleWebKit/537.36 (KHTML, like Gecko) Chrome/117.0.0.0 Safari/537.36"
103.4.250.38 - - [05/Feb/2026:08:22:11 -0700] "GET / HTTP/1.1" 200 267102 "-" "Mozilla/5.0 (X11; Linux x86_64) AppleWebKit/537.36 (KHTML, like Gecko) Chrome/116.0.0.0 Safari/537.36"
103.4.250.38 - - [05/Feb/2026:08:22:28 -0700] "GET /wp-includes/js/jquery/jquery.min.js?ver=3.7.1 HTTP/1.1" 200 87553 "-" "Mozilla/5.0 (X11; Linux x86_64) AppleWebKit/537.36 (KHTML, like Gecko) Chrome/116.0.0.0 Safari/537.36"
103.4.250.38 - - [05/Feb/2026:08:22:28 -0700] "GET /wp-includes/js/dist/hooks.min.js?ver=dd5603f07f9220ed27f1 HTTP/1.1" 200 5661 "-" "Mozilla/5.0 (X11; Linux x86_64) AppleWebKit/537.36 (KHTML, like Gecko) Chrome/116.0.0.0 Safari/537.36"
103.4.250.38 - - [05/Feb/2026:08:22:28 -0700] "GET /wp-includes/js/wp-emoji-release.min.js?ver=6.9.1 HTTP/1.1" 200 22762 "-" "Mozilla/5.0 (X11; Linux x86_64) AppleWebKit/537.36 (KHTML, like Gecko) Chrome/116.0.0.0 Safari/537.36"
103.4.250.38 - - [05/Feb/2026:08:22:28 -0700] "GET /wp-content/plugins/generate-pdf-using-contact-form-7/assets/js/cf7-pdf-generation-public-min.js?ver=1.2 HTTP/1.1" 200 715 "-" "Mozilla/5.0 (X11; Linux x86_64) AppleWebKit/537.36 (KHTML, like Gecko) Chrome/116.0.0.0 Safari/537.36"
103.4.250.38 - - [05/Feb/2026:08:22:28 -0700] "GET /wp-includes/js/jquery/jquery-migrate.min.js?ver=3.4.1 HTTP/1.1" 200 13577 "-" "Mozilla/5.0 (X11; Linux x86_64) AppleWebKit/537.36 (KHTML, like Gecko) Chrome/116.0.0.0 Safari/537.36"
103.4.250.38 - - [05/Feb/2026:08:22:26 -0700] "GET /https%3A/charleston.datadazzle.com/feed/ HTTP/1.1" 200 716 "-" "Mozilla/5.0 (X11; Linux x86_64) AppleWebKit/537.36 (KHTML, like Gecko) Chrome/116.0.0.0 Safari/537.36"
103.4.250.38 - - [05/Feb/2026:08:22:26 -0700] "GET /https%3A/charleston.datadazzle.com/wp-json/oembed/1.0/embed%3Furl%3Dhttps%3A/charleston.datadazzle.com/%26format%3Dxml HTTP/1.1" 404 147441 "-" "Mozilla/5.0 (X11; Linux x86_64) AppleWebKit/537.36 (KHTML, like Gecko) Chrome/116.0.0.0 Safari/537.36"
103.4.250.38 - - [05/Feb/2026:08:22:26 -0700] "GET /https%3A/gmpg.org/xfn/11 HTTP/1.1" 404 147441 "-" "Mozilla/5.0 (X11; Linux x86_64) AppleWebKit/537.36 (KHTML, like Gecko) Chrome/116.0.0.0 Safari/537.36"
103.4.250.38 - - [05/Feb/2026:08:22:26 -0700] "GET /https%3A/charleston.datadazzle.com/wp-json/oembed/1.0/embed%3Furl%3Dhttps%3A/charleston.datadazzle.com/ HTTP/1.1" 404 147441 "-" "Mozilla/5.0 (X11; Linux x86_64) AppleWebKit/537.36 (KHTML, like Gecko) Chrome/116.0.0.0 Safari/537.36"
103.4.250.38 - - [05/Feb/2026:08:22:26 -0700] "GET /https%3A/charleston.datadazzle.com/wp-content/plugins/header-footer-elementor/inc/widgets-css/frontend.css%3Fver%3D2.2.0 HTTP/1.1" 404 147441 "-" "Mozilla/5.0 (X11; Linux x86_64) AppleWebKit/537.36 (KHTML, like Gecko) Chrome/116.0.0.0 Safari/537.36"
103.4.250.38 - - [05/Feb/2026:08:22:26 -0700] "GET /https%3A/charleston.datadazzle.com/comments/feed/ HTTP/1.1" 404 147441 "-" "Mozilla/5.0 (X11; Linux x86_64) AppleWebKit/537.36 (KHTML, like Gecko) Chrome/116.0.0.0 Safari/537.36"
103.4.250.38 - - [05/Feb/2026:08:22:27 -0700] "GET /https%3A/charleston.datadazzle.com/wp-content/plugins/contact-form-7/includes/css/styles.css%3Fver%3D6.1.1 HTTP/1.1" 404 147441 "-" "Mozilla/5.0 (X11; Linux x86_64) AppleWebKit/537.36 (KHTML, like Gecko) Chrome/116.0.0.0 Safari/537.36"
103.4.250.38 - - [05/Feb/2026:08:22:26 -0700] "GET /https%3A/charleston.datadazzle.com/xmlrpc.php HTTP/1.1" 404 147441 "-" "Mozilla/5.0 (X11; Linux x86_64) AppleWebKit/537.36 (KHTML, like Gecko) Chrome/116.0.0.0 Safari/537.36"
103.4.250.38 - - [05/Feb/2026:08:22:27 -0700] "GET /https%3A/charleston.datadazzle.com/wp-content/plugins/elementor/assets/css/widget-spacer.min.css%3Fver%3D3.27.3 HTTP/1.1" 404 147441 "-" "Mozilla/5.0 (X11; Linux x86_64) AppleWebKit/537.36 (KHTML, like Gecko) Chrome/116.0.0.0 Safari/537.36"
103.4.250.38 - - [05/Feb/2026:08:22:27 -0700] "GET /https%3A/charleston.datadazzle.com/wp-content/plugins/elementor/assets/css/widget-text-editor.min.css%3Fver%3D3.27.3 HTTP/1.1" 404 147441 "-" "Mozilla/5.0 (X11; Linux x86_64) AppleWebKit/537.36 (KHTML, like Gecko) Chrome/116.0.0.0 Safari/537.36"
103.4.250.38 - - [05/Feb/2026:08:22:27 -0700] "GET /https%3A/charleston.datadazzle.com/wp-content/uploads/elementor/css/custom-frontend.min.css%3Fver%3D1770299807 HTTP/1.1" 404 147441 "-" "Mozilla/5.0 (X11; Linux x86_64) AppleWebKit/537.36 (KHTML, like Gecko) Chrome/116.0.0.0 Safari/537.36"
103.4.250.38 - - [05/Feb/2026:08:22:27 -0700] "GET /https%3A/charleston.datadazzle.com/wp-content/plugins/elementor/assets/css/widget-image.min.css%3Fver%3D3.27.3 HTTP/1.1" 404 147441 "-" "Mozilla/5.0 (X11; Linux x86_64) AppleWebKit/537.36 (KHTML, like Gecko) Chrome/116.0.0.0 Safari/537.36"
103.4.250.38 - - [05/Feb/2026:08:22:27 -0700] "GET /https%3A/charleston.datadazzle.com/wp-content/plugins/generate-pdf-using-contact-form-7/assets/css/cf7-pdf-generation-public-min.css%3Fver%3D1.2 HTTP/1.1" 404 147441 "-" "Mozilla/5.0 (X11; Linux x86_64) AppleWebKit/537.36 (KHTML, like Gecko) Chrome/116.0.0.0 Safari/537.36"
103.4.250.38 - - [05/Feb/2026:08:22:27 -0700] "GET /https%3A/charleston.datadazzle.com/wp-content/plugins/elementor/assets/css/widget-heading.min.css%3Fver%3D3.27.3 HTTP/1.1" 404 147441 "-" "Mozilla/5.0 (X11; Linux x86_64) AppleWebKit/537.36 (KHTML, like Gecko) Chrome/116.0.0.0 Safari/537.36"
103.4.250.38 - - [05/Feb/2026:08:22:27 -0700] "GET /https%3A/charleston.datadazzle.com/wp-content/plugins/header-footer-elementor/assets/css/header-footer-elementor.css%3Fver%3D2.2.0 HTTP/1.1" 404 147441 "-" "Mozilla/5.0 (X11; Linux x86_64) AppleWebKit/537.36 (KHTML, like Gecko) Chrome/116.0.0.0 Safari/537.36"
103.4.250.38 - - [05/Feb/2026:08:22:27 -0700] "GET /https%3A/charleston.datadazzle.com/wp-content/uploads/elementor/css/post-6.css%3Fver%3D1770299807 HTTP/1.1" 404 147441 "-" "Mozilla/5.0 (X11; Linux x86_64) AppleWebKit/537.36 (KHTML, like Gecko) Chrome/116.0.0.0 Safari/537.36"
103.4.250.38 - - [05/Feb/2026:08:22:27 -0700] "GET /https%3A/charleston.datadazzle.com/wp-content/plugins/elementor/assets/lib/swiper/v8/css/swiper.min.css%3Fver%3D8.4.5 HTTP/1.1" 404 147441 "-" "Mozilla/5.0 (X11; Linux x86_64) AppleWebKit/537.36 (KHTML, like Gecko) Chrome/116.0.0.0 Safari/537.36"
103.4.250.38 - - [05/Feb/2026:08:22:27 -0700] "GET /https%3A/charleston.datadazzle.com/wp-content/plugins/elementor/assets/css/widget-image-carousel.min.css%3Fver%3D3.27.3 HTTP/1.1" 404 147441 "-" "Mozilla/5.0 (X11; Linux x86_64) AppleWebKit/537.36 (KHTML, like Gecko) Chrome/116.0.0.0 Safari/537.36"
103.4.250.38 - - [05/Feb/2026:08:22:27 -0700] "GET /https%3A/charleston.datadazzle.com/wp-content/plugins/elementor/assets/css/conditionals/e-swiper.min.css%3Fver%3D3.27.3 HTTP/1.1" 404 147441 "-" "Mozilla/5.0 (X11; Linux x86_64) AppleWebKit/537.36 (KHTML, like Gecko) Chrome/116.0.0.0 Safari/537.36"
103.4.250.38 - - [05/Feb/2026:08:22:27 -0700] "GET /https%3A/charleston.datadazzle.com/wp-content/themes/hello-elementor/style.min.css%3Fver%3D3.3.0 HTTP/1.1" 404 147441 "-" "Mozilla/5.0 (X11; Linux x86_64) AppleWebKit/537.36 (KHTML, like Gecko) Chrome/116.0.0.0 Safari/537.36"
103.4.250.38 - - [05/Feb/2026:08:22:27 -0700] "GET /https%3A/charleston.datadazzle.com/wp-content/uploads/elementor/css/post-363.css%3Fver%3D1770299813 HTTP/1.1" 404 147441 "-" "Mozilla/5.0 (X11; Linux x86_64) AppleWebKit/537.36 (KHTML, like Gecko) Chrome/116.0.0.0 Safari/537.36"
103.4.250.38 - - [05/Feb/2026:08:22:27 -0700] "GET /https%3A/charleston.datadazzle.com/wp-content/uploads/elementor/css/post-357.css%3Fver%3D1770299812 HTTP/1.1" 404 147441 "-" "Mozilla/5.0 (X11; Linux x86_64) AppleWebKit/537.36 (KHTML, like Gecko) Chrome/116.0.0.0 Safari/537.36"
103.4.250.38 - - [05/Feb/2026:08:22:27 -0700] "GET /https%3A/charleston.datadazzle.com/wp-content/uploads/elementor/css/post-830.css%3Fver%3D1770299811 HTTP/1.1" 404 147441 "-" "Mozilla/5.0 (X11; Linux x86_64) AppleWebKit/537.36 (KHTML, like Gecko) Chrome/116.0.0.0 Safari/537.36"
103.4.250.38 - - [05/Feb/2026:08:22:27 -0700] "GET /https%3A/charleston.datadazzle.com/wp-content/themes/hello-elementor/theme.min.css%3Fver%3D3.3.0 HTTP/1.1" 404 147441 "-" "Mozilla/5.0 (X11; Linux x86_64) AppleWebKit/537.36 (KHTML, like Gecko) Chrome/116.0.0.0 Safari/537.36"
103.4.250.38 - - [05/Feb/2026:08:22:27 -0700] "GET /https%3A/charleston.datadazzle.com/wp-content/plugins/cf7-conditional-fields/style.css%3Fver%3D2.6.3 HTTP/1.1" 404 147441 "-" "Mozilla/5.0 (X11; Linux x86_64) AppleWebKit/537.36 (KHTML, like Gecko) Chrome/116.0.0.0 Safari/537.36"
103.4.250.38 - - [05/Feb/2026:08:22:27 -0700] "GET /https%3A/charleston.datadazzle.com/wp-content/plugins/elementor-pro/assets/css/conditionals/popup.min.css%3Fver%3D3.27.3 HTTP/1.1" 404 147441 "-" "Mozilla/5.0 (X11; Linux x86_64) AppleWebKit/537.36 (KHTML, like Gecko) Chrome/116.0.0.0 Safari/537.36"
103.4.250.38 - - [05/Feb/2026:08:22:27 -0700] "GET /https%3A/charleston.datadazzle.com/wp-content/plugins/elementor/assets/css/widget-icon-list.min.css%3Fver%3D3.24.3 HTTP/1.1" 404 147441 "-" "Mozilla/5.0 (X11; Linux x86_64) AppleWebKit/537.36 (KHTML, like Gecko) Chrome/116.0.0.0 Safari/537.36"
103.4.250.38 - - [05/Feb/2026:08:22:27 -0700] "GET /https%3A/charleston.datadazzle.com/wp-content/uploads/elementor/css/custom-pro-widget-nav-menu.min.css%3Fver%3D1770299807 HTTP/1.1" 404 147441 "-" "Mozilla/5.0 (X11; Linux x86_64) AppleWebKit/537.36 (KHTML, like Gecko) Chrome/116.0.0.0 Safari/537.36"
103.4.250.38 - - [05/Feb/2026:08:22:27 -0700] "GET /https%3A/charleston.datadazzle.com/wp-content/uploads/elementor/css/post-1002.css%3Fver%3D1770299814 HTTP/1.1" 404 147441 "-" "Mozilla/5.0 (X11; Linux x86_64) AppleWebKit/537.36 (KHTML, like Gecko) Chrome/116.0.0.0 Safari/537.36"
103.4.250.38 - - [05/Feb/2026:08:22:27 -0700] "GET /https%3A/charleston.datadazzle.com/wp-content/plugins/elementor/assets/css/widget-social-icons.min.css%3Fver%3D3.24.0 HTTP/1.1" 404 147441 "-" "Mozilla/5.0 (X11; Linux x86_64) AppleWebKit/537.36 (KHTML, like Gecko) Chrome/116.0.0.0 Safari/537.36"
103.4.250.38 - - [05/Feb/2026:08:22:27 -0700] "GET /https%3A/charleston.datadazzle.com/wp-content/plugins/elementor/assets/lib/eicons/css/elementor-icons.min.css%3Fver%3D5.34.0 HTTP/1.1" 404 147441 "-" "Mozilla/5.0 (X11; Linux x86_64) AppleWebKit/537.36 (KHTML, like Gecko) Chrome/116.0.0.0 Safari/537.36"
103.4.250.38 - - [05/Feb/2026:08:22:27 -0700] "GET /https%3A/charleston.datadazzle.com/wp-content/plugins/elementor/assets/lib/font-awesome/css/brands.css%3Fver%3D5.15.3 HTTP/1.1" 404 147441 "-" "Mozilla/5.0 (X11; Linux x86_64) AppleWebKit/537.36 (KHTML, like Gecko) Chrome/116.0.0.0 Safari/537.36"
103.4.250.38 - - [05/Feb/2026:08:22:27 -0700] "GET /https%3A/charleston.datadazzle.com/wp-content/plugins/elementor/assets/lib/font-awesome/css/fontawesome.css%3Fver%3D5.15.3 HTTP/1.1" 404 147441 "-" "Mozilla/5.0 (X11; Linux x86_64) AppleWebKit/537.36 (KHTML, like Gecko) Chrome/116.0.0.0 Safari/537.36"
103.4.250.38 - - [05/Feb/2026:08:22:28 -0700] "GET /https%3A/charleston.datadazzle.com/xmlrpc.php%3Frsd HTTP/1.1" 404 147441 "-" "Mozilla/5.0 (X11; Linux x86_64) AppleWebKit/537.36 (KHTML, like Gecko) Chrome/116.0.0.0 Safari/537.36"
103.4.250.38 - - [05/Feb/2026:08:22:27 -0700] "GET /https%3A/charleston.datadazzle.com/wp-content/plugins/elementor-pro/assets/css/widget-blockquote.min.css%3Fver%3D3.25.0 HTTP/1.1" 404 147441 "-" "Mozilla/5.0 (X11; Linux x86_64) AppleWebKit/537.36 (KHTML, like Gecko) Chrome/116.0.0.0 Safari/537.36"
103.4.250.38 - - [05/Feb/2026:08:22:28 -0700] "GET /https%3A/charleston.datadazzle.com/wp-content/themes/hello-theme-child-master/style.css%3Fver%3D1757597122 HTTP/1.1" 404 147441 "-" "Mozilla/5.0 (X11; Linux x86_64) AppleWebKit/537.36 (KHTML, like Gecko) Chrome/116.0.0.0 Safari/537.36"
103.4.250.38 - - [05/Feb/2026:08:22:27 -0700] "GET /https%3A/charleston.datadazzle.com/wp-content/plugins/elementor/assets/lib/font-awesome/css/solid.css%3Fver%3D5.15.3 HTTP/1.1" 404 147441 "-" "Mozilla/5.0 (X11; Linux x86_64) AppleWebKit/537.36 (KHTML, like Gecko) Chrome/116.0.0.0 Safari/537.36"
103.4.250.38 - - [05/Feb/2026:08:22:28 -0700] "GET /https%3A/fonts.googleapis.com/css%3Ffamily%3DRoboto%2BCondensed%3A100%2C100italic%2C200%2C200italic%2C300%2C300italic%2C400%2C400italic%2C500%2C500italic%2C600%2C600italic%2C700%2C700italic%2C800%2C800italic%2C900%2C900italic%7CRoboto%2BSlab%3A100%2C100italic%2C200%2C200italic%2C300%2C300italic%2C400%2C400italic%2C500%2C500italic%2C600%2C600italic%2C700%2C700italic%2C800%2C800italic%2C900%2C900italic%7CRoboto%3A100%2C100italic%2C200%2C200italic%2C300%2C300italic%2C400%2C400italic%2C500%2C500italic%2C600%2C600italic%2C700%2C700italic%2C800%2C800italic%2C900%2C900italic%7COpen%2BSans%3A100%2C100italic%2C200%2C200italic%2C300%2C300italic%2C400%2C400italic%2C500%2C500italic%2C600%2C600italic%2C700%2C700italic%2C800%2C800italic%2C900%2C900italic%26display%3Dswap%26ver%3D6.9.1 HTTP/1.1" 404 147441 "-" "Mozilla/5.0 (X11; Linux x86_64) AppleWebKit/537.36 (KHTML, like Gecko) Chrome/116.0.0.0 Safari/537.36"
103.4.250.38 - - [05/Feb/2026:08:22:28 -0700] "GET /https%3A/charleston.datadazzle.com/wp-content/plugins/elementor-pro/assets/css/widget-nav-menu.min.css%3Fver%3D3.26.0 HTTP/1.1" 404 147441 "-" "Mozilla/5.0 (X11; Linux x86_64) AppleWebKit/537.36 (KHTML, like Gecko) Chrome/116.0.0.0 Safari/537.36"
103.4.250.38 - - [05/Feb/2026:08:22:28 -0700] "GET /https%3A/charleston.datadazzle.com/wp-content/plugins/elementor-pro/assets/css/widget-mega-menu.min.css%3Fver%3D3.26.2 HTTP/1.1" 404 147441 "-" "Mozilla/5.0 (X11; Linux x86_64) AppleWebKit/537.36 (KHTML, like Gecko) Chrome/116.0.0.0 Safari/537.36"
103.4.250.38 - - [05/Feb/2026:08:22:28 -0700] "GET /https%3A/charleston.datadazzle.com/ HTTP/1.1" 404 147441 "-" "Mozilla/5.0 (X11; Linux x86_64) AppleWebKit/537.36 (KHTML, like Gecko) Chrome/116.0.0.0 Safari/537.36"
103.4.250.38 - - [05/Feb/2026:08:22:28 -0700] "GET /https%3A/charleston.datadazzle.com/wp-json/ HTTP/1.1" 404 147441 "-" "Mozilla/5.0 (X11; Linux x86_64) AppleWebKit/537.36 (KHTML, like Gecko) Chrome/116.0.0.0 Safari/537.36"
162.240.103.0 - - [05/Feb/2026:08:23:06 -0700] "POST /wp-cron.php?doing_wp_cron=1770304986.5448369979858398437500 HTTP/1.1" 200 - "-" "WordPress/6.9.1; https://charleston.datadazzle.com"
103.4.250.38 - - [05/Feb/2026:08:22:28 -0700] "GET /https%3A/charleston.datadazzle.com/wp-content/plugins/elementor-pro/assets/css/widget-loop-common.min.css%3Fver%3D3.27.3 HTTP/1.1" 404 147441 "-" "Mozilla/5.0 (X11; Linux x86_64) AppleWebKit/537.36 (KHTML, like Gecko) Chrome/116.0.0.0 Safari/537.36"
162.240.103.0 - - [05/Feb/2026:08:23:06 -0700] "POST /wp-cron.php?doing_wp_cron=1770304986.5808470249176025390625 HTTP/1.1" 200 - "-" "WordPress/6.9.1; https://charleston.datadazzle.com"
103.4.250.38 - - [05/Feb/2026:08:22:28 -0700] "GET /https%3A/fonts.gstatic.com/ HTTP/1.1" 404 147441 "-" "Mozilla/5.0 (X11; Linux x86_64) AppleWebKit/537.36 (KHTML, like Gecko) Chrome/116.0.0.0 Safari/537.36"
103.4.250.38 - - [05/Feb/2026:08:22:28 -0700] "GET /https%3A/charleston.datadazzle.com/wp-json/wp/v2/pages/830 HTTP/1.1" 404 147441 "-" "Mozilla/5.0 (X11; Linux x86_64) AppleWebKit/537.36 (KHTML, like Gecko) Chrome/116.0.0.0 Safari/537.36"
162.240.103.0 - - [05/Feb/2026:08:23:07 -0700] "POST /wp-cron.php?doing_wp_cron=1770304986.9074749946594238281250 HTTP/1.1" 200 - "-" "WordPress/6.9.1; https://charleston.datadazzle.com"
162.240.103.0 - - [05/Feb/2026:08:23:07 -0700] "POST /wp-cron.php?doing_wp_cron=1770304987.1235098838806152343750 HTTP/1.1" 200 - "-" "WordPress/6.9.1; https://charleston.datadazzle.com"
103.4.250.38 - - [05/Feb/2026:08:22:28 -0700] "GET /https%3A/charleston.datadazzle.com/wp-content/uploads/elementor/css/custom-widget-image-box.min.css%3Fver%3D1770299807 HTTP/1.1" 404 147441 "-" "Mozilla/5.0 (X11; Linux x86_64) AppleWebKit/537.36 (KHTML, like Gecko) Chrome/116.0.0.0 Safari/537.36"
162.240.103.0 - - [05/Feb/2026:08:23:07 -0700] "POST /wp-cron.php?doing_wp_cron=1770304987.1226689815521240234375 HTTP/1.1" 200 - "-" "WordPress/6.9.1; https://charleston.datadazzle.com"
103.4.250.38 - - [05/Feb/2026:08:22:28 -0700] "GET /https%3A/charleston.datadazzle.com/wp-content/uploads/elementor/css/custom-widget-icon-list.min.css%3Fver%3D1770299807 HTTP/1.1" 404 147441 "-" "Mozilla/5.0 (X11; Linux x86_64) AppleWebKit/537.36 (KHTML, like Gecko) Chrome/116.0.0.0 Safari/537.36"
162.240.103.0 - - [05/Feb/2026:08:23:07 -0700] "POST /wp-cron.php?doing_wp_cron=1770304987.3020811080932617187500 HTTP/1.1" 200 - "-" "WordPress/6.9.1; https://charleston.datadazzle.com"
103.4.250.38 - - [05/Feb/2026:08:22:28 -0700] "GET /https%3A/charleston.datadazzle.com/wp-content/plugins/elementor-pro/assets/css/widget-loop-carousel.min.css%3Fver%3D3.27.3 HTTP/1.1" 404 147441 "-" "Mozilla/5.0 (X11; Linux x86_64) AppleWebKit/537.36 (KHTML, like Gecko) Chrome/116.0.0.0 Safari/537.36"
162.240.103.0 - - [05/Feb/2026:08:23:07 -0700] "POST /wp-cron.php?doing_wp_cron=1770304987.3644640445709228515625 HTTP/1.1" 200 - "-" "WordPress/6.9.1; https://charleston.datadazzle.com"
103.4.250.38 - - [05/Feb/2026:08:22:28 -0700] "GET /%23 HTTP/1.1" 404 147441 "-" "Mozilla/5.0 (X11; Linux x86_64) AppleWebKit/537.36 (KHTML, like Gecko) Chrome/116.0.0.0 Safari/537.36"
103.4.250.38 - - [05/Feb/2026:08:22:28 -0700] "GET /wp-admin/admin-ajax.php HTTP/1.1" 400 1 "-" "Mozilla/5.0 (X11; Linux x86_64) AppleWebKit/537.36 (KHTML, like Gecko) Chrome/116.0.0.0 Safari/537.36"
162.240.103.0 - - [05/Feb/2026:08:23:09 -0700] "POST /wp-cron.php?doing_wp_cron=1770304989.3095369338989257812500 HTTP/1.1" 200 - "-" "WordPress/6.9.1; https://charleston.datadazzle.com"
162.240.103.0 - - [05/Feb/2026:08:23:09 -0700] "POST /wp-cron.php?doing_wp_cron=1770304989.5271599292755126953125 HTTP/1.1" 200 - "-" "WordPress/6.9.1; https://charleston.datadazzle.com"
162.240.103.0 - - [05/Feb/2026:08:23:09 -0700] "POST /wp-cron.php?doing_wp_cron=1770304989.5637829303741455078125 HTTP/1.1" 200 - "-" "WordPress/6.9.1; https://charleston.datadazzle.com"
162.240.103.0 - - [05/Feb/2026:08:23:09 -0700] "POST /wp-cron.php?doing_wp_cron=1770304989.7102739810943603515625 HTTP/1.1" 200 - "-" "WordPress/6.9.1; https://charleston.datadazzle.com"
162.240.103.0 - - [05/Feb/2026:08:23:09 -0700] "POST /wp-cron.php?doing_wp_cron=1770304989.7324609756469726562500 HTTP/1.1" 200 - "-" "WordPress/6.9.1; https://charleston.datadazzle.com"
162.240.103.0 - - [05/Feb/2026:08:23:09 -0700] "POST /wp-cron.php?doing_wp_cron=1770304989.7626550197601318359375 HTTP/1.1" 200 - "-" "WordPress/6.9.1; https://charleston.datadazzle.com"
162.240.103.0 - - [05/Feb/2026:08:23:09 -0700] "POST /wp-cron.php?doing_wp_cron=1770304989.8280971050262451171875 HTTP/1.1" 200 - "-" "WordPress/6.9.1; https://charleston.datadazzle.com"
162.240.103.0 - - [05/Feb/2026:08:23:10 -0700] "POST /wp-cron.php?doing_wp_cron=1770304990.9015901088714599609375 HTTP/1.1" 200 - "-" "WordPress/6.9.1; https://charleston.datadazzle.com"
162.240.103.0 - - [05/Feb/2026:08:23:14 -0700] "POST /wp-cron.php?doing_wp_cron=1770304994.0488770008087158203125 HTTP/1.1" 200 - "-" "WordPress/6.9.1; https://charleston.datadazzle.com"
103.4.250.38 - - [05/Feb/2026:08:22:28 -0700] "GET /https%3A/charleston.datadazzle.com/electrical-switches-that-you-can-add-to-your-home/ HTTP/1.1" 404 147441 "-" "Mozilla/5.0 (X11; Linux x86_64) AppleWebKit/537.36 (KHTML, like Gecko) Chrome/116.0.0.0 Safari/537.36"
103.4.250.38 - - [05/Feb/2026:08:22:28 -0700] "GET /tel%3A843-418-0696 HTTP/1.1" 404 147441 "-" "Mozilla/5.0 (X11; Linux x86_64) AppleWebKit/537.36 (KHTML, like Gecko) Chrome/116.0.0.0 Safari/537.36"
103.4.250.38 - - [05/Feb/2026:08:22:28 -0700] "GET /%23elementor-action%3Aaction%3Dpopup%3Aopen%26settings%3DeyJpZCI6IjEwMDIiLCJ0b2dnbGUiOmZhbHNlfQ%3D%3D HTTP/1.1" 404 147441 "-" "Mozilla/5.0 (X11; Linux x86_64) AppleWebKit/537.36 (KHTML, like Gecko) Chrome/116.0.0.0 Safari/537.36"
103.4.250.38 - - [05/Feb/2026:08:22:28 -0700] "GET /https%3A/charleston.datadazzle.com/electrical-upgrades-that-can-increase-your-homes-value/ HTTP/1.1" 404 147441 "-" "Mozilla/5.0 (X11; Linux x86_64) AppleWebKit/537.36 (KHTML, like Gecko) Chrome/116.0.0.0 Safari/537.36"
103.4.250.38 - - [05/Feb/2026:08:22:28 -0700] "GET /https%3A/charleston.datadazzle.com/common-electrical-mistakes-that-homeowners-make/ HTTP/1.1" 404 147441 "-" "Mozilla/5.0 (X11; Linux x86_64) AppleWebKit/537.36 (KHTML, like Gecko) Chrome/116.0.0.0 Safari/537.36"
103.4.250.38 - - [05/Feb/2026:08:22:28 -0700] "GET /https%3A/charleston.datadazzle.com/electrical-upgrades-that-can-increase-your-homes-value-2/ HTTP/1.1" 404 147441 "-" "Mozilla/5.0 (X11; Linux x86_64) AppleWebKit/537.36 (KHTML, like Gecko) Chrome/116.0.0.0 Safari/537.36"
47.82.11.39 - - [05/Feb/2026:08:22:57 -0700] "GET /70915284129.htm HTTP/1.1" 404 147441 "https://charleston.datadazzle.com/" "Mozilla/5.0 (Windows NT 10.0; Win64; x64) AppleWebKit/537.36 (KHTML, like Gecko) Chrome/135.0.0.0 Safari/537.36 Edg/135.0.0.0"
162.240.103.0 - - [05/Feb/2026:08:31:38 -0700] "POST /wp-cron.php?doing_wp_cron=1770305498.3573310375213623046875 HTTP/1.1" 200 - "-" "WordPress/6.9.1; https://charleston.datadazzle.com"
47.82.11.16 - - [05/Feb/2026:08:31:35 -0700] "GET /70915244583.htm HTTP/1.1" 404 147441 "https://charleston.datadazzle.com/" "Mozilla/5.0 (Windows NT 10.0; Win64; x64) AppleWebKit/537.36 (KHTML, like Gecko) Chrome/109.0.0.0 Safari/537.36"
162.240.103.0 - - [05/Feb/2026:08:40:14 -0700] "POST /wp-cron.php?doing_wp_cron=1770306014.4787499904632568359375 HTTP/1.1" 200 - "-" "WordPress/6.9.1; https://charleston.datadazzle.com"
104.164.173.85 - - [05/Feb/2026:08:40:11 -0700] "GET / HTTP/1.1" 200 267102 "-" "Mozilla/5.0 (Windows NT 10.0; Win64; x64) AppleWebKit/537.36 (KHTML, like Gecko) Chrome/116.0.0.0 Safari/537.36"
162.240.103.0 - - [05/Feb/2026:08:40:14 -0700] "POST /wp-cron.php?doing_wp_cron=1770306014.4782431125640869140625 HTTP/1.1" 200 - "-" "WordPress/6.9.1; https://charleston.datadazzle.com"
104.164.173.97 - - [05/Feb/2026:08:40:11 -0700] "GET / HTTP/1.1" 200 267102 "-" "Mozilla/5.0 (Windows NT 10.0; Win64; x64) AppleWebKit/537.36 (KHTML, like Gecko) Chrome/116.0.0.0 Safari/537.36"
104.164.173.85 - - [05/Feb/2026:08:40:46 -0700] "GET / HTTP/1.1" 200 267102 "-" "Mozilla/5.0 (Macintosh; Intel Mac OS X 10_15_7) AppleWebKit/537.36 (KHTML, like Gecko) Chrome/117.0.0.0 Safari/537.36"
162.240.103.0 - - [05/Feb/2026:08:58:38 -0700] "POST /wp-cron.php?doing_wp_cron=1770307118.6731519699096679687500 HTTP/1.1" 200 - "-" "WordPress/6.9.1; https://charleston.datadazzle.com"
74.7.175.134 - - [05/Feb/2026:08:58:37 -0700] "GET /robots.txt HTTP/1.1" 200 67 "-" "Mozilla/5.0 (Macintosh; Intel Mac OS X 10_15_7) AppleWebKit/537.36 (KHTML, like Gecko) Chrome/131.0.0.0 Safari/537.36; compatible; OAI-SearchBot/1.3; robots.txt; +https://openai.com/searchbot"
74.7.241.5 - - [05/Feb/2026:08:58:39 -0700] "GET / HTTP/1.1" 200 267102 "-" "Mozilla/5.0 AppleWebKit/537.36 (KHTML, like Gecko; compatible; GPTBot/1.3; +https://openai.com/gptbot)"
74.7.241.5 - - [05/Feb/2026:08:58:45 -0700] "GET /wp-content/plugins/contact-form-7/includes/js/index.js?ver=6.1.1 HTTP/1.1" 200 13452 "https://charleston.datadazzle.com/" "Mozilla/5.0 AppleWebKit/537.36 (KHTML, like Gecko; compatible; GPTBot/1.3; +https://openai.com/gptbot)"
74.7.241.5 - - [05/Feb/2026:08:58:48 -0700] "GET /wp-content/plugins/elementor/assets/js/frontend-modules.min.js?ver=3.27.3 HTTP/1.1" 200 59749 "https://charleston.datadazzle.com/" "Mozilla/5.0 AppleWebKit/537.36 (KHTML, like Gecko; compatible; GPTBot/1.3; +https://openai.com/gptbot)"
74.7.241.5 - - [05/Feb/2026:08:58:50 -0700] "GET /common-electrical-mistakes-that-homeowners-make/ HTTP/1.1" 200 151834 "https://charleston.datadazzle.com/" "Mozilla/5.0 AppleWebKit/537.36 (KHTML, like Gecko; compatible; GPTBot/1.3; +https://openai.com/gptbot)"
74.7.241.5 - - [05/Feb/2026:08:58:52 -0700] "GET /wp-content/uploads/2025/02/OpenSansCondensed-Bold.woff HTTP/1.1" 200 79120 "https://charleston.datadazzle.com/" "Mozilla/5.0 AppleWebKit/537.36 (KHTML, like Gecko; compatible; GPTBot/1.3; +https://openai.com/gptbot)"
74.7.241.5 - - [05/Feb/2026:08:58:54 -0700] "GET /electrical-switches-that-you-can-add-to-your-home/ HTTP/1.1" 200 151658 "https://charleston.datadazzle.com/" "Mozilla/5.0 AppleWebKit/537.36 (KHTML, like Gecko; compatible; GPTBot/1.3; +https://openai.com/gptbot)"
74.7.241.5 - - [05/Feb/2026:08:58:57 -0700] "GET /wp-content/plugins/elementor/assets/css/widget-heading.min.css?ver=3.27.3 HTTP/1.1" 200 600 "https://charleston.datadazzle.com/" "Mozilla/5.0 AppleWebKit/537.36 (KHTML, like Gecko; compatible; GPTBot/1.3; +https://openai.com/gptbot)"
74.7.241.5 - - [05/Feb/2026:08:58:59 -0700] "GET /wp-content/uploads/2025/02/Rockwell-ExtraBold.woff2 HTTP/1.1" 200 11572 "https://charleston.datadazzle.com/" "Mozilla/5.0 AppleWebKit/537.36 (KHTML, like Gecko; compatible; GPTBot/1.3; +https://openai.com/gptbot)"
74.7.241.5 - - [05/Feb/2026:08:59:00 -0700] "GET /wp-content/uploads/2025/02/map-img.jpg HTTP/1.1" 200 1121817 "https://charleston.datadazzle.com/" "Mozilla/5.0 AppleWebKit/537.36 (KHTML, like Gecko; compatible; GPTBot/1.3; +https://openai.com/gptbot)"
74.7.241.5 - - [05/Feb/2026:08:59:02 -0700] "GET /wp-content/plugins/cf7-conditional-fields/js/scripts.js?ver=2.6.3 HTTP/1.1" 200 36017 "https://charleston.datadazzle.com/" "Mozilla/5.0 AppleWebKit/537.36 (KHTML, like Gecko; compatible; GPTBot/1.3; +https://openai.com/gptbot)"
74.7.241.5 - - [05/Feb/2026:08:59:03 -0700] "GET /wp-content/uploads/2025/02/gaurd-services-1-white-1.png HTTP/1.1" 200 4844 "https://charleston.datadazzle.com/" "Mozilla/5.0 AppleWebKit/537.36 (KHTML, like Gecko; compatible; GPTBot/1.3; +https://openai.com/gptbot)"
74.7.241.5 - - [05/Feb/2026:08:59:04 -0700] "GET /wp-content/uploads/2025/02/banner-icon.png HTTP/1.1" 200 209270 "https://charleston.datadazzle.com/" "Mozilla/5.0 AppleWebKit/537.36 (KHTML, like Gecko; compatible; GPTBot/1.3; +https://openai.com/gptbot)"
74.7.241.5 - - [05/Feb/2026:08:59:05 -0700] "GET /wp-content/uploads/2025/02/full-img-mb.jpg HTTP/1.1" 200 347663 "https://charleston.datadazzle.com/" "Mozilla/5.0 AppleWebKit/537.36 (KHTML, like Gecko; compatible; GPTBot/1.3; +https://openai.com/gptbot)"
74.7.241.5 - - [05/Feb/2026:08:59:06 -0700] "GET /wp-content/uploads/2025/02/slider-1-3.jpg HTTP/1.1" 200 541814 "https://charleston.datadazzle.com/" "Mozilla/5.0 AppleWebKit/537.36 (KHTML, like Gecko; compatible; GPTBot/1.3; +https://openai.com/gptbot)"
74.7.241.5 - - [05/Feb/2026:08:59:07 -0700] "GET /?p=1017 HTTP/1.1" 301 - "https://charleston.datadazzle.com/common-electrical-mistakes-that-homeowners-make/" "Mozilla/5.0 AppleWebKit/537.36 (KHTML, like Gecko; compatible; GPTBot/1.3; +https://openai.com/gptbot)"
74.7.241.5 - - [05/Feb/2026:08:59:08 -0700] "GET /common-electrical-mistakes-that-homeowners-make/ HTTP/1.1" 200 151834 "https://charleston.datadazzle.com/?p=1017" "Mozilla/5.0 AppleWebKit/537.36 (KHTML, like Gecko; compatible; GPTBot/1.3; +https://openai.com/gptbot)"
74.7.241.5 - - [05/Feb/2026:08:59:10 -0700] "GET /wp-content/uploads/2025/02/slider-1-2.jpg HTTP/1.1" 200 541814 "https://charleston.datadazzle.com/" "Mozilla/5.0 AppleWebKit/537.36 (KHTML, like Gecko; compatible; GPTBot/1.3; +https://openai.com/gptbot)"
74.7.241.5 - - [05/Feb/2026:08:59:11 -0700] "GET /wp-content/uploads/2025/02/slider-1-1.jpg HTTP/1.1" 200 541814 "https://charleston.datadazzle.com/" "Mozilla/5.0 AppleWebKit/537.36 (KHTML, like Gecko; compatible; GPTBot/1.3; +https://openai.com/gptbot)"
74.7.241.5 - - [05/Feb/2026:08:59:12 -0700] "GET /?p=1023 HTTP/1.1" 301 - "https://charleston.datadazzle.com/electrical-switches-that-you-can-add-to-your-home/" "Mozilla/5.0 AppleWebKit/537.36 (KHTML, like Gecko; compatible; GPTBot/1.3; +https://openai.com/gptbot)"
74.7.241.5 - - [05/Feb/2026:08:59:13 -0700] "GET /electrical-switches-that-you-can-add-to-your-home/ HTTP/1.1" 200 151658 "https://charleston.datadazzle.com/?p=1023" "Mozilla/5.0 AppleWebKit/537.36 (KHTML, like Gecko; compatible; GPTBot/1.3; +https://openai.com/gptbot)"
74.7.241.5 - - [05/Feb/2026:08:59:15 -0700] "GET /wp-content/uploads/2025/02/full-img.jpg HTTP/1.1" 200 774647 "https://charleston.datadazzle.com/" "Mozilla/5.0 AppleWebKit/537.36 (KHTML, like Gecko; compatible; GPTBot/1.3; +https://openai.com/gptbot)"
74.7.241.5 - - [05/Feb/2026:08:59:16 -0700] "GET /wp-content/uploads/2025/02/slider-1.jpg HTTP/1.1" 200 541814 "https://charleston.datadazzle.com/" "Mozilla/5.0 AppleWebKit/537.36 (KHTML, like Gecko; compatible; GPTBot/1.3; +https://openai.com/gptbot)"
74.7.241.5 - - [05/Feb/2026:08:59:17 -0700] "GET /wp-content/uploads/2025/02/home-mobile-banner.jpg HTTP/1.1" 200 297801 "https://charleston.datadazzle.com/" "Mozilla/5.0 AppleWebKit/537.36 (KHTML, like Gecko; compatible; GPTBot/1.3; +https://openai.com/gptbot)"
74.7.241.5 - - [05/Feb/2026:08:59:17 -0700] "GET /wp-content/uploads/2025/02/services-icon-5-new-1.png HTTP/1.1" 200 1511 "https://charleston.datadazzle.com/" "Mozilla/5.0 AppleWebKit/537.36 (KHTML, like Gecko; compatible; GPTBot/1.3; +https://openai.com/gptbot)"
74.7.241.5 - - [05/Feb/2026:08:59:18 -0700] "GET /wp-content/uploads/2025/02/24hours-icon-white.png HTTP/1.1" 200 4494 "https://charleston.datadazzle.com/" "Mozilla/5.0 AppleWebKit/537.36 (KHTML, like Gecko; compatible; GPTBot/1.3; +https://openai.com/gptbot)"
74.7.241.5 - - [05/Feb/2026:08:59:18 -0700] "GET /electrical-upgrades-that-can-increase-your-homes-value/ HTTP/1.1" 200 151915 "https://charleston.datadazzle.com/" "Mozilla/5.0 AppleWebKit/537.36 (KHTML, like Gecko; compatible; GPTBot/1.3; +https://openai.com/gptbot)"
74.7.241.5 - - [05/Feb/2026:08:59:20 -0700] "GET /wp-content/uploads/2025/02/coupon-1.png HTTP/1.1" 200 28315 "https://charleston.datadazzle.com/" "Mozilla/5.0 AppleWebKit/537.36 (KHTML, like Gecko; compatible; GPTBot/1.3; +https://openai.com/gptbot)"
74.7.241.5 - - [05/Feb/2026:08:59:21 -0700] "GET /electrical-upgrades-that-can-increase-your-homes-value-2/ HTTP/1.1" 200 151925 "https://charleston.datadazzle.com/" "Mozilla/5.0 AppleWebKit/537.36 (KHTML, like Gecko; compatible; GPTBot/1.3; +https://openai.com/gptbot)"
74.7.241.5 - - [05/Feb/2026:08:59:24 -0700] "GET /wp-content/uploads/2025/02/FontsFree-Net-Rockwell-Bold.ttf HTTP/1.1" 200 63016 "https://charleston.datadazzle.com/" "Mozilla/5.0 AppleWebKit/537.36 (KHTML, like Gecko; compatible; GPTBot/1.3; +https://openai.com/gptbot)"
74.7.241.5 - - [05/Feb/2026:08:59:25 -0700] "GET /wp-content/uploads/2025/02/OpenSansCondensed-Bold.woff2 HTTP/1.1" 200 59128 "https://charleston.datadazzle.com/" "Mozilla/5.0 AppleWebKit/537.36 (KHTML, like Gecko; compatible; GPTBot/1.3; +https://openai.com/gptbot)"
74.7.241.5 - - [05/Feb/2026:08:59:25 -0700] "GET /wp-content/uploads/2025/02/Rockwell-ExtraBold.woff HTTP/1.1" 200 15844 "https://charleston.datadazzle.com/" "Mozilla/5.0 AppleWebKit/537.36 (KHTML, like Gecko; compatible; GPTBot/1.3; +https://openai.com/gptbot)"
74.7.241.5 - - [05/Feb/2026:08:59:26 -0700] "GET /xmlrpc.php HTTP/1.1" 405 42 "https://charleston.datadazzle.com/" "Mozilla/5.0 AppleWebKit/537.36 (KHTML, like Gecko; compatible; GPTBot/1.3; +https://openai.com/gptbot)"
74.7.241.5 - - [05/Feb/2026:08:59:27 -0700] "GET /wp-content/plugins/elementor-pro/modules/lottie/assets/animations/default.json HTTP/1.1" 200 112811 "https://charleston.datadazzle.com/" "Mozilla/5.0 AppleWebKit/537.36 (KHTML, like Gecko; compatible; GPTBot/1.3; +https://openai.com/gptbot)"
74.7.241.5 - - [05/Feb/2026:08:59:28 -0700] "GET /feed/ HTTP/1.1" 200 6982 "https://charleston.datadazzle.com/" "Mozilla/5.0 AppleWebKit/537.36 (KHTML, like Gecko; compatible; GPTBot/1.3; +https://openai.com/gptbot)"
74.7.241.5 - - [05/Feb/2026:08:59:29 -0700] "GET /xmlrpc.php?rsd HTTP/1.1" 200 864 "https://charleston.datadazzle.com/" "Mozilla/5.0 AppleWebKit/537.36 (KHTML, like Gecko; compatible; GPTBot/1.3; +https://openai.com/gptbot)"
74.7.241.5 - - [05/Feb/2026:08:59:30 -0700] "GET /comments/feed/ HTTP/1.1" 200 727 "https://charleston.datadazzle.com/" "Mozilla/5.0 AppleWebKit/537.36 (KHTML, like Gecko; compatible; GPTBot/1.3; +https://openai.com/gptbot)"
74.7.241.5 - - [05/Feb/2026:08:59:31 -0700] "GET /?p=1020 HTTP/1.1" 301 - "https://charleston.datadazzle.com/electrical-upgrades-that-can-increase-your-homes-value/" "Mozilla/5.0 AppleWebKit/537.36 (KHTML, like Gecko; compatible; GPTBot/1.3; +https://openai.com/gptbot)"
74.7.241.5 - - [05/Feb/2026:08:59:32 -0700] "GET /electrical-upgrades-that-can-increase-your-homes-value/ HTTP/1.1" 200 151915 "https://charleston.datadazzle.com/?p=1020" "Mozilla/5.0 AppleWebKit/537.36 (KHTML, like Gecko; compatible; GPTBot/1.3; +https://openai.com/gptbot)"
74.7.241.5 - - [05/Feb/2026:08:59:35 -0700] "GET /wp-json/oembed/1.0/embed?url=https%3A%2F%2Fcharleston.datadazzle.com%2Felectrical-upgrades-that-can-increase-your-homes-value%2F HTTP/1.1" 200 2571 "https://charleston.datadazzle.com/electrical-upgrades-that-can-increase-your-homes-value/" "Mozilla/5.0 AppleWebKit/537.36 (KHTML, like Gecko; compatible; GPTBot/1.3; +https://openai.com/gptbot)"
74.7.241.5 - - [05/Feb/2026:08:59:36 -0700] "GET /wp-json/oembed/1.0/embed?url=https%3A%2F%2Fcharleston.datadazzle.com%2Fcommon-electrical-mistakes-that-homeowners-make%2F HTTP/1.1" 200 2510 "https://charleston.datadazzle.com/common-electrical-mistakes-that-homeowners-make/" "Mozilla/5.0 AppleWebKit/537.36 (KHTML, like Gecko; compatible; GPTBot/1.3; +https://openai.com/gptbot)"
74.7.241.5 - - [05/Feb/2026:08:59:37 -0700] "GET /?p=1025 HTTP/1.1" 301 - "https://charleston.datadazzle.com/electrical-upgrades-that-can-increase-your-homes-value-2/" "Mozilla/5.0 AppleWebKit/537.36 (KHTML, like Gecko; compatible; GPTBot/1.3; +https://openai.com/gptbot)"
74.7.241.5 - - [05/Feb/2026:08:59:38 -0700] "GET /electrical-upgrades-that-can-increase-your-homes-value-2/ HTTP/1.1" 200 151925 "https://charleston.datadazzle.com/?p=1025" "Mozilla/5.0 AppleWebKit/537.36 (KHTML, like Gecko; compatible; GPTBot/1.3; +https://openai.com/gptbot)"
74.7.241.5 - - [05/Feb/2026:08:59:40 -0700] "GET /wp-json/oembed/1.0/embed?url=https%3A%2F%2Fcharleston.datadazzle.com%2Felectrical-upgrades-that-can-increase-your-homes-value-2%2F HTTP/1.1" 200 2575 "https://charleston.datadazzle.com/electrical-upgrades-that-can-increase-your-homes-value-2/" "Mozilla/5.0 AppleWebKit/537.36 (KHTML, like Gecko; compatible; GPTBot/1.3; +https://openai.com/gptbot)"
74.7.241.5 - - [05/Feb/2026:08:59:41 -0700] "GET /wp-json/wp/v2/posts/1017 HTTP/1.1" 200 2978 "https://charleston.datadazzle.com/common-electrical-mistakes-that-homeowners-make/" "Mozilla/5.0 AppleWebKit/537.36 (KHTML, like Gecko; compatible; GPTBot/1.3; +https://openai.com/gptbot)"
74.7.241.5 - - [05/Feb/2026:08:59:43 -0700] "GET /wp-json/wp/v2/posts/1025 HTTP/1.1" 200 3015 "https://charleston.datadazzle.com/electrical-upgrades-that-can-increase-your-homes-value-2/" "Mozilla/5.0 AppleWebKit/537.36 (KHTML, like Gecko; compatible; GPTBot/1.3; +https://openai.com/gptbot)"
