Файловый менеджер - Редактировать - /var/log/apache2/domlogs/pimjdymy/commanlawbk.datadazzle.com
Назад
162.240.103.0 - - [05/Feb/2026:08:19:06 -0700] "GET /.well-known/acme-challenge/TI1ZIOK5YBUWYNVKRM2EDK78F-473WPL HTTP/1.1" 200 64 "-" "Cpanel-HTTP-Client/1.0"
23.178.112.108 - - [05/Feb/2026:08:19:21 -0700] "GET /.well-known/acme-challenge/AMOBzD1gCxbjECck_s0j48mMVK1xeyuAZDaGShXaKIo HTTP/1.1" 200 87 "-" "Mozilla/5.0 (compatible; Let's Encrypt validation server; +https://www.letsencrypt.org)"
34.220.97.212 - - [05/Feb/2026:08:19:21 -0700] "GET /.well-known/acme-challenge/AMOBzD1gCxbjECck_s0j48mMVK1xeyuAZDaGShXaKIo HTTP/1.1" 200 87 "-" "Mozilla/5.0 (compatible; Let's Encrypt validation server; +https://www.letsencrypt.org)"
3.131.160.66 - - [05/Feb/2026:08:19:21 -0700] "GET /.well-known/acme-challenge/AMOBzD1gCxbjECck_s0j48mMVK1xeyuAZDaGShXaKIo HTTP/1.1" 200 87 "-" "Mozilla/5.0 (compatible; Let's Encrypt validation server; +https://www.letsencrypt.org)"
16.171.57.246 - - [05/Feb/2026:08:19:21 -0700] "GET /.well-known/acme-challenge/AMOBzD1gCxbjECck_s0j48mMVK1xeyuAZDaGShXaKIo HTTP/1.1" 200 87 "-" "Mozilla/5.0 (compatible; Let's Encrypt validation server; +https://www.letsencrypt.org)"
13.250.43.217 - - [05/Feb/2026:08:19:21 -0700] "GET /.well-known/acme-challenge/AMOBzD1gCxbjECck_s0j48mMVK1xeyuAZDaGShXaKIo HTTP/1.1" 200 87 "-" "Mozilla/5.0 (compatible; Let's Encrypt validation server; +https://www.letsencrypt.org)"
162.240.103.0 - - [05/Feb/2026:08:20:37 -0700] "POST /wp-cron.php?doing_wp_cron=1770304837.1063408851623535156250 HTTP/1.1" 200 - "-" "WordPress/6.7.2; http://commanlawbk.datadazzle.com"
206.189.95.232 - - [05/Feb/2026:08:20:20 -0700] "GET / HTTP/1.1" 200 72966 "-" "Mozilla/5.0 (l9scan/2.0.03e2330313e2034323e2236313; +https://leakix.net)"
206.189.95.232 - - [05/Feb/2026:08:20:43 -0700] "GET /server HTTP/1.1" 404 8192 "-" "Mozilla/5.0 (l9scan/2.0.03e2330313e2034323e2236313; +https://leakix.net)"
206.189.95.232 - - [05/Feb/2026:08:20:46 -0700] "GET /server-status HTTP/1.1" 404 8192 "-" "Mozilla/5.0 (l9scan/2.0.03e2330313e2034323e2236313; +https://leakix.net)"
206.189.95.232 - - [05/Feb/2026:08:20:49 -0700] "GET /about HTTP/1.1" 404 8192 "-" "Mozilla/5.0 (l9scan/2.0.03e2330313e2034323e2236313; +https://leakix.net)"
206.189.95.232 - - [05/Feb/2026:08:20:52 -0700] "GET /login.action HTTP/1.1" 404 8192 "-" "Mozilla/5.0 (l9scan/2.0.03e2330313e2034323e2236313; +https://leakix.net)"
206.189.95.232 - - [05/Feb/2026:08:20:55 -0700] "GET /v2/_catalog HTTP/1.1" 404 8192 "-" "Mozilla/5.0 (l9scan/2.0.03e2330313e2034323e2236313; +https://leakix.net)"
206.189.95.232 - - [05/Feb/2026:08:20:58 -0700] "GET /.DS_Store HTTP/1.1" 404 8192 "-" "Mozilla/5.0 (l9scan/2.0.03e2330313e2034323e2236313; +https://leakix.net)"
206.189.95.232 - - [05/Feb/2026:08:21:01 -0700] "GET /.env HTTP/1.1" 404 8192 "-" "Mozilla/5.0 (l9scan/2.0.03e2330313e2034323e2236313; +https://leakix.net)"
206.189.95.232 - - [05/Feb/2026:08:21:05 -0700] "GET /ecp/Current/exporttool/microsoft.exchange.ediscovery.exporttool.application HTTP/1.1" 404 8192 "-" "Mozilla/5.0 (l9scan/2.0.03e2330313e2034323e2236313; +https://leakix.net)"
206.189.95.232 - - [05/Feb/2026:08:21:09 -0700] "GET /.git/config HTTP/1.1" 404 8192 "-" "Mozilla/5.0 (l9scan/2.0.03e2330313e2034323e2236313; +https://leakix.net)"
206.189.95.232 - - [05/Feb/2026:08:21:12 -0700] "POST /graphql HTTP/1.1" 404 8192 "-" "Mozilla/5.0 (l9scan/2.0.03e2330313e2034323e2236313; +https://leakix.net)"
206.189.95.232 - - [05/Feb/2026:08:21:15 -0700] "POST /api HTTP/1.1" 404 8192 "-" "Mozilla/5.0 (l9scan/2.0.03e2330313e2034323e2236313; +https://leakix.net)"
206.189.95.232 - - [05/Feb/2026:08:21:18 -0700] "POST /api/graphql HTTP/1.1" 404 8192 "-" "Mozilla/5.0 (l9scan/2.0.03e2330313e2034323e2236313; +https://leakix.net)"
206.189.95.232 - - [05/Feb/2026:08:21:21 -0700] "POST /graphql/api HTTP/1.1" 404 8192 "-" "Mozilla/5.0 (l9scan/2.0.03e2330313e2034323e2236313; +https://leakix.net)"
206.189.95.232 - - [05/Feb/2026:08:21:24 -0700] "POST /api/gql HTTP/1.1" 404 8192 "-" "Mozilla/5.0 (l9scan/2.0.03e2330313e2034323e2236313; +https://leakix.net)"
206.189.95.232 - - [05/Feb/2026:08:21:27 -0700] "GET /s/03e2330313e2034323e2236313/_/;/META-INF/maven/com.atlassian.jira/jira-webapp-dist/pom.properties HTTP/1.1" 404 8192 "-" "Mozilla/5.0 (l9scan/2.0.03e2330313e2034323e2236313; +https://leakix.net)"
162.240.103.0 - - [05/Feb/2026:08:21:45 -0700] "POST /wp-cron.php?doing_wp_cron=1770304904.2192120552062988281250 HTTP/1.1" 200 - "-" "WordPress/6.7.2; http://commanlawbk.datadazzle.com"
162.240.103.0 - - [05/Feb/2026:08:21:46 -0700] "POST /wp-cron.php?doing_wp_cron=1770304905.9708321094512939453125 HTTP/1.1" 200 - "-" "WordPress/6.7.2; http://commanlawbk.datadazzle.com"
206.189.95.232 - - [05/Feb/2026:08:21:30 -0700] "GET /config.json HTTP/1.1" 404 8192 "-" "Mozilla/5.0 (l9scan/2.0.03e2330313e2034323e2236313; +https://leakix.net)"
206.189.95.232 - - [05/Feb/2026:08:21:33 -0700] "GET /telescope/requests HTTP/1.1" 404 8192 "-" "Mozilla/5.0 (l9scan/2.0.03e2330313e2034323e2236313; +https://leakix.net)"
162.240.103.0 - - [05/Feb/2026:08:21:49 -0700] "POST /wp-cron.php?doing_wp_cron=1770304909.5855729579925537109375 HTTP/1.1" 200 - "-" "WordPress/6.7.2; http://commanlawbk.datadazzle.com"
206.189.95.232 - - [05/Feb/2026:08:21:36 -0700] "GET /info.php HTTP/1.1" 404 8192 "-" "Mozilla/5.0 (l9scan/2.0.03e2330313e2034323e2236313; +https://leakix.net)"
206.189.95.232 - - [05/Feb/2026:08:21:39 -0700] "GET /.well-known/security.txt HTTP/1.1" 404 8192 "-" "Mozilla/5.0 (l9scan/2.0.03e2330313e2034323e2236313; +https://leakix.net)"
206.189.95.232 - - [05/Feb/2026:08:21:42 -0700] "GET /actuator/env HTTP/1.1" 404 8192 "-" "Mozilla/5.0 (l9scan/2.0.03e2330313e2034323e2236313; +https://leakix.net)"
206.189.95.232 - - [05/Feb/2026:08:21:46 -0700] "GET /swagger-ui.html HTTP/1.1" 404 8192 "-" "Mozilla/5.0 (l9scan/2.0.03e2330313e2034323e2236313; +https://leakix.net)"
206.189.95.232 - - [05/Feb/2026:08:21:49 -0700] "GET /swagger/index.html HTTP/1.1" 404 8192 "-" "Mozilla/5.0 (l9scan/2.0.03e2330313e2034323e2236313; +https://leakix.net)"
206.189.95.232 - - [05/Feb/2026:08:21:52 -0700] "GET /swagger/swagger-ui.html HTTP/1.1" 404 8192 "-" "Mozilla/5.0 (l9scan/2.0.03e2330313e2034323e2236313; +https://leakix.net)"
206.189.95.232 - - [05/Feb/2026:08:21:55 -0700] "GET /webjars/swagger-ui/index.html HTTP/1.1" 404 8192 "-" "Mozilla/5.0 (l9scan/2.0.03e2330313e2034323e2236313; +https://leakix.net)"
206.189.95.232 - - [05/Feb/2026:08:21:58 -0700] "GET /swagger.json HTTP/1.1" 404 8192 "-" "Mozilla/5.0 (l9scan/2.0.03e2330313e2034323e2236313; +https://leakix.net)"
206.189.95.232 - - [05/Feb/2026:08:22:01 -0700] "GET /swagger/v1/swagger.json HTTP/1.1" 404 8192 "-" "Mozilla/5.0 (l9scan/2.0.03e2330313e2034323e2236313; +https://leakix.net)"
206.189.95.232 - - [05/Feb/2026:08:22:04 -0700] "GET /v2/api-docs HTTP/1.1" 404 8192 "-" "Mozilla/5.0 (l9scan/2.0.03e2330313e2034323e2236313; +https://leakix.net)"
206.189.95.232 - - [05/Feb/2026:08:22:07 -0700] "GET /v3/api-docs HTTP/1.1" 404 8192 "-" "Mozilla/5.0 (l9scan/2.0.03e2330313e2034323e2236313; +https://leakix.net)"
206.189.95.232 - - [05/Feb/2026:08:22:10 -0700] "GET /api-docs/swagger.json HTTP/1.1" 404 8192 "-" "Mozilla/5.0 (l9scan/2.0.03e2330313e2034323e2236313; +https://leakix.net)"
206.189.95.232 - - [05/Feb/2026:08:22:13 -0700] "GET /api/swagger.json HTTP/1.1" 404 8192 "-" "Mozilla/5.0 (l9scan/2.0.03e2330313e2034323e2236313; +https://leakix.net)"
206.189.95.232 - - [05/Feb/2026:08:22:15 -0700] "GET /@vite/env HTTP/1.1" 404 63494 "-" "Mozilla/5.0 (l9scan/2.0.03e2330313e2034323e2236313; +https://leakix.net)"
206.189.95.232 - - [05/Feb/2026:08:22:18 -0700] "GET /.vscode/sftp.json HTTP/1.1" 404 63494 "-" "Mozilla/5.0 (l9scan/2.0.03e2330313e2034323e2236313; +https://leakix.net)"
206.189.95.232 - - [05/Feb/2026:08:22:21 -0700] "OPTIONS / HTTP/1.1" 200 - "-" "Mozilla/5.0 (l9scan/2.0.03e2330313e2034323e2236313; +https://leakix.net)"
206.189.95.232 - - [05/Feb/2026:08:22:22 -0700] "GET /?rest_route=/wp/v2/users/ HTTP/1.1" 301 - "-" "Mozilla/5.0 (l9scan/2.0.03e2330313e2034323e2236313; +https://leakix.net)"
18.235.94.119 - - [05/Feb/2026:08:22:33 -0700] "GET / HTTP/1.1" 200 16769 "-" "Mozilla/5.0 (X11; Linux x86_64) AppleWebKit/537.36 (KHTML, like Gecko) Chrome/134.0.0.0 Safari/537.36"
162.240.103.0 - - [05/Feb/2026:08:22:44 -0700] "POST /wp-cron.php?doing_wp_cron=1770304964.0367810726165771484375 HTTP/1.1" 200 - "-" "WordPress/6.7.2; http://commanlawbk.datadazzle.com"
206.189.95.232 - - [05/Feb/2026:08:22:25 -0700] "GET /debug/default/view?panel=config HTTP/1.1" 404 8192 "-" "Mozilla/5.0 (l9scan/2.0.03e2330313e2034323e2236313; +https://leakix.net)"
176.65.148.161 - - [05/Feb/2026:08:22:58 -0700] "HEAD / HTTP/1.1" 200 - "-" "Mozilla/5.0 (compatible; Let's Encrypt validation server; +https://www.letsencrypt.org)"
176.65.148.161 - - [05/Feb/2026:08:22:59 -0700] "GET / HTTP/1.1" 206 2049 "-" "Mozilla/5.0 (compatible; Let's Encrypt validation server; +https://www.letsencrypt.org)"
162.240.103.0 - - [05/Feb/2026:08:23:05 -0700] "POST /wp-cron.php HTTP/1.1" 200 - "-" "WordPress/6.7.2; http://commanlawbk.datadazzle.com"
162.240.103.0 - - [05/Feb/2026:08:23:05 -0700] "GET / HTTP/1.1" 200 16769 "-" "WordPress/6.7.2; http://commanlawbk.datadazzle.com"
162.240.103.0 - - [05/Feb/2026:08:23:05 -0700] "GET / HTTP/1.1" 200 16769 "-" "WordPress/6.7.2; http://commanlawbk.datadazzle.com"
162.240.103.0 - - [05/Feb/2026:08:23:05 -0700] "GET / HTTP/1.1" 200 16769 "-" "WordPress/6.7.2; http://commanlawbk.datadazzle.com"
176.65.148.161 - - [05/Feb/2026:08:22:59 -0700] "HEAD /_next HTTP/1.1" 404 - "-" "Mozilla/5.0 (compatible; Let's Encrypt validation server; +https://www.letsencrypt.org)"
176.65.148.161 - - [05/Feb/2026:08:23:03 -0700] "HEAD /__rsc HTTP/1.1" 404 - "-" "Mozilla/5.0 (compatible; Let's Encrypt validation server; +https://www.letsencrypt.org)"
176.65.148.161 - - [05/Feb/2026:08:23:06 -0700] "HEAD /rsc HTTP/1.1" 404 - "-" "Mozilla/5.0 (compatible; Let's Encrypt validation server; +https://www.letsencrypt.org)"
176.65.148.161 - - [05/Feb/2026:08:23:57 -0700] "HEAD / HTTP/1.1" 200 - "-" "Mozilla/5.0 (compatible; Let's Encrypt validation server; +https://www.letsencrypt.org)"
176.65.148.161 - - [05/Feb/2026:08:23:57 -0700] "GET / HTTP/1.1" 206 2049 "-" "Mozilla/5.0 (compatible; Let's Encrypt validation server; +https://www.letsencrypt.org)"
162.240.103.0 - - [05/Feb/2026:08:24:00 -0700] "POST /wp-cron.php?doing_wp_cron=1770305040.6163990497589111328125 HTTP/1.1" 200 - "-" "WordPress/6.7.2; http://commanlawbk.datadazzle.com"
176.65.148.161 - - [05/Feb/2026:08:23:57 -0700] "HEAD /_next HTTP/1.1" 404 - "-" "Mozilla/5.0 (compatible; Let's Encrypt validation server; +https://www.letsencrypt.org)"
176.65.148.161 - - [05/Feb/2026:08:24:01 -0700] "HEAD /__rsc HTTP/1.1" 404 - "-" "Mozilla/5.0 (compatible; Let's Encrypt validation server; +https://www.letsencrypt.org)"
176.65.148.161 - - [05/Feb/2026:08:24:04 -0700] "HEAD /rsc HTTP/1.1" 404 - "-" "Mozilla/5.0 (compatible; Let's Encrypt validation server; +https://www.letsencrypt.org)"
176.65.148.161 - - [05/Feb/2026:08:24:49 -0700] "HEAD / HTTP/1.1" 200 - "-" "Mozilla/5.0 (compatible; Let's Encrypt validation server; +https://www.letsencrypt.org)"
176.65.148.161 - - [05/Feb/2026:08:24:49 -0700] "GET / HTTP/1.1" 206 2049 "-" "Mozilla/5.0 (compatible; Let's Encrypt validation server; +https://www.letsencrypt.org)"
176.65.148.161 - - [05/Feb/2026:08:24:50 -0700] "HEAD /_next HTTP/1.1" 404 - "-" "Mozilla/5.0 (compatible; Let's Encrypt validation server; +https://www.letsencrypt.org)"
176.65.148.161 - - [05/Feb/2026:08:24:54 -0700] "HEAD /__rsc HTTP/1.1" 404 - "-" "Mozilla/5.0 (compatible; Let's Encrypt validation server; +https://www.letsencrypt.org)"
162.240.103.0 - - [05/Feb/2026:08:24:59 -0700] "POST /wp-cron.php?doing_wp_cron=1770305099.3668758869171142578125 HTTP/1.1" 200 - "-" "WordPress/6.7.2; http://commanlawbk.datadazzle.com"
176.65.148.161 - - [05/Feb/2026:08:24:57 -0700] "HEAD /rsc HTTP/1.1" 404 - "-" "Mozilla/5.0 (compatible; Let's Encrypt validation server; +https://www.letsencrypt.org)"
91.231.89.125 - - [05/Feb/2026:08:45:08 -0700] "GET / HTTP/1.1" 200 72966 "-" "Mozilla/5.0 (X11; Ubuntu; Linux x86_64; rv:134.0) Gecko/20100101 Firefox/134.0"
162.240.103.0 - - [05/Feb/2026:08:52:35 -0700] "POST /wp-cron.php?doing_wp_cron=1770306755.1933510303497314453125 HTTP/1.1" 200 - "-" "WordPress/6.7.2; http://commanlawbk.datadazzle.com"
91.196.152.80 - - [05/Feb/2026:08:52:33 -0700] "GET /favicon.ico HTTP/1.1" 302 - "-" "Mozilla/5.0 (X11; Ubuntu; Linux x86_64; rv:134.0) Gecko/20100101 Firefox/134.0"
34.10.64.80 - - [05/Feb/2026:09:33:29 -0700] "GET / HTTP/1.1" 200 16769 "-" "Mozilla/5.0 (compatible; CMS-Checker/1.0; +https://example.com)"
34.10.64.80 - - [05/Feb/2026:10:23:26 -0700] "GET / HTTP/1.1" 200 72966 "-" "Mozilla/5.0 (Windows NT 10.0; Win64; x64) AppleWebKit/537.36 (KHTML, like Gecko) Chrome/78.0.3904.108 Safari/537.36"
34.10.64.80 - - [05/Feb/2026:10:23:26 -0700] "GET / HTTP/1.1" 200 72966 "-" "Mozilla/5.0 (Windows NT 10.0; Win64; x64) AppleWebKit/537.36 (KHTML, like Gecko) Chrome/78.0.3904.108 Safari/537.36"
162.240.103.0 - - [05/Feb/2026:10:23:29 -0700] "POST /wp-cron.php?doing_wp_cron=1770312209.5362570285797119140625 HTTP/1.1" 200 - "-" "WordPress/6.7.2; http://commanlawbk.datadazzle.com"
34.10.64.80 - - [05/Feb/2026:10:23:26 -0700] "GET /wp-includes/wlwmanifest.xml HTTP/1.1" 404 63494 "-" "Mozilla/5.0 (Windows NT 10.0; Win64; x64) AppleWebKit/537.36 (KHTML, like Gecko) Chrome/78.0.3904.108 Safari/537.36"
34.10.64.80 - - [05/Feb/2026:10:23:30 -0700] "GET /?author=1 HTTP/1.1" 500 2490 "-" "Mozilla/5.0 (Windows NT 10.0; Win64; x64) AppleWebKit/537.36 (KHTML, like Gecko) Chrome/78.0.3904.108 Safari/537.36"
34.10.64.80 - - [05/Feb/2026:10:23:34 -0700] "GET /?author=2 HTTP/1.1" 500 2490 "-" "Mozilla/5.0 (Windows NT 10.0; Win64; x64) AppleWebKit/537.36 (KHTML, like Gecko) Chrome/78.0.3904.108 Safari/537.36"
34.10.64.80 - - [05/Feb/2026:10:23:37 -0700] "GET /wp-json/wp/v2/users/ HTTP/1.1" 301 - "-" "Mozilla/5.0 (Windows NT 10.0; Win64; x64) AppleWebKit/537.36 (KHTML, like Gecko) Chrome/78.0.3904.108 Safari/537.36"
34.10.64.80 - - [05/Feb/2026:10:23:40 -0700] "GET /wp-json/oembed/1.0/embed?url=http://commanlawbk.datadazzle.com HTTP/1.1" 301 - "-" "Mozilla/5.0 (Windows NT 10.0; Win64; x64) AppleWebKit/537.36 (KHTML, like Gecko) Chrome/78.0.3904.108 Safari/537.36"
34.10.64.80 - - [05/Feb/2026:10:23:43 -0700] "POST /xmlrpc.php HTTP/1.1" 200 - "-" "Mozilla/5.0 (Windows NT 10.0; Win64; x64) AppleWebKit/537.36 (KHTML, like Gecko) Chrome/78.0.3904.108 Safari/537.36"
162.240.103.0 - - [05/Feb/2026:10:26:09 -0700] "POST /wp-cron.php?doing_wp_cron=1770312369.9040510654449462890625 HTTP/1.1" 200 - "-" "WordPress/6.7.2; http://commanlawbk.datadazzle.com"
18.235.94.119 - - [05/Feb/2026:10:26:07 -0700] "GET / HTTP/1.1" 200 16760 "-" "Mozilla/5.0 (X11; Linux x86_64) AppleWebKit/537.36 (KHTML, like Gecko) Chrome/134.0.0.0 Safari/537.36"
162.240.103.0 - - [05/Feb/2026:11:19:11 -0700] "GET /.well-known/acme-challenge/HDGXUCQOPOHFN0QWZK4JKR497TQSU6RF HTTP/1.1" 200 64 "-" "Cpanel-HTTP-Client/1.0"
162.240.103.0 - - [05/Feb/2026:14:19:08 -0700] "GET /.well-known/acme-challenge/R7S15WCJT7WP1THIYX2EM18UTJJJ453U HTTP/1.1" 200 64 "-" "Cpanel-HTTP-Client/1.0"
199.45.154.136 - - [05/Feb/2026:16:33:50 -0700] "GET / HTTP/1.1" 403 - "-" "Mozilla/5.0 (compatible; CensysInspect/1.1; +https://about.censys.io/)"
162.240.103.0 - - [05/Feb/2026:17:19:13 -0700] "GET /.well-known/acme-challenge/A5SOS99H_CBYCXKMH74YQ14RBGK848F6 HTTP/1.1" 200 64 "-" "Cpanel-HTTP-Client/1.0"
104.164.168.10 - - [05/Feb/2026:18:06:57 -0700] "GET /wp-includes/css/dist/ HTTP/1.1" 200 3743 "-" "Mozilla/5.0 (Windows NT 10.0; WOW64; x64) AppleWebKit/537.36 (KHTML, like Gecko) Chrome/84.0.4147.105 Safari/537.36 OPR/70.0.3728.95"
104.164.168.10 - - [05/Feb/2026:18:06:58 -0700] "GET /wp-includes/js/dist/ HTTP/1.1" 200 23590 "-" "Mozilla/5.0 (Windows NT 10.0; Win64; x64; rv:73.0) Gecko/20100101 Firefox/73.0"
104.164.168.10 - - [05/Feb/2026:18:06:59 -0700] "GET /wp-includes/assets/ HTTP/1.1" 200 2315 "-" "Mozilla/5.0 (Windows NT 10.0; Win64; x64; rv:74.0) Gecko/20100101 Firefox/74.0"
104.164.168.10 - - [05/Feb/2026:18:06:59 -0700] "GET /wp-includes/assets/script-loader-packages.min.php HTTP/1.1" 200 - "-" "Mozilla/5.0 (Windows NT 10.0; Win64; x64) AppleWebKit/537.36 (KHTML, like Gecko) Chrome/83.0.4103.61 Safari/537.36"
104.164.168.10 - - [05/Feb/2026:18:06:59 -0700] "GET /wp-includes/assets/script-loader-packages.php HTTP/1.1" 200 - "-" "Mozilla/5.0 (Windows NT 10.0; Win64; x64) AppleWebKit/537.36 (KHTML, like Gecko) Chrome/69.0.3497.100 Safari/537.36"
104.164.168.10 - - [05/Feb/2026:18:07:00 -0700] "GET /wp-includes/assets/script-loader-react-refresh-entry.min.php HTTP/1.1" 200 - "-" "Mozilla/5.0 (compatible; MSIE 10.0; Windows NT 6.1; Trident/6.0)"
104.164.168.10 - - [05/Feb/2026:18:07:00 -0700] "GET /wp-includes/assets/script-loader-react-refresh-entry.php HTTP/1.1" 200 - "-" "Mozilla/5.0 (Windows NT 10.0; Win64; x64; rv:67.0) Gecko/20100101 Firefox/67.0"
104.164.168.10 - - [05/Feb/2026:18:07:01 -0700] "GET /wp-includes/assets/script-loader-react-refresh-runtime.min.php HTTP/1.1" 200 - "-" "Mozilla/5.0 (Windows NT 6.1; Win64; x64) AppleWebKit/537.36 (KHTML, like Gecko) Chrome/74.0.3729.169 Safari/537.36"
104.164.168.10 - - [05/Feb/2026:18:07:01 -0700] "GET /wp-includes/assets/script-loader-react-refresh-runtime.php HTTP/1.1" 200 - "-" "Mozilla/5.0 (Windows NT 10.0; Win64; x64; rv:71.0) Gecko/20100101 Firefox/71.0"
104.164.168.10 - - [05/Feb/2026:18:07:02 -0700] "GET /wp-includes/assets/script-modules-packages.min.php HTTP/1.1" 200 - "-" "Mozilla/5.0 (Windows NT 10.0; Win64; x64; rv:72.0) Gecko/20100101 Firefox/72.0"
104.164.168.10 - - [05/Feb/2026:18:07:02 -0700] "GET /wp-includes/assets/script-modules-packages.php HTTP/1.1" 200 - "-" "Mozilla/5.0 (Windows NT 6.1; Win64; x64) AppleWebKit/537.36 (KHTML, like Gecko) Chrome/58.0.3029.110 Safari/537.3"
104.164.168.10 - - [05/Feb/2026:18:07:02 -0700] "GET /wp-includes/sitemaps/ HTTP/1.1" 200 2048 "-" "Mozilla/5.0 (compatible; MSIE 10.0; Windows NT 6.1; Trident/6.0)"
104.164.168.10 - - [05/Feb/2026:18:07:03 -0700] "GET /wp-includes/sitemaps/class-wp-sitemaps-index.php HTTP/1.1" 200 - "-" "Mozilla/5.0 (Windows NT 10.0; Win64; x64) AppleWebKit/537.36 (KHTML, like Gecko) Chrome/70.0.3538.77 Safari/537.36"
104.164.168.10 - - [05/Feb/2026:18:07:03 -0700] "GET /wp-includes/sitemaps/class-wp-sitemaps-provider.php HTTP/1.1" 200 - "-" "Mozilla/5.0 (Windows NT 10.0; Win64; x64) AppleWebKit/537.36 (KHTML, like Gecko) Chrome/83.0.4103.61 Safari/537.36"
104.164.168.10 - - [05/Feb/2026:18:07:04 -0700] "GET /wp-includes/sitemaps/class-wp-sitemaps-registry.php HTTP/1.1" 200 - "-" "Mozilla/5.0 (X11; Ubuntu; Linux i686; rv:79.0) Gecko/20100101 Firefox/79.0"
104.164.168.10 - - [05/Feb/2026:18:07:04 -0700] "GET /wp-includes/sitemaps/class-wp-sitemaps-renderer.php HTTP/1.1" 200 - "-" "Mozilla/5.0 (Windows NT 10.0; Win64; x64) AppleWebKit/537.36 (KHTML, like Gecko) Chrome/79.0.3945.79 Safari/537.36"
104.164.168.10 - - [05/Feb/2026:18:07:04 -0700] "GET /wp-includes/sitemaps/class-wp-sitemaps-stylesheet.php HTTP/1.1" 200 - "-" "Mozilla/5.0 (Linux x86_64; rv:79.0) Gecko/20100101 Firefox/79.0"
104.164.168.10 - - [05/Feb/2026:18:07:05 -0700] "GET /wp-includes/sitemaps/class-wp-sitemaps.php HTTP/1.1" 200 - "-" "Mozilla/5.0 (Windows NT 6.1; Win64; x64) AppleWebKit/537.36 (KHTML, like Gecko) Chrome/80.0.3987.149 Safari/537.36"
162.240.103.0 - - [05/Feb/2026:18:07:12 -0700] "POST /wp-cron.php?doing_wp_cron=1770340032.5129001140594482421875 HTTP/1.1" 200 - "-" "WordPress/6.7.2; http://commanlawbk.datadazzle.com"
104.164.168.10 - - [05/Feb/2026:18:07:05 -0700] "GET /wp-content/plugins/erinyani/ HTTP/1.1" 404 63496 "-" "Mozilla/5.0 (Windows NT 10.0; Win64; x64) AppleWebKit/537.36 (KHTML, like Gecko) Chrome/74.0.3729.157 Safari/537.36"
104.164.168.9 - - [05/Feb/2026:18:06:47 -0700] "GET /manager.php HTTP/1.1" 404 63497 "-" "Mozilla/5.0 (Windows NT 10.0; Win64; x64; rv:71.0) Gecko/20100101 Firefox/71.0"
162.240.103.0 - - [05/Feb/2026:20:19:11 -0700] "GET /.well-known/acme-challenge/ZRTOTO13KCG1VW1CNYO3A132HGU7HAY7 HTTP/1.1" 200 64 "-" "Cpanel-HTTP-Client/1.0"
| ver. 1.4 |
Github
|
.
| PHP 8.2.30 | Генерация страницы: 0.04 |
proxy
|
phpinfo
|
Настройка