Файловый менеджер - Редактировать - /var/log/apache2/domlogs/pimjdymy/datadazzle.pim.jdy.mybluehostin.me-ssl_log
Назад
66.249.77.199 - - [05/Feb/2026:05:01:41 -0700] "GET /zhHant/product/surugaya/m87269900407?campaign_uid=f64d716db5e979ed2f947dbaf4296895b951ae7f HTTP/1.1" 302 330 "-" "Mozilla/5.0 (Linux; Android 6.0.1; Nexus 5X Build/MMB29P) AppleWebKit/537.36 (KHTML, like Gecko) Chrome/144.0.7559.109 Mobile Safari/537.36 (compatible; Googlebot/2.1; +http://www.google.com/bot.html)"
66.249.77.200 - - [05/Feb/2026:05:01:42 -0700] "GET /cgi-sys/suspendedpage.cgi?campaign_uid=f64d716db5e979ed2f947dbaf4296895b951ae7f HTTP/1.1" 200 7622 "-" "Mozilla/5.0 (Linux; Android 6.0.1; Nexus 5X Build/MMB29P) AppleWebKit/537.36 (KHTML, like Gecko) Chrome/144.0.7559.109 Mobile Safari/537.36 (compatible; Googlebot/2.1; +http://www.google.com/bot.html)"
66.249.72.67 - - [05/Feb/2026:05:06:34 -0700] "GET /cgi-sys/suspendedpage.cgi?callback=/product%2Fdetail%2m45732380079 HTTP/1.1" 200 7622 "-" "Mozilla/5.0 (Linux; Android 6.0.1; Nexus 5X Build/MMB29P) AppleWebKit/537.36 (KHTML, like Gecko) Chrome/144.0.7559.109 Mobile Safari/537.36 (compatible; Googlebot/2.1; +http://www.google.com/bot.html)"
138.246.253.24 - - [05/Feb/2026:05:39:18 -0700] "GET /robots.txt HTTP/1.1" 302 276 "-" "Mozilla/5.0 (Windows NT 10.0; Win64; x64) AppleWebKit/537.36 (KHTML, like Gecko) Chrome/103.0.5060.134 Safari/537.36"
66.249.72.66 - - [05/Feb/2026:06:18:08 -0700] "GET /zhHant/product/surugaya/m13404941678?campaign_uid=f64d716db5e979ed2f947dbaf4296895b951ae7f HTTP/1.1" 302 326 "-" "Mozilla/5.0 (Linux; Android 6.0.1; Nexus 5X Build/MMB29P) AppleWebKit/537.36 (KHTML, like Gecko) Chrome/144.0.7559.109 Mobile Safari/537.36 (compatible; Googlebot/2.1; +http://www.google.com/bot.html)"
66.249.72.66 - - [05/Feb/2026:06:36:01 -0700] "GET /category/103/1 HTTP/1.1" 200 557597 "-" "Mozilla/5.0 (Linux; Android 6.0.1; Nexus 5X Build/MMB29P) AppleWebKit/537.36 (KHTML, like Gecko) Chrome/144.0.7559.109 Mobile Safari/537.36 (compatible; Googlebot/2.1; +http://www.google.com/bot.html)"
66.249.72.65 - - [05/Feb/2026:06:36:05 -0700] "GET /drupal/themes/surugaya/new/images/icon/arrow-next-blue.svg HTTP/1.1" 200 561972 "https://datadazzle.com/category/103/1" "Mozilla/5.0 (Linux; Android 6.0.1; Nexus 5X Build/MMB29P) AppleWebKit/537.36 (KHTML, like Gecko) Chrome/143.0.7499.192 Mobile Safari/537.36 (compatible; Googlebot/2.1; +http://www.google.com/bot.html)"
66.249.77.200 - - [05/Feb/2026:06:53:54 -0700] "GET /cgi-sys/suspendedpage.cgi?items/151010423.html?srsltid=AfmBOohsyyqIWsyfwPium4mDCgGBbwkFDFjcjotP07Z4RFRFPuBf HTTP/1.1" 200 7622 "-" "Mozilla/5.0 (Linux; Android 6.0.1; Nexus 5X Build/MMB29P) AppleWebKit/537.36 (KHTML, like Gecko) Chrome/144.0.7559.109 Mobile Safari/537.36 (compatible; Googlebot/2.1; +http://www.google.com/bot.html)"
15.204.155.25 - - [05/Feb/2026:07:09:03 -0700] "POST /xmlrpc.php HTTP/1.1" 404 - "-" "Mozilla/5.0 (Windows NT 10.0; Win64; x64) AppleWebKit/537.36 (KHTML, like Gecko) Chrome/127.0.0.0 Safari/537.36"
15.204.155.25 - - [05/Feb/2026:07:09:33 -0700] "POST /xmlrpc.php HTTP/1.1" 404 - "-" "Mozilla/5.0 (Windows NT 10.0; Win64; x64) AppleWebKit/537.36 (KHTML, like Gecko) Chrome/127.0.0.0 Safari/537.36"
66.249.77.198 - - [05/Feb/2026:07:42:08 -0700] "GET /pcmypage?callback=/product%2Fdetail%2m80558521289 HTTP/1.1" 404 - "-" "Mozilla/5.0 (Linux; Android 6.0.1; Nexus 5X Build/MMB29P) AppleWebKit/537.36 (KHTML, like Gecko) Chrome/144.0.7559.109 Mobile Safari/537.36 (compatible; Googlebot/2.1; +http://www.google.com/bot.html)"
66.249.72.65 - - [05/Feb/2026:08:06:15 -0700] "GET /cgi-sys/suspendedpage.cgi?callback=/product%2Fdetail%2m97105389978 HTTP/1.1" 200 7622 "-" "Mozilla/5.0 (Linux; Android 6.0.1; Nexus 5X Build/MMB29P) AppleWebKit/537.36 (KHTML, like Gecko) Chrome/144.0.7559.109 Mobile Safari/537.36 (compatible; Googlebot/2.1; +http://www.google.com/bot.html)"
66.249.77.198 - - [05/Feb/2026:08:30:22 -0700] "GET /search.php?_ga=2.199473900.1959853458.1726612330-974054116.1699547692&_bdsid=86p9az.n~JPTSV.1721713414496.1726754075&_bd_prev_page=https://www.datadazzle.com/get.aspx?products/37ak2304 HTTP/1.1" 404 - "-" "Mozilla/5.0 (Linux; Android 6.0.1; Nexus 5X Build/MMB29P) AppleWebKit/537.36 (KHTML, like Gecko) Chrome/144.0.7559.109 Mobile Safari/537.36 (compatible; Googlebot/2.1; +http://www.google.com/bot.html)"
66.249.72.67 - - [05/Feb/2026:08:54:28 -0700] "GET /cgi-sys/suspendedpage.cgi?callback=/product%2Fdetail%2m43907689328 HTTP/1.1" 200 7622 "-" "Mozilla/5.0 (Linux; Android 6.0.1; Nexus 5X Build/MMB29P) AppleWebKit/537.36 (KHTML, like Gecko) Chrome/144.0.7559.109 Mobile Safari/537.36 (compatible; Googlebot/2.1; +http://www.google.com/bot.html)"
66.249.72.67 - - [05/Feb/2026:09:00:29 -0700] "GET /pcmypage?callback=/product%2Fdetail%2m25573837697 HTTP/1.1" 404 - "-" "Mozilla/5.0 (Linux; Android 6.0.1; Nexus 5X Build/MMB29P) AppleWebKit/537.36 (KHTML, like Gecko) Chrome/144.0.7559.109 Mobile Safari/537.36 (compatible; Googlebot/2.1; +http://www.google.com/bot.html)"
20.219.8.79 - - [05/Feb/2026:09:44:32 -0700] "GET /rip.php HTTP/1.1" 404 - "-" "Mozilla/5.0 (Windows NT 10.0; Win64; x64) AppleWebKit/537.36 (KHTML, like Gecko) Chrome/120.0.0.0 Safari/537.36"
20.219.8.79 - - [05/Feb/2026:09:44:32 -0700] "GET /about.php HTTP/1.1" 404 - "-" "Mozilla/5.0 (Windows NT 10.0; Win64; x64) AppleWebKit/537.36 (KHTML, like Gecko) Chrome/120.0.0.0 Safari/537.36"
20.219.8.79 - - [05/Feb/2026:09:44:32 -0700] "GET /wp-content/plugins/hello-dolly/ HTTP/1.1" 404 - "-" "Mozilla/5.0 (Windows NT 10.0; Win64; x64) AppleWebKit/537.36 (KHTML, like Gecko) Chrome/120.0.0.0 Safari/537.36"
20.219.8.79 - - [05/Feb/2026:09:44:32 -0700] "GET /wp-content/themes/admin.php HTTP/1.1" 404 - "-" "Mozilla/5.0 (Windows NT 10.0; Win64; x64) AppleWebKit/537.36 (KHTML, like Gecko) Chrome/120.0.0.0 Safari/537.36"
20.219.8.79 - - [05/Feb/2026:09:44:33 -0700] "GET /admin.php HTTP/1.1" 404 - "-" "Mozilla/5.0 (Windows NT 10.0; Win64; x64) AppleWebKit/537.36 (KHTML, like Gecko) Chrome/120.0.0.0 Safari/537.36"
20.219.8.79 - - [05/Feb/2026:09:44:33 -0700] "GET /adminfuns.php HTTP/1.1" 404 - "-" "Mozilla/5.0 (Windows NT 10.0; Win64; x64) AppleWebKit/537.36 (KHTML, like Gecko) Chrome/120.0.0.0 Safari/537.36"
20.219.8.79 - - [05/Feb/2026:09:44:33 -0700] "GET /wp-content/cache/ HTTP/1.1" 404 - "-" "Mozilla/5.0 (Windows NT 10.0; Win64; x64) AppleWebKit/537.36 (KHTML, like Gecko) Chrome/120.0.0.0 Safari/537.36"
20.219.8.79 - - [05/Feb/2026:09:44:33 -0700] "GET /wp-includes/js/thickbox/ HTTP/1.1" 404 - "-" "Mozilla/5.0 (Windows NT 10.0; Win64; x64) AppleWebKit/537.36 (KHTML, like Gecko) Chrome/120.0.0.0 Safari/537.36"
20.219.8.79 - - [05/Feb/2026:09:44:34 -0700] "GET /goods.php HTTP/1.1" 404 - "-" "Mozilla/5.0 (Windows NT 10.0; Win64; x64) AppleWebKit/537.36 (KHTML, like Gecko) Chrome/120.0.0.0 Safari/537.36"
20.219.8.79 - - [05/Feb/2026:09:44:34 -0700] "GET /sf.php HTTP/1.1" 404 - "-" "Mozilla/5.0 (Windows NT 10.0; Win64; x64) AppleWebKit/537.36 (KHTML, like Gecko) Chrome/120.0.0.0 Safari/537.36"
20.219.8.79 - - [05/Feb/2026:09:44:34 -0700] "GET /wp-admin/ HTTP/1.1" 404 - "-" "Mozilla/5.0 (Windows NT 10.0; Win64; x64) AppleWebKit/537.36 (KHTML, like Gecko) Chrome/120.0.0.0 Safari/537.36"
20.219.8.79 - - [05/Feb/2026:09:44:34 -0700] "GET /wp-admin/images/ HTTP/1.1" 404 - "-" "Mozilla/5.0 (Windows NT 10.0; Win64; x64) AppleWebKit/537.36 (KHTML, like Gecko) Chrome/120.0.0.0 Safari/537.36"
20.219.8.79 - - [05/Feb/2026:09:44:35 -0700] "GET /wp-content/admin.php HTTP/1.1" 404 - "-" "Mozilla/5.0 (Windows NT 10.0; Win64; x64) AppleWebKit/537.36 (KHTML, like Gecko) Chrome/120.0.0.0 Safari/537.36"
20.219.8.79 - - [05/Feb/2026:09:44:35 -0700] "GET /wp-content/uploads/admin.php HTTP/1.1" 404 - "-" "Mozilla/5.0 (Windows NT 10.0; Win64; x64) AppleWebKit/537.36 (KHTML, like Gecko) Chrome/120.0.0.0 Safari/537.36"
20.219.8.79 - - [05/Feb/2026:09:44:35 -0700] "GET /wp-includes/ HTTP/1.1" 404 - "-" "Mozilla/5.0 (Windows NT 10.0; Win64; x64) AppleWebKit/537.36 (KHTML, like Gecko) Chrome/120.0.0.0 Safari/537.36"
20.219.8.79 - - [05/Feb/2026:09:44:35 -0700] "GET /wp-includes/css/ HTTP/1.1" 404 - "-" "Mozilla/5.0 (Windows NT 10.0; Win64; x64) AppleWebKit/537.36 (KHTML, like Gecko) Chrome/120.0.0.0 Safari/537.36"
20.219.8.79 - - [05/Feb/2026:09:44:35 -0700] "GET /wp-includes/js/plupload/ HTTP/1.1" 404 - "-" "Mozilla/5.0 (Windows NT 10.0; Win64; x64) AppleWebKit/537.36 (KHTML, like Gecko) Chrome/120.0.0.0 Safari/537.36"
20.219.8.79 - - [05/Feb/2026:09:44:36 -0700] "GET /.well-known/ HTTP/1.1" 200 830 "-" "Mozilla/5.0 (Windows NT 10.0; Win64; x64) AppleWebKit/537.36 (KHTML, like Gecko) Chrome/120.0.0.0 Safari/537.36"
20.219.8.79 - - [05/Feb/2026:09:44:36 -0700] "GET /222.php HTTP/1.1" 404 - "-" "Mozilla/5.0 (Windows NT 10.0; Win64; x64) AppleWebKit/537.36 (KHTML, like Gecko) Chrome/120.0.0.0 Safari/537.36"
20.219.8.79 - - [05/Feb/2026:09:44:36 -0700] "GET /abcd.php HTTP/1.1" 404 - "-" "Mozilla/5.0 (Windows NT 10.0; Win64; x64) AppleWebKit/537.36 (KHTML, like Gecko) Chrome/120.0.0.0 Safari/537.36"
20.219.8.79 - - [05/Feb/2026:09:44:36 -0700] "GET /class-t.api.php HTTP/1.1" 404 - "-" "Mozilla/5.0 (Windows NT 10.0; Win64; x64) AppleWebKit/537.36 (KHTML, like Gecko) Chrome/120.0.0.0 Safari/537.36"
20.219.8.79 - - [05/Feb/2026:09:44:37 -0700] "GET /classwithtostring.php HTTP/1.1" 404 - "-" "Mozilla/5.0 (Windows NT 10.0; Win64; x64) AppleWebKit/537.36 (KHTML, like Gecko) Chrome/120.0.0.0 Safari/537.36"
20.219.8.79 - - [05/Feb/2026:09:44:37 -0700] "GET /file.php HTTP/1.1" 404 - "-" "Mozilla/5.0 (Windows NT 10.0; Win64; x64) AppleWebKit/537.36 (KHTML, like Gecko) Chrome/120.0.0.0 Safari/537.36"
20.219.8.79 - - [05/Feb/2026:09:44:37 -0700] "GET /info.php HTTP/1.1" 404 - "-" "Mozilla/5.0 (Windows NT 10.0; Win64; x64) AppleWebKit/537.36 (KHTML, like Gecko) Chrome/120.0.0.0 Safari/537.36"
20.219.8.79 - - [05/Feb/2026:09:44:37 -0700] "GET /wp-admin/css/colors/coffee/ HTTP/1.1" 404 - "-" "Mozilla/5.0 (Windows NT 10.0; Win64; x64) AppleWebKit/537.36 (KHTML, like Gecko) Chrome/120.0.0.0 Safari/537.36"
20.219.8.79 - - [05/Feb/2026:09:44:38 -0700] "GET /wp-admin/js/widgets/ HTTP/1.1" 404 - "-" "Mozilla/5.0 (Windows NT 10.0; Win64; x64) AppleWebKit/537.36 (KHTML, like Gecko) Chrome/120.0.0.0 Safari/537.36"
20.219.8.79 - - [05/Feb/2026:09:44:38 -0700] "GET /wp-content/languages/ HTTP/1.1" 404 - "-" "Mozilla/5.0 (Windows NT 10.0; Win64; x64) AppleWebKit/537.36 (KHTML, like Gecko) Chrome/120.0.0.0 Safari/537.36"
20.219.8.79 - - [05/Feb/2026:09:44:38 -0700] "GET /wp-content/languages/plugins/ HTTP/1.1" 404 - "-" "Mozilla/5.0 (Windows NT 10.0; Win64; x64) AppleWebKit/537.36 (KHTML, like Gecko) Chrome/120.0.0.0 Safari/537.36"
20.219.8.79 - - [05/Feb/2026:09:44:38 -0700] "GET /wp-content/themes/twentytwentyfour/ HTTP/1.1" 404 - "-" "Mozilla/5.0 (Windows NT 10.0; Win64; x64) AppleWebKit/537.36 (KHTML, like Gecko) Chrome/120.0.0.0 Safari/537.36"
20.219.8.79 - - [05/Feb/2026:09:44:39 -0700] "GET /wp-content/upgrade/ HTTP/1.1" 404 - "-" "Mozilla/5.0 (Windows NT 10.0; Win64; x64) AppleWebKit/537.36 (KHTML, like Gecko) Chrome/120.0.0.0 Safari/537.36"
20.219.8.79 - - [05/Feb/2026:09:44:39 -0700] "GET /wp-content/uploads/ HTTP/1.1" 404 - "-" "Mozilla/5.0 (Windows NT 10.0; Win64; x64) AppleWebKit/537.36 (KHTML, like Gecko) Chrome/120.0.0.0 Safari/537.36"
20.219.8.79 - - [05/Feb/2026:09:44:39 -0700] "GET /wp-good.php HTTP/1.1" 404 - "-" "Mozilla/5.0 (Windows NT 10.0; Win64; x64) AppleWebKit/537.36 (KHTML, like Gecko) Chrome/120.0.0.0 Safari/537.36"
20.219.8.79 - - [05/Feb/2026:09:44:39 -0700] "GET /wp-includes/js/jquery/ HTTP/1.1" 404 - "-" "Mozilla/5.0 (Windows NT 10.0; Win64; x64) AppleWebKit/537.36 (KHTML, like Gecko) Chrome/120.0.0.0 Safari/537.36"
20.219.8.79 - - [05/Feb/2026:09:44:40 -0700] "GET /wp-includes/js/jquery/ui/ HTTP/1.1" 404 - "-" "Mozilla/5.0 (Windows NT 10.0; Win64; x64) AppleWebKit/537.36 (KHTML, like Gecko) Chrome/120.0.0.0 Safari/537.36"
20.219.8.79 - - [05/Feb/2026:09:44:40 -0700] "GET /wp-includes/js/tinymce/themes/ HTTP/1.1" 404 - "-" "Mozilla/5.0 (Windows NT 10.0; Win64; x64) AppleWebKit/537.36 (KHTML, like Gecko) Chrome/120.0.0.0 Safari/537.36"
20.219.8.79 - - [05/Feb/2026:09:44:40 -0700] "GET /wp-includes/rest-api/ HTTP/1.1" 404 - "-" "Mozilla/5.0 (Windows NT 10.0; Win64; x64) AppleWebKit/537.36 (KHTML, like Gecko) Chrome/120.0.0.0 Safari/537.36"
54.88.41.43 - - [05/Feb/2026:10:44:33 -0700] "GET /.git/config HTTP/1.1" 404 - "-" "Mozilla/5.0 (Windows NT 10.0; Win64; x64; rv:133.0) Gecko/20100101 Firefox/133.0"
66.249.72.66 - - [05/Feb/2026:10:48:38 -0700] "GET /item/u5/144/ HTTP/1.1" 404 - "-" "Mozilla/5.0 (Linux; Android 6.0.1; Nexus 5X Build/MMB29P) AppleWebKit/537.36 (KHTML, like Gecko) Chrome/144.0.7559.109 Mobile Safari/537.36 (compatible; Googlebot/2.1; +http://www.google.com/bot.html)"
66.249.72.65 - - [05/Feb/2026:11:04:57 -0700] "GET /?goods/075040240 HTTP/1.1" 200 14 "-" "Mozilla/5.0 (Linux; Android 6.0.1; Nexus 5X Build/MMB29P) AppleWebKit/537.36 (KHTML, like Gecko) Chrome/144.0.7559.109 Mobile Safari/537.36 (compatible; Googlebot/2.1; +http://www.google.com/bot.html)"
213.209.159.175 - - [05/Feb/2026:11:12:19 -0700] "POST / HTTP/1.1" 200 14 "-" "Mozilla/5.0 (Windows NT 10.0; Win64; x64) AppleWebKit/537.36"
213.209.159.175 - - [05/Feb/2026:11:12:20 -0700] "POST / HTTP/1.1" 200 14 "-" "Mozilla/5.0 (Windows NT 10.0; Win64; x64) AppleWebKit/537.36"
66.249.72.65 - - [05/Feb/2026:11:16:59 -0700] "GET /?_gl=1*j4tctnd*_ga*GgvuQduyDkdWimNSzjbslqYUXGnY*_ga_SZNGQQXKL*WaV4XngBpmJYGiaFGQqWTGgHMirkAdxy53yveHDCIpLmffpC22F3KKk.*_gcl_au=1.1.199004477.171909297*_gcl_aw=HXR.172938187.k6CwmecbzTzGJDYziegHgFky7AYZE71OBbOtcy1ttddDh3CJdblMoM6doCO0cHmHHXEl7QxnoOo6pkfhV1LBLkJlYY..&_gz=2.196278799.195441429.179285186-862874581.169796496&_bdsid=ouexcy.n~KUJQR.173299977.179294242&_bd_prev_page=https://datadazzle.com/shop.php?item/u205/13558/ HTTP/1.1" 200 14 "-" "Mozilla/5.0 (Linux; Android 6.0.1; Nexus 5X Build/MMB29P) AppleWebKit/537.36 (KHTML, like Gecko) Chrome/144.0.7559.109 Mobile Safari/537.36 (compatible; Googlebot/2.1; +http://www.google.com/bot.html)"
18.205.59.136 - - [05/Feb/2026:11:17:40 -0700] "GET /app_dev.php/_profiler/empty/search/results?limit=10 HTTP/1.1" 404 - "-" "Mozilla/5.0 (Windows NT 10.0; Win64; x64; rv:133.0) Gecko/20100101 Firefox/133.0"
138.68.86.32 - - [05/Feb/2026:11:20:54 -0700] "GET / HTTP/1.1" 200 14 "-" "Mozilla/5.0 (l9scan/2.0.03e2330313e2034323e2236313; +https://leakix.net)"
152.77.98.132 - - [05/Feb/2026:11:20:54 -0700] "GET / HTTP/1.1" 200 14 "-" "Mozilla/5.0 (Windows NT 10.0; Win64; x64) AppleWebKit/537.36 (KHTML, like Gecko) Chrome/131.0.0.0 Safari/537.36"
152.77.98.132 - - [05/Feb/2026:11:20:54 -0700] "GET / HTTP/1.1" 200 14 "-" "Mozilla/5.0 (Windows NT 10.0; Win64; x64) AppleWebKit/537.36 (KHTML, like Gecko) Chrome/131.0.0.0 Safari/537.36"
138.68.86.32 - - [05/Feb/2026:11:20:55 -0700] "GET /server HTTP/1.1" 404 - "-" "Mozilla/5.0 (l9scan/2.0.03e2330313e2034323e2236313; +https://leakix.net)"
152.77.98.132 - - [05/Feb/2026:11:20:55 -0700] "POST /_internal/api/setup.php?action=exists HTTP/1.1" 404 - "-" "Mozilla/5.0 (Windows NT 10.0; Win64; x64) AppleWebKit/537.36 (KHTML, like Gecko) Chrome/131.0.0.0 Safari/537.36"
152.77.98.132 - - [05/Feb/2026:11:20:55 -0700] "POST /_internal/api/setup.php?action=exists HTTP/1.1" 404 - "-" "Mozilla/5.0 (Windows NT 10.0; Win64; x64) AppleWebKit/537.36 (KHTML, like Gecko) Chrome/131.0.0.0 Safari/537.36"
139.59.136.184 - - [05/Feb/2026:11:20:55 -0700] "GET / HTTP/1.1" 200 14 "-" "Mozilla/5.0 (l9scan/2.0.03e2330313e2034323e2236313; +https://leakix.net)"
152.77.98.132 - - [05/Feb/2026:11:20:55 -0700] "GET /login HTTP/1.1" 404 - "-" "Mozilla/5.0 (Windows NT 10.0; Win64; x64) AppleWebKit/537.36 (KHTML, like Gecko) Chrome/131.0.0.0 Safari/537.36"
152.77.98.132 - - [05/Feb/2026:11:20:55 -0700] "GET /login HTTP/1.1" 404 - "-" "Mozilla/5.0 (Windows NT 10.0; Win64; x64) AppleWebKit/537.36 (KHTML, like Gecko) Chrome/131.0.0.0 Safari/537.36"
139.59.136.184 - - [05/Feb/2026:11:20:55 -0700] "GET /server HTTP/1.1" 404 - "-" "Mozilla/5.0 (l9scan/2.0.03e2330313e2034323e2236313; +https://leakix.net)"
138.68.86.32 - - [05/Feb/2026:11:20:56 -0700] "GET /server-status HTTP/1.1" 404 - "-" "Mozilla/5.0 (l9scan/2.0.03e2330313e2034323e2236313; +https://leakix.net)"
139.59.136.184 - - [05/Feb/2026:11:20:56 -0700] "GET /server-status HTTP/1.1" 404 - "-" "Mozilla/5.0 (l9scan/2.0.03e2330313e2034323e2236313; +https://leakix.net)"
138.68.86.32 - - [05/Feb/2026:11:20:58 -0700] "GET /about HTTP/1.1" 404 - "-" "Mozilla/5.0 (l9scan/2.0.03e2330313e2034323e2236313; +https://leakix.net)"
139.59.136.184 - - [05/Feb/2026:11:20:58 -0700] "GET /about HTTP/1.1" 404 - "-" "Mozilla/5.0 (l9scan/2.0.03e2330313e2034323e2236313; +https://leakix.net)"
138.68.86.32 - - [05/Feb/2026:11:20:59 -0700] "GET /login.action HTTP/1.1" 404 - "-" "Mozilla/5.0 (l9scan/2.0.03e2330313e2034323e2236313; +https://leakix.net)"
139.59.136.184 - - [05/Feb/2026:11:20:59 -0700] "GET /login.action HTTP/1.1" 404 - "-" "Mozilla/5.0 (l9scan/2.0.03e2330313e2034323e2236313; +https://leakix.net)"
138.68.86.32 - - [05/Feb/2026:11:21:00 -0700] "GET /v2/_catalog HTTP/1.1" 404 - "-" "Mozilla/5.0 (l9scan/2.0.03e2330313e2034323e2236313; +https://leakix.net)"
138.68.86.32 - - [05/Feb/2026:11:21:00 -0700] "GET /.DS_Store HTTP/1.1" 404 - "-" "Mozilla/5.0 (l9scan/2.0.03e2330313e2034323e2236313; +https://leakix.net)"
139.59.136.184 - - [05/Feb/2026:11:21:00 -0700] "GET /v2/_catalog HTTP/1.1" 404 - "-" "Mozilla/5.0 (l9scan/2.0.03e2330313e2034323e2236313; +https://leakix.net)"
139.59.136.184 - - [05/Feb/2026:11:21:01 -0700] "GET /.DS_Store HTTP/1.1" 404 - "-" "Mozilla/5.0 (l9scan/2.0.03e2330313e2034323e2236313; +https://leakix.net)"
138.68.86.32 - - [05/Feb/2026:11:21:01 -0700] "GET /.env HTTP/1.1" 404 - "-" "Mozilla/5.0 (l9scan/2.0.03e2330313e2034323e2236313; +https://leakix.net)"
139.59.136.184 - - [05/Feb/2026:11:21:02 -0700] "GET /.env HTTP/1.1" 404 - "-" "Mozilla/5.0 (l9scan/2.0.03e2330313e2034323e2236313; +https://leakix.net)"
138.68.86.32 - - [05/Feb/2026:11:21:03 -0700] "GET /ecp/Current/exporttool/microsoft.exchange.ediscovery.exporttool.application HTTP/1.1" 404 - "-" "Mozilla/5.0 (l9scan/2.0.03e2330313e2034323e2236313; +https://leakix.net)"
139.59.136.184 - - [05/Feb/2026:11:21:04 -0700] "GET /ecp/Current/exporttool/microsoft.exchange.ediscovery.exporttool.application HTTP/1.1" 404 - "-" "Mozilla/5.0 (l9scan/2.0.03e2330313e2034323e2236313; +https://leakix.net)"
138.68.86.32 - - [05/Feb/2026:11:21:05 -0700] "GET /.git/config HTTP/1.1" 404 - "-" "Mozilla/5.0 (l9scan/2.0.03e2330313e2034323e2236313; +https://leakix.net)"
139.59.136.184 - - [05/Feb/2026:11:21:06 -0700] "GET /.git/config HTTP/1.1" 404 - "-" "Mozilla/5.0 (l9scan/2.0.03e2330313e2034323e2236313; +https://leakix.net)"
138.68.86.32 - - [05/Feb/2026:11:21:06 -0700] "POST /graphql HTTP/1.1" 404 - "-" "Mozilla/5.0 (l9scan/2.0.03e2330313e2034323e2236313; +https://leakix.net)"
138.68.86.32 - - [05/Feb/2026:11:21:06 -0700] "POST /api HTTP/1.1" 404 - "-" "Mozilla/5.0 (l9scan/2.0.03e2330313e2034323e2236313; +https://leakix.net)"
139.59.136.184 - - [05/Feb/2026:11:21:07 -0700] "POST /graphql HTTP/1.1" 404 - "-" "Mozilla/5.0 (l9scan/2.0.03e2330313e2034323e2236313; +https://leakix.net)"
138.68.86.32 - - [05/Feb/2026:11:21:07 -0700] "POST /api/graphql HTTP/1.1" 404 - "-" "Mozilla/5.0 (l9scan/2.0.03e2330313e2034323e2236313; +https://leakix.net)"
66.249.72.66 - - [05/Feb/2026:11:21:07 -0700] "GET /item/u294/29607/ HTTP/1.1" 404 - "-" "Mozilla/5.0 (Linux; Android 6.0.1; Nexus 5X Build/MMB29P) AppleWebKit/537.36 (KHTML, like Gecko) Chrome/144.0.7559.109 Mobile Safari/537.36 (compatible; Googlebot/2.1; +http://www.google.com/bot.html)"
139.59.136.184 - - [05/Feb/2026:11:21:07 -0700] "POST /api HTTP/1.1" 404 - "-" "Mozilla/5.0 (l9scan/2.0.03e2330313e2034323e2236313; +https://leakix.net)"
138.68.86.32 - - [05/Feb/2026:11:21:07 -0700] "POST /graphql/api HTTP/1.1" 404 - "-" "Mozilla/5.0 (l9scan/2.0.03e2330313e2034323e2236313; +https://leakix.net)"
139.59.136.184 - - [05/Feb/2026:11:21:08 -0700] "POST /api/graphql HTTP/1.1" 404 - "-" "Mozilla/5.0 (l9scan/2.0.03e2330313e2034323e2236313; +https://leakix.net)"
138.68.86.32 - - [05/Feb/2026:11:21:08 -0700] "POST /api/gql HTTP/1.1" 404 - "-" "Mozilla/5.0 (l9scan/2.0.03e2330313e2034323e2236313; +https://leakix.net)"
139.59.136.184 - - [05/Feb/2026:11:21:08 -0700] "POST /graphql/api HTTP/1.1" 404 - "-" "Mozilla/5.0 (l9scan/2.0.03e2330313e2034323e2236313; +https://leakix.net)"
138.68.86.32 - - [05/Feb/2026:11:21:08 -0700] "GET /s/03e2330313e2034323e2236313/_/;/META-INF/maven/com.atlassian.jira/jira-webapp-dist/pom.properties HTTP/1.1" 404 - "-" "Mozilla/5.0 (l9scan/2.0.03e2330313e2034323e2236313; +https://leakix.net)"
139.59.136.184 - - [05/Feb/2026:11:21:09 -0700] "POST /api/gql HTTP/1.1" 404 - "-" "Mozilla/5.0 (l9scan/2.0.03e2330313e2034323e2236313; +https://leakix.net)"
139.59.136.184 - - [05/Feb/2026:11:21:09 -0700] "GET /s/03e2330313e2034323e2236313/_/;/META-INF/maven/com.atlassian.jira/jira-webapp-dist/pom.properties HTTP/1.1" 404 - "-" "Mozilla/5.0 (l9scan/2.0.03e2330313e2034323e2236313; +https://leakix.net)"
138.68.86.32 - - [05/Feb/2026:11:21:09 -0700] "GET /config.json HTTP/1.1" 404 - "-" "Mozilla/5.0 (l9scan/2.0.03e2330313e2034323e2236313; +https://leakix.net)"
139.59.136.184 - - [05/Feb/2026:11:21:10 -0700] "GET /config.json HTTP/1.1" 404 - "-" "Mozilla/5.0 (l9scan/2.0.03e2330313e2034323e2236313; +https://leakix.net)"
138.68.86.32 - - [05/Feb/2026:11:21:11 -0700] "GET /telescope/requests HTTP/1.1" 404 - "-" "Mozilla/5.0 (l9scan/2.0.03e2330313e2034323e2236313; +https://leakix.net)"
138.68.86.32 - - [05/Feb/2026:11:21:12 -0700] "GET /info.php HTTP/1.1" 404 - "-" "Mozilla/5.0 (l9scan/2.0.03e2330313e2034323e2236313; +https://leakix.net)"
139.59.136.184 - - [05/Feb/2026:11:21:12 -0700] "GET /telescope/requests HTTP/1.1" 404 - "-" "Mozilla/5.0 (l9scan/2.0.03e2330313e2034323e2236313; +https://leakix.net)"
139.59.136.184 - - [05/Feb/2026:11:21:13 -0700] "GET /info.php HTTP/1.1" 404 - "-" "Mozilla/5.0 (l9scan/2.0.03e2330313e2034323e2236313; +https://leakix.net)"
138.68.86.32 - - [05/Feb/2026:11:21:13 -0700] "GET /.well-known/security.txt HTTP/1.1" 404 - "-" "Mozilla/5.0 (l9scan/2.0.03e2330313e2034323e2236313; +https://leakix.net)"
139.59.136.184 - - [05/Feb/2026:11:21:14 -0700] "GET /.well-known/security.txt HTTP/1.1" 404 - "-" "Mozilla/5.0 (l9scan/2.0.03e2330313e2034323e2236313; +https://leakix.net)"
138.68.86.32 - - [05/Feb/2026:11:21:14 -0700] "GET /actuator/env HTTP/1.1" 404 - "-" "Mozilla/5.0 (l9scan/2.0.03e2330313e2034323e2236313; +https://leakix.net)"
139.59.136.184 - - [05/Feb/2026:11:21:15 -0700] "GET /actuator/env HTTP/1.1" 404 - "-" "Mozilla/5.0 (l9scan/2.0.03e2330313e2034323e2236313; +https://leakix.net)"
138.68.86.32 - - [05/Feb/2026:11:21:16 -0700] "GET /swagger-ui.html HTTP/1.1" 404 - "-" "Mozilla/5.0 (l9scan/2.0.03e2330313e2034323e2236313; +https://leakix.net)"
139.59.136.184 - - [05/Feb/2026:11:21:17 -0700] "GET /swagger-ui.html HTTP/1.1" 404 - "-" "Mozilla/5.0 (l9scan/2.0.03e2330313e2034323e2236313; +https://leakix.net)"
138.68.86.32 - - [05/Feb/2026:11:21:17 -0700] "GET /swagger/index.html HTTP/1.1" 404 - "-" "Mozilla/5.0 (l9scan/2.0.03e2330313e2034323e2236313; +https://leakix.net)"
139.59.136.184 - - [05/Feb/2026:11:21:18 -0700] "GET /swagger/index.html HTTP/1.1" 404 - "-" "Mozilla/5.0 (l9scan/2.0.03e2330313e2034323e2236313; +https://leakix.net)"
138.68.86.32 - - [05/Feb/2026:11:21:18 -0700] "GET /swagger/swagger-ui.html HTTP/1.1" 404 - "-" "Mozilla/5.0 (l9scan/2.0.03e2330313e2034323e2236313; +https://leakix.net)"
139.59.136.184 - - [05/Feb/2026:11:21:19 -0700] "GET /swagger/swagger-ui.html HTTP/1.1" 404 - "-" "Mozilla/5.0 (l9scan/2.0.03e2330313e2034323e2236313; +https://leakix.net)"
138.68.86.32 - - [05/Feb/2026:11:21:19 -0700] "GET /webjars/swagger-ui/index.html HTTP/1.1" 404 - "-" "Mozilla/5.0 (l9scan/2.0.03e2330313e2034323e2236313; +https://leakix.net)"
139.59.136.184 - - [05/Feb/2026:11:21:20 -0700] "GET /webjars/swagger-ui/index.html HTTP/1.1" 404 - "-" "Mozilla/5.0 (l9scan/2.0.03e2330313e2034323e2236313; +https://leakix.net)"
138.68.86.32 - - [05/Feb/2026:11:21:20 -0700] "GET /swagger.json HTTP/1.1" 404 - "-" "Mozilla/5.0 (l9scan/2.0.03e2330313e2034323e2236313; +https://leakix.net)"
139.59.136.184 - - [05/Feb/2026:11:21:21 -0700] "GET /swagger.json HTTP/1.1" 404 - "-" "Mozilla/5.0 (l9scan/2.0.03e2330313e2034323e2236313; +https://leakix.net)"
138.68.86.32 - - [05/Feb/2026:11:21:21 -0700] "GET /swagger/v1/swagger.json HTTP/1.1" 404 - "-" "Mozilla/5.0 (l9scan/2.0.03e2330313e2034323e2236313; +https://leakix.net)"
139.59.136.184 - - [05/Feb/2026:11:21:22 -0700] "GET /swagger/v1/swagger.json HTTP/1.1" 404 - "-" "Mozilla/5.0 (l9scan/2.0.03e2330313e2034323e2236313; +https://leakix.net)"
138.68.86.32 - - [05/Feb/2026:11:21:22 -0700] "GET /v2/api-docs HTTP/1.1" 404 - "-" "Mozilla/5.0 (l9scan/2.0.03e2330313e2034323e2236313; +https://leakix.net)"
139.59.136.184 - - [05/Feb/2026:11:21:23 -0700] "GET /v2/api-docs HTTP/1.1" 404 - "-" "Mozilla/5.0 (l9scan/2.0.03e2330313e2034323e2236313; +https://leakix.net)"
138.68.86.32 - - [05/Feb/2026:11:21:23 -0700] "GET /v3/api-docs HTTP/1.1" 404 - "-" "Mozilla/5.0 (l9scan/2.0.03e2330313e2034323e2236313; +https://leakix.net)"
139.59.136.184 - - [05/Feb/2026:11:21:24 -0700] "GET /v3/api-docs HTTP/1.1" 404 - "-" "Mozilla/5.0 (l9scan/2.0.03e2330313e2034323e2236313; +https://leakix.net)"
138.68.86.32 - - [05/Feb/2026:11:21:24 -0700] "GET /api-docs/swagger.json HTTP/1.1" 404 - "-" "Mozilla/5.0 (l9scan/2.0.03e2330313e2034323e2236313; +https://leakix.net)"
139.59.136.184 - - [05/Feb/2026:11:21:25 -0700] "GET /api-docs/swagger.json HTTP/1.1" 404 - "-" "Mozilla/5.0 (l9scan/2.0.03e2330313e2034323e2236313; +https://leakix.net)"
138.68.86.32 - - [05/Feb/2026:11:21:25 -0700] "GET /api/swagger.json HTTP/1.1" 404 - "-" "Mozilla/5.0 (l9scan/2.0.03e2330313e2034323e2236313; +https://leakix.net)"
139.59.136.184 - - [05/Feb/2026:11:21:26 -0700] "GET /api/swagger.json HTTP/1.1" 404 - "-" "Mozilla/5.0 (l9scan/2.0.03e2330313e2034323e2236313; +https://leakix.net)"
138.68.86.32 - - [05/Feb/2026:11:21:26 -0700] "GET /@vite/env HTTP/1.1" 404 - "-" "Mozilla/5.0 (l9scan/2.0.03e2330313e2034323e2236313; +https://leakix.net)"
139.59.136.184 - - [05/Feb/2026:11:21:27 -0700] "GET /@vite/env HTTP/1.1" 404 - "-" "Mozilla/5.0 (l9scan/2.0.03e2330313e2034323e2236313; +https://leakix.net)"
138.68.86.32 - - [05/Feb/2026:11:21:27 -0700] "GET /.vscode/sftp.json HTTP/1.1" 404 - "-" "Mozilla/5.0 (l9scan/2.0.03e2330313e2034323e2236313; +https://leakix.net)"
139.59.136.184 - - [05/Feb/2026:11:21:28 -0700] "GET /.vscode/sftp.json HTTP/1.1" 404 - "-" "Mozilla/5.0 (l9scan/2.0.03e2330313e2034323e2236313; +https://leakix.net)"
138.68.86.32 - - [05/Feb/2026:11:21:28 -0700] "OPTIONS / HTTP/1.1" 200 14 "-" "Mozilla/5.0 (l9scan/2.0.03e2330313e2034323e2236313; +https://leakix.net)"
139.59.136.184 - - [05/Feb/2026:11:21:29 -0700] "OPTIONS / HTTP/1.1" 200 14 "-" "Mozilla/5.0 (l9scan/2.0.03e2330313e2034323e2236313; +https://leakix.net)"
138.68.86.32 - - [05/Feb/2026:11:21:29 -0700] "GET /?rest_route=/wp/v2/users/ HTTP/1.1" 200 14 "-" "Mozilla/5.0 (l9scan/2.0.03e2330313e2034323e2236313; +https://leakix.net)"
138.68.86.32 - - [05/Feb/2026:11:21:30 -0700] "GET /debug/default/view?panel=config HTTP/1.1" 404 - "-" "Mozilla/5.0 (l9scan/2.0.03e2330313e2034323e2236313; +https://leakix.net)"
139.59.136.184 - - [05/Feb/2026:11:21:30 -0700] "GET /?rest_route=/wp/v2/users/ HTTP/1.1" 200 14 "-" "Mozilla/5.0 (l9scan/2.0.03e2330313e2034323e2236313; +https://leakix.net)"
139.59.136.184 - - [05/Feb/2026:11:21:31 -0700] "GET /debug/default/view?panel=config HTTP/1.1" 404 - "-" "Mozilla/5.0 (l9scan/2.0.03e2330313e2034323e2236313; +https://leakix.net)"
146.70.185.32 - - [05/Feb/2026:11:25:00 -0700] "HEAD / HTTP/1.1" 200 - "-" "Mozilla/5.0 (Windows NT 10.0; Win64; x64) AppleWebKit/537.36 (KHTML, like Gecko) Chrome/58.0.3029.110 Safari/537.3"
146.70.185.32 - - [05/Feb/2026:11:25:01 -0700] "HEAD / HTTP/1.1" 200 - "-" "Mozilla/5.0 (Windows NT 10.0; Win64; x64) AppleWebKit/537.36 (KHTML, like Gecko) Chrome/58.0.3029.110 Safari/537.3"
66.249.72.67 - - [05/Feb/2026:11:29:00 -0700] "GET /item/u64/46411/ HTTP/1.1" 404 - "-" "Mozilla/5.0 (Linux; Android 6.0.1; Nexus 5X Build/MMB29P) AppleWebKit/537.36 (KHTML, like Gecko) Chrome/144.0.7559.109 Mobile Safari/537.36 (compatible; Googlebot/2.1; +http://www.google.com/bot.html)"
103.4.251.137 - - [05/Feb/2026:11:33:43 -0700] "GET / HTTP/1.1" 200 14 "-" "Mozilla/5.0 (Macintosh; Intel Mac OS X 10_15_7) AppleWebKit/537.36 (KHTML, like Gecko) Chrome/116.0.0.0 Safari/537.36"
103.4.251.187 - - [05/Feb/2026:11:33:43 -0700] "GET / HTTP/1.1" 200 14 "-" "Mozilla/5.0 (Windows NT 10.0; Win64; x64) AppleWebKit/537.36 (KHTML, like Gecko) Chrome/116.0.0.0 Safari/537.36"
103.4.251.137 - - [05/Feb/2026:11:33:49 -0700] "GET / HTTP/1.1" 200 14 "-" "Mozilla/5.0 (Macintosh; Intel Mac OS X 10_15_7) AppleWebKit/537.36 (KHTML, like Gecko) Chrome/117.0.0.0 Safari/537.36"
66.249.72.65 - - [05/Feb/2026:11:41:02 -0700] "GET /pcmypage?callback=/product%2Fdetail%2m31393847335 HTTP/1.1" 404 - "-" "Mozilla/5.0 (Linux; Android 6.0.1; Nexus 5X Build/MMB29P) AppleWebKit/537.36 (KHTML, like Gecko) Chrome/144.0.7559.109 Mobile Safari/537.36 (compatible; Googlebot/2.1; +http://www.google.com/bot.html)"
66.249.72.65 - - [05/Feb/2026:11:53:04 -0700] "GET /item/u22/46495/ HTTP/1.1" 404 - "-" "Mozilla/5.0 (Linux; Android 6.0.1; Nexus 5X Build/MMB29P) AppleWebKit/537.36 (KHTML, like Gecko) Chrome/144.0.7559.109 Mobile Safari/537.36 (compatible; Googlebot/2.1; +http://www.google.com/bot.html)"
66.249.72.67 - - [05/Feb/2026:12:05:06 -0700] "GET /item/u76/39237/ HTTP/1.1" 404 - "-" "Mozilla/5.0 (Linux; Android 6.0.1; Nexus 5X Build/MMB29P) AppleWebKit/537.36 (KHTML, like Gecko) Chrome/144.0.7559.109 Mobile Safari/537.36 (compatible; Googlebot/2.1; +http://www.google.com/bot.html)"
45.156.128.148 - - [05/Feb/2026:12:12:20 -0700] "GET / HTTP/1.1" 200 14 "-" "Mozilla/5.0 (Windows NT 10.0; Win64; x64) AppleWebKit/537.36 (KHTML, like Gecko) Chrome/60.0.3112.113 Safari/537.36"
45.156.128.148 - - [05/Feb/2026:12:12:37 -0700] "GET / HTTP/1.1" 200 14 "-" "Mozilla/5.0 (Windows NT 10.0; Win64; x64) AppleWebKit/537.36 (KHTML, like Gecko) Chrome/60.0.3112.113 Safari/537.36"
45.156.128.150 - - [05/Feb/2026:12:12:41 -0700] "GET /login.do HTTP/1.1" 404 - "-" "Mozilla/5.0 (Windows NT 10.0; Win64; x64) AppleWebKit/537.36 (KHTML, like Gecko) Chrome/60.0.3112.113 Safari/537.36"
45.156.128.148 - - [05/Feb/2026:12:13:00 -0700] "GET / HTTP/1.1" 200 14 "-" "Mozilla/5.0 (Windows NT 10.0; Win64; x64) AppleWebKit/537.36 (KHTML, like Gecko) Chrome/60.0.3112.113 Safari/537.36"
45.156.128.148 - - [05/Feb/2026:12:13:01 -0700] "GET /aspera/faspex/ HTTP/1.1" 404 - "-" "Mozilla/5.0 (Windows NT 10.0; Win64; x64) AppleWebKit/537.36 (KHTML, like Gecko) Chrome/60.0.3112.113 Safari/537.36"
45.156.128.149 - - [05/Feb/2026:12:13:01 -0700] "GET /favicon.ico HTTP/1.1" 404 - "-" "Mozilla/5.0 (Windows NT 10.0; Win64; x64) AppleWebKit/537.36 (KHTML, like Gecko) Chrome/60.0.3112.113 Safari/537.36"
45.156.128.150 - - [05/Feb/2026:12:13:13 -0700] "GET /console HTTP/1.1" 404 - "-" "Mozilla/5.0 (Windows NT 10.0; Win64; x64) AppleWebKit/537.36 (KHTML, like Gecko) Chrome/60.0.3112.113 Safari/537.36"
45.156.128.149 - - [05/Feb/2026:12:13:31 -0700] "GET /solr/ HTTP/1.1" 404 - "-" "Mozilla/5.0 (Windows NT 10.0; Win64; x64) AppleWebKit/537.36 (KHTML, like Gecko) Chrome/60.0.3112.113 Safari/537.36"
45.156.128.148 - - [05/Feb/2026:12:13:42 -0700] "GET /login HTTP/1.1" 404 - "-" "Mozilla/5.0 (Windows NT 10.0; Win64; x64) AppleWebKit/537.36 (KHTML, like Gecko) Chrome/60.0.3112.113 Safari/537.36"
45.156.128.151 - - [05/Feb/2026:12:14:01 -0700] "GET /cf_scripts/scripts/ajax/ckeditor/ckeditor.js HTTP/1.1" 404 - "-" "Mozilla/5.0 (Windows NT 10.0; Win64; x64) AppleWebKit/537.36 (KHTML, like Gecko) Chrome/60.0.3112.113 Safari/537.36"
45.156.128.150 - - [05/Feb/2026:12:14:03 -0700] "GET / HTTP/1.1" 200 14 "-" "Mozilla/5.0 (Windows NT 10.0; Win64; x64) AppleWebKit/537.36 (KHTML, like Gecko) Chrome/60.0.3112.113 Safari/537.36"
45.156.128.151 - - [05/Feb/2026:12:14:04 -0700] "GET /license.txt HTTP/1.1" 404 - "-" "Mozilla/5.0 (Windows NT 10.0; Win64; x64) AppleWebKit/537.36 (KHTML, like Gecko) Chrome/60.0.3112.113 Safari/537.36"
45.156.128.149 - - [05/Feb/2026:12:14:25 -0700] "GET /wp-json HTTP/1.1" 404 - "-" "Mozilla/5.0 (Windows NT 10.0; Win64; x64) AppleWebKit/537.36 (KHTML, like Gecko) Chrome/60.0.3112.113 Safari/537.36"
45.156.128.150 - - [05/Feb/2026:12:14:42 -0700] "GET / HTTP/1.1" 200 14 "-" "Mozilla/5.0 (Windows NT 10.0; Win64; x64) AppleWebKit/537.36 (KHTML, like Gecko) Chrome/60.0.3112.113 Safari/537.36"
45.156.128.148 - - [05/Feb/2026:12:14:43 -0700] "GET /owa/ HTTP/1.1" 404 - "-" "Mozilla/5.0 (Windows NT 10.0; Win64; x64) AppleWebKit/537.36 (KHTML, like Gecko) Chrome/60.0.3112.113 Safari/537.36"
45.156.128.148 - - [05/Feb/2026:12:14:45 -0700] "GET /favicon.ico HTTP/1.1" 404 - "-" "Mozilla/5.0 (Windows NT 10.0; WOW64) AppleWebKit/537.36 (KHTML, like Gecko) Chrome/66.0.3359.117 Safari/537.36"
104.252.191.126 - - [05/Feb/2026:12:15:25 -0700] "GET / HTTP/1.1" 200 14 "-" "Mozilla/5.0 (X11; Linux x86_64) AppleWebKit/537.36 (KHTML, like Gecko) Chrome/116.0.0.0 Safari/537.36"
104.252.191.99 - - [05/Feb/2026:12:15:25 -0700] "GET / HTTP/1.1" 200 14 "-" "Mozilla/5.0 (Macintosh; Intel Mac OS X 10_15_7) AppleWebKit/537.36 (KHTML, like Gecko) Chrome/117.0.0.0 Safari/537.36"
104.252.191.126 - - [05/Feb/2026:12:15:31 -0700] "GET / HTTP/1.1" 200 14 "-" "Mozilla/5.0 (Windows NT 10.0; Win64; x64) AppleWebKit/537.36 (KHTML, like Gecko) Chrome/116.0.0.0 Safari/537.36"
206.188.196.165 - - [05/Feb/2026:12:21:08 -0700] "GET / HTTP/1.1" 200 14 "-" "Mozilla/5.0 (Windows NT 10.0; Win64; x64) AppleWebKit/537.36 (KHTML, like Gecko) Chrome/130.0.0.0 Safari/537.36 Edg/130.0.0.0"
66.249.72.66 - - [05/Feb/2026:12:29:09 -0700] "GET /item/u81/6686/ HTTP/1.1" 404 - "-" "Mozilla/5.0 (Linux; Android 6.0.1; Nexus 5X Build/MMB29P) AppleWebKit/537.36 (KHTML, like Gecko) Chrome/144.0.7559.109 Mobile Safari/537.36 (compatible; Googlebot/2.1; +http://www.google.com/bot.html)"
104.164.173.53 - - [05/Feb/2026:12:37:19 -0700] "GET / HTTP/1.1" 200 14 "-" "Mozilla/5.0 (X11; Linux x86_64) AppleWebKit/537.36 (KHTML, like Gecko) Chrome/116.0.0.0 Safari/537.36"
104.164.126.109 - - [05/Feb/2026:12:37:30 -0700] "GET / HTTP/1.1" 200 14 "-" "Mozilla/5.0 (Windows NT 10.0; Win64; x64) AppleWebKit/537.36 (KHTML, like Gecko) Chrome/116.0.0.0 Safari/537.36"
104.164.126.109 - - [05/Feb/2026:12:37:52 -0700] "GET / HTTP/1.1" 200 14 "-" "Mozilla/5.0 (X11; Linux x86_64) AppleWebKit/537.36 (KHTML, like Gecko) Chrome/117.0.0.0 Safari/537.36"
66.249.72.65 - - [05/Feb/2026:12:41:11 -0700] "GET /zhHant/product/surugaya/m23426130628?campaign_uid=f64d716db5e979ed2f947dbaf4296895b951ae7f HTTP/1.1" 404 - "-" "Mozilla/5.0 (Linux; Android 6.0.1; Nexus 5X Build/MMB29P) AppleWebKit/537.36 (KHTML, like Gecko) Chrome/144.0.7559.109 Mobile Safari/537.36 (compatible; Googlebot/2.1; +http://www.google.com/bot.html)"
74.7.228.41 - - [05/Feb/2026:12:43:42 -0700] "GET /robots.txt HTTP/1.1" 404 - "-" "Mozilla/5.0 (Macintosh; Intel Mac OS X 10_15_7) AppleWebKit/537.36 (KHTML, like Gecko) Chrome/131.0.0.0 Safari/537.36; compatible; OAI-SearchBot/1.3; robots.txt; +https://openai.com/searchbot"
74.7.242.17 - - [05/Feb/2026:12:43:42 -0700] "GET / HTTP/1.1" 200 14 "-" "Mozilla/5.0 AppleWebKit/537.36 (KHTML, like Gecko; compatible; GPTBot/1.3; +https://openai.com/gptbot)"
44.203.170.165 - - [05/Feb/2026:12:44:33 -0700] "GET /datadazzle.tar.gz HTTP/1.1" 404 - "-" "Mozilla/5.0 (Windows NT 10.0; Win64; x64; rv:133.0) Gecko/20100101 Firefox/133.0"
44.203.170.165 - - [05/Feb/2026:12:44:33 -0700] "GET /public_html.tar HTTP/1.1" 404 - "-" "Mozilla/5.0 (Windows NT 10.0; Win64; x64; rv:133.0) Gecko/20100101 Firefox/133.0"
44.203.170.165 - - [05/Feb/2026:12:44:33 -0700] "GET /includes.tar.gz HTTP/1.1" 404 - "-" "Mozilla/5.0 (Windows NT 10.0; Win64; x64; rv:133.0) Gecko/20100101 Firefox/133.0"
44.203.170.165 - - [05/Feb/2026:12:44:33 -0700] "GET /datadazzle.zip HTTP/1.1" 404 - "-" "Mozilla/5.0 (Windows NT 10.0; Win64; x64; rv:133.0) Gecko/20100101 Firefox/133.0"
44.203.170.165 - - [05/Feb/2026:12:44:33 -0700] "GET /config.zip HTTP/1.1" 404 - "-" "Mozilla/5.0 (Windows NT 10.0; Win64; x64; rv:133.0) Gecko/20100101 Firefox/133.0"
44.203.170.165 - - [05/Feb/2026:12:44:33 -0700] "GET /datadazzle.tar HTTP/1.1" 404 - "-" "Mozilla/5.0 (Windows NT 10.0; Win64; x64; rv:133.0) Gecko/20100101 Firefox/133.0"
44.203.170.165 - - [05/Feb/2026:12:44:33 -0700] "GET /includes.zip HTTP/1.1" 404 - "-" "Mozilla/5.0 (Windows NT 10.0; Win64; x64; rv:133.0) Gecko/20100101 Firefox/133.0"
44.203.170.165 - - [05/Feb/2026:12:44:33 -0700] "GET /public_html.tar.gz HTTP/1.1" 404 - "-" "Mozilla/5.0 (Windows NT 10.0; Win64; x64; rv:133.0) Gecko/20100101 Firefox/133.0"
44.203.170.165 - - [05/Feb/2026:12:44:33 -0700] "GET /public_html.zip HTTP/1.1" 404 - "-" "Mozilla/5.0 (Windows NT 10.0; Win64; x64; rv:133.0) Gecko/20100101 Firefox/133.0"
44.203.170.165 - - [05/Feb/2026:12:44:33 -0700] "GET /includes.tar HTTP/1.1" 404 - "-" "Mozilla/5.0 (Windows NT 10.0; Win64; x64; rv:133.0) Gecko/20100101 Firefox/133.0"
44.203.170.165 - - [05/Feb/2026:12:44:33 -0700] "GET /config.tar.gz HTTP/1.1" 404 - "-" "Mozilla/5.0 (Windows NT 10.0; Win64; x64; rv:133.0) Gecko/20100101 Firefox/133.0"
44.203.170.165 - - [05/Feb/2026:12:44:33 -0700] "GET /config.tar HTTP/1.1" 404 - "-" "Mozilla/5.0 (Windows NT 10.0; Win64; x64; rv:133.0) Gecko/20100101 Firefox/133.0"
172.233.62.72 - - [05/Feb/2026:12:47:41 -0700] "GET / HTTP/1.1" 200 14 "-" "Mozilla/5.0 (Windows NT 10.0; Win64; x64) AppleWebKit/537.36 (KHTML, like Gecko) Chrome/126.0.0.0 Safari/537.36 EdgA/126.0.0.0"
147.93.155.10 - - [05/Feb/2026:12:50:58 -0700] "GET / HTTP/1.1" 200 14 "-" "Mozilla/5.0 (Windows NT 11.0; Win64; x64) AppleWebKit/537.36 (KHTML, like Gecko) Chrome/136.0.0.0 Safari/537.36 GLS/100.10.9939.127"
66.249.72.67 - - [05/Feb/2026:12:53:13 -0700] "GET /pcmypage?callback=/product%2Fdetail%2m78282328711 HTTP/1.1" 404 - "-" "Mozilla/5.0 (Linux; Android 6.0.1; Nexus 5X Build/MMB29P) AppleWebKit/537.36 (KHTML, like Gecko) Chrome/144.0.7559.109 Mobile Safari/537.36 (compatible; Googlebot/2.1; +http://www.google.com/bot.html)"
51.68.227.217 - - [05/Feb/2026:12:55:29 -0700] "GET /.git/config HTTP/1.1" 404 - "-" "Mozilla/5.0 (Macintosh; Intel Mac OS X 14_2_1) AppleWebKit/537.36 (KHTML, like Gecko) Chrome/131.0.0.0 Safari/537.36 Edg/131.0.0.0"
216.73.216.211 - - [05/Feb/2026:12:55:45 -0700] "GET /robots.txt HTTP/1.1" 404 - "-" "Mozilla/5.0 AppleWebKit/537.36 (KHTML, like Gecko; compatible; ClaudeBot/1.0; +claudebot@anthropic.com)"
216.73.216.211 - - [05/Feb/2026:12:55:45 -0700] "GET / HTTP/1.1" 200 14 "-" "Mozilla/5.0 AppleWebKit/537.36 (KHTML, like Gecko; compatible; ClaudeBot/1.0; +claudebot@anthropic.com)"
74.7.241.164 - - [05/Feb/2026:12:58:16 -0700] "GET /robots.txt HTTP/1.1" 404 - "-" "Mozilla/5.0 (Macintosh; Intel Mac OS X 10_15_7) AppleWebKit/537.36 (KHTML, like Gecko) Chrome/131.0.0.0 Safari/537.36; compatible; OAI-SearchBot/1.3; robots.txt; +https://openai.com/searchbot"
74.7.227.158 - - [05/Feb/2026:12:58:16 -0700] "GET / HTTP/1.1" 200 14 "-" "Mozilla/5.0 AppleWebKit/537.36 (KHTML, like Gecko; compatible; GPTBot/1.3; +https://openai.com/gptbot)"
103.4.250.131 - - [05/Feb/2026:13:02:54 -0700] "GET / HTTP/1.1" 200 14 "-" "Mozilla/5.0 (Windows NT 10.0; Win64; x64) AppleWebKit/537.36 (KHTML, like Gecko) Chrome/117.0.0.0 Safari/537.36"
104.164.173.50 - - [05/Feb/2026:13:02:59 -0700] "GET / HTTP/1.1" 200 14 "-" "Mozilla/5.0 (Windows NT 10.0; Win64; x64) AppleWebKit/537.36 (KHTML, like Gecko) Chrome/117.0.0.0 Safari/537.36"
103.4.250.131 - - [05/Feb/2026:13:03:11 -0700] "GET / HTTP/1.1" 200 14 "-" "Mozilla/5.0 (X11; Linux x86_64) AppleWebKit/537.36 (KHTML, like Gecko) Chrome/117.0.0.0 Safari/537.36"
66.249.77.200 - - [05/Feb/2026:13:16:59 -0700] "GET /robots.txt HTTP/1.1" 404 - "-" "Mozilla/5.0 (compatible; Googlebot/2.1; +http://www.google.com/bot.html)"
66.249.77.200 - - [05/Feb/2026:13:16:59 -0700] "GET /cgi-sys/suspendedpage.cgi?callback=/product%2Fdetail%2m72427980154 HTTP/1.1" 200 7622 "-" "Mozilla/5.0 (Linux; Android 6.0.1; Nexus 5X Build/MMB29P) AppleWebKit/537.36 (KHTML, like Gecko) Chrome/144.0.7559.109 Mobile Safari/537.36 (compatible; Googlebot/2.1; +http://www.google.com/bot.html)"
66.249.72.65 - - [05/Feb/2026:13:40:03 -0700] "GET /pcmypage?callback=/product%2Fdetail%2m10904741423 HTTP/1.1" 404 - "-" "Mozilla/5.0 (Linux; Android 6.0.1; Nexus 5X Build/MMB29P) AppleWebKit/537.36 (KHTML, like Gecko) Chrome/144.0.7559.109 Mobile Safari/537.36 (compatible; Googlebot/2.1; +http://www.google.com/bot.html)"
74.7.228.41 - - [05/Feb/2026:13:52:59 -0700] "GET /robots.txt HTTP/1.1" 404 - "-" "Mozilla/5.0 (Macintosh; Intel Mac OS X 10_15_7) AppleWebKit/537.36 (KHTML, like Gecko) Chrome/131.0.0.0 Safari/537.36; compatible; OAI-SearchBot/1.3; robots.txt; +https://openai.com/searchbot"
154.28.229.209 - - [05/Feb/2026:13:55:45 -0700] "GET / HTTP/1.1" 200 14 "-" "Mozilla/5.0 (Windows NT 10.0; Win64; x64) AppleWebKit/537.36 (KHTML, like Gecko) Chrome/117.0.0.0 Safari/537.36"
103.196.9.123 - - [05/Feb/2026:13:55:46 -0700] "GET / HTTP/1.1" 200 14 "-" "Mozilla/5.0 (X11; Linux x86_64) AppleWebKit/537.36 (KHTML, like Gecko) Chrome/116.0.0.0 Safari/537.36"
154.28.229.209 - - [05/Feb/2026:13:56:04 -0700] "GET / HTTP/1.1" 200 14 "-" "Mozilla/5.0 (Macintosh; Intel Mac OS X 10_15_7) AppleWebKit/537.36 (KHTML, like Gecko) Chrome/117.0.0.0 Safari/537.36"
66.249.72.65 - - [05/Feb/2026:13:58:57 -0700] "GET /item/u38/521/ HTTP/1.1" 404 - "-" "Mozilla/5.0 (Linux; Android 6.0.1; Nexus 5X Build/MMB29P) AppleWebKit/537.36 (KHTML, like Gecko) Chrome/144.0.7559.109 Mobile Safari/537.36 (compatible; Googlebot/2.1; +http://www.google.com/bot.html)"
74.7.228.41 - - [05/Feb/2026:14:00:06 -0700] "GET /robots.txt HTTP/1.1" 404 - "-" "Mozilla/5.0 (Macintosh; Intel Mac OS X 10_15_7) AppleWebKit/537.36 (KHTML, like Gecko) Chrome/131.0.0.0 Safari/537.36; compatible; OAI-SearchBot/1.3; robots.txt; +https://openai.com/searchbot"
66.249.77.200 - - [05/Feb/2026:14:03:57 -0700] "GET /search.php?items/168047558.html?srsltid=AfmBOoxmmIIDpSRVPgaVWMKVQZBbsuPy75KWTYRLLHONctjqzDRV HTTP/1.1" 404 - "-" "Mozilla/5.0 (Linux; Android 6.0.1; Nexus 5X Build/MMB29P) AppleWebKit/537.36 (KHTML, like Gecko) Chrome/144.0.7559.109 Mobile Safari/537.36 (compatible; Googlebot/2.1; +http://www.google.com/bot.html)"
66.249.72.67 - - [05/Feb/2026:14:05:57 -0700] "GET /item/u56/793/ HTTP/1.1" 404 - "-" "Mozilla/5.0 (Linux; Android 6.0.1; Nexus 5X Build/MMB29P) AppleWebKit/537.36 (KHTML, like Gecko) Chrome/144.0.7559.109 Mobile Safari/537.36 (compatible; Googlebot/2.1; +http://www.google.com/bot.html)"
34.248.137.227 - - [05/Feb/2026:14:21:10 -0700] "GET / HTTP/1.1" 200 14 "-" "Mozilla/5.0 (X11; Linux x86_64; rv:83.0) Gecko/20100101 Firefox/83.0"
34.248.137.227 - - [05/Feb/2026:14:21:12 -0700] "GET / HTTP/1.1" 200 14 "-" "Mozilla/5.0 (X11; Linux x86_64) AppleWebKit/537.36 (KHTML, like Gecko) Chrome/132.0.0.0 Safari/537.36"
34.248.137.227 - - [05/Feb/2026:14:21:12 -0700] "GET /favicon.ico HTTP/1.1" 404 - "https://www.datadazzle.com/" "Mozilla/5.0 (X11; Linux x86_64) AppleWebKit/537.36 (KHTML, like Gecko) Chrome/132.0.0.0 Safari/537.36"
34.248.137.227 - - [05/Feb/2026:14:21:12 -0700] "GET / HTTP/1.1" 200 14 "-" "Mozilla/5.0 (Macintosh; Intel Mac OS X 10_9_2) AppleWebKit/537.36 (KHTML, like Gecko) Chrome/33.0.1750.152 Safari/537.36"
34.248.137.227 - - [05/Feb/2026:14:21:13 -0700] "HEAD /favicon.ico HTTP/1.1" 404 - "-" "Mozilla/5.0 (Macintosh; Intel Mac OS X 10_9_2) AppleWebKit/537.36 (KHTML, like Gecko) Chrome/33.0.1750.152 Safari/537.36"
34.248.137.227 - - [05/Feb/2026:14:21:26 -0700] "GET / HTTP/1.1" 200 14 "-" "Mozilla/5.0 (X11; Linux x86_64; rv:83.0) Gecko/20100101 Firefox/83.0"
34.248.137.227 - - [05/Feb/2026:14:21:27 -0700] "GET / HTTP/1.1" 200 14 "-" "Mozilla/5.0 (X11; Linux x86_64) AppleWebKit/537.36 (KHTML, like Gecko) Chrome/132.0.0.0 Safari/537.36"
34.248.137.227 - - [05/Feb/2026:14:21:27 -0700] "GET /favicon.ico HTTP/1.1" 404 - "https://datadazzle.com/" "Mozilla/5.0 (X11; Linux x86_64) AppleWebKit/537.36 (KHTML, like Gecko) Chrome/132.0.0.0 Safari/537.36"
34.248.137.227 - - [05/Feb/2026:14:21:28 -0700] "GET / HTTP/1.1" 200 14 "-" "Mozilla/5.0 (Macintosh; Intel Mac OS X 10_9_2) AppleWebKit/537.36 (KHTML, like Gecko) Chrome/33.0.1750.152 Safari/537.36"
34.248.137.227 - - [05/Feb/2026:14:21:28 -0700] "HEAD /favicon.ico HTTP/1.1" 404 - "-" "Mozilla/5.0 (Macintosh; Intel Mac OS X 10_9_2) AppleWebKit/537.36 (KHTML, like Gecko) Chrome/33.0.1750.152 Safari/537.36"
66.249.72.67 - - [05/Feb/2026:14:26:19 -0700] "GET /item/u144/44151/ HTTP/1.1" 404 - "-" "Mozilla/5.0 (Linux; Android 6.0.1; Nexus 5X Build/MMB29P) AppleWebKit/537.36 (KHTML, like Gecko) Chrome/144.0.7559.109 Mobile Safari/537.36 (compatible; Googlebot/2.1; +http://www.google.com/bot.html)"
74.7.228.41 - - [05/Feb/2026:14:49:47 -0700] "GET /robots.txt HTTP/1.1" 404 - "-" "Mozilla/5.0 (Macintosh; Intel Mac OS X 10_15_7) AppleWebKit/537.36 (KHTML, like Gecko) Chrome/131.0.0.0 Safari/537.36; compatible; OAI-SearchBot/1.3; robots.txt; +https://openai.com/searchbot"
66.249.77.199 - - [05/Feb/2026:14:52:03 -0700] "GET /search.php?_ga=2.199473900.1959853458.1726612330-974054116.1699547692&_bdsid=86p9az.n~JPTSV.1721713414496.1726754075&_bd_prev_page=https://www.datadazzle.com/get.aspx?products/74pu7929 HTTP/1.1" 404 - "-" "Mozilla/5.0 (Linux; Android 6.0.1; Nexus 5X Build/MMB29P) AppleWebKit/537.36 (KHTML, like Gecko) Chrome/144.0.7559.109 Mobile Safari/537.36 (compatible; Googlebot/2.1; +http://www.google.com/bot.html)"
45.133.173.85 - - [05/Feb/2026:15:12:17 -0700] "GET / HTTP/1.1" 421 362 "-" "Mozilla/5.0 (X11; Linux x86_64) AppleWebKit/537.36 (KHTML, like Gecko) Chrome/137.0.0.0 Safari/537.36"
173.239.200.131 - - [05/Feb/2026:15:12:18 -0700] "GET /favicon.ico HTTP/1.1" 421 362 "-" "Mozilla/5.0 (X11; Linux x86_64) AppleWebKit/537.36 (KHTML, like Gecko) Chrome/136.0.0.0 Safari/537.36"
176.65.149.170 - - [05/Feb/2026:15:14:10 -0700] "GET /assets/images/accesson.php HTTP/1.1" 404 - "-" "Mozilla/5.0 (Windows NT 10.0; Win64; x64; rv:81.0) Gecko/20100101 Firefox/81.0"
176.65.149.170 - - [05/Feb/2026:15:14:10 -0700] "GET /accesson.php HTTP/1.1" 404 - "-" "Mozilla/5.0 (Windows NT 10.0; Win64; x64; rv:81.0) Gecko/20100101 Firefox/81.0"
43.205.135.225 - - [05/Feb/2026:15:14:32 -0700] "GET / HTTP/1.1" 200 14 "https://datadazzle.com/" "Mozilla/5.0 (Windows NT 10.0; Win64; x64) AppleWebKit/537.36 (KHTML, like Gecko) Chrome/116.0.0.0 Safari/537.36"
66.249.77.198 - - [05/Feb/2026:15:16:26 -0700] "GET /search.php?items/063002585.html?srsltid=AfmBOoaiuxFdrwNwEMJBAnFPQMOROonQCuZUDgJUv2EXm3eYi0aF HTTP/1.1" 404 - "-" "Mozilla/5.0 (Linux; Android 6.0.1; Nexus 5X Build/MMB29P) AppleWebKit/537.36 (KHTML, like Gecko) Chrome/144.0.7559.109 Mobile Safari/537.36 (compatible; Googlebot/2.1; +http://www.google.com/bot.html)"
74.7.228.41 - - [05/Feb/2026:15:26:54 -0700] "GET /robots.txt HTTP/1.1" 404 - "-" "Mozilla/5.0 (Macintosh; Intel Mac OS X 10_15_7) AppleWebKit/537.36 (KHTML, like Gecko) Chrome/131.0.0.0 Safari/537.36; compatible; OAI-SearchBot/1.3; robots.txt; +https://openai.com/searchbot"
66.249.77.200 - - [05/Feb/2026:15:35:13 -0700] "GET /cgi-sys/suspendedpage.cgi?callback=/product%2Fdetail%2m68004165210 HTTP/1.1" 200 7622 "-" "Mozilla/5.0 (Linux; Android 6.0.1; Nexus 5X Build/MMB29P) AppleWebKit/537.36 (KHTML, like Gecko) Chrome/144.0.7559.109 Mobile Safari/537.36 (compatible; Googlebot/2.1; +http://www.google.com/bot.html)"
66.249.77.200 - - [05/Feb/2026:15:46:41 -0700] "GET /search.php?_ga=2.199473900.1959853458.1726612330-974054116.1699547692&_bdsid=86p9az.n~JPTSV.1721713414496.1726754075&_bd_prev_page=https://www.datadazzle.com/get.aspx?items/120019850.html?srsltid=AfmBOokgwRPXvFDHzceuoWaFCrMLouUhT5Ew8odi58RiIEL0Z6w8 HTTP/1.1" 404 - "-" "Mozilla/5.0 (Linux; Android 6.0.1; Nexus 5X Build/MMB29P) AppleWebKit/537.36 (KHTML, like Gecko) Chrome/144.0.7559.109 Mobile Safari/537.36 (compatible; Googlebot/2.1; +http://www.google.com/bot.html)"
51.89.23.223 - - [05/Feb/2026:15:49:00 -0700] "GET / HTTP/1.1" 200 14 "-" "Mozilla/5.0"
66.249.72.65 - - [05/Feb/2026:15:52:18 -0700] "GET /cgi-sys/suspendedpage.cgi?callback=/product%2Fdetail%2m59030996926 HTTP/1.1" 200 7622 "-" "Mozilla/5.0 (Linux; Android 6.0.1; Nexus 5X Build/MMB29P) AppleWebKit/537.36 (KHTML, like Gecko) Chrome/144.0.7559.109 Mobile Safari/537.36 (compatible; Googlebot/2.1; +http://www.google.com/bot.html)"
66.249.77.199 - - [05/Feb/2026:15:59:03 -0700] "GET /search.php?products/74pu7929 HTTP/1.1" 404 - "-" "Mozilla/5.0 (Linux; Android 6.0.1; Nexus 5X Build/MMB29P) AppleWebKit/537.36 (KHTML, like Gecko) Chrome/144.0.7559.132 Mobile Safari/537.36 (compatible; Googlebot/2.1; +http://www.google.com/bot.html)"
104.210.140.132 - - [05/Feb/2026:16:03:05 -0700] "GET /robots.txt HTTP/1.1" 404 - "-" "Mozilla/5.0 (Macintosh; Intel Mac OS X 10_15_7) AppleWebKit/537.36 (KHTML, like Gecko) Chrome/131.0.0.0 Safari/537.36; compatible; OAI-SearchBot/1.0; +https://openai.com/searchbot"
66.249.72.65 - - [05/Feb/2026:16:09:23 -0700] "GET /zhHant/product/surugaya/m65754503131?campaign_uid=f64d716db5e979ed2f947dbaf4296895b951ae7f HTTP/1.1" 404 - "-" "Mozilla/5.0 (Linux; Android 6.0.1; Nexus 5X Build/MMB29P) AppleWebKit/537.36 (KHTML, like Gecko) Chrome/144.0.7559.109 Mobile Safari/537.36 (compatible; Googlebot/2.1; +http://www.google.com/bot.html)"
66.249.77.200 - - [05/Feb/2026:16:16:08 -0700] "GET /product/edit/m75997755321 HTTP/1.1" 404 - "-" "Mozilla/5.0 (Linux; Android 6.0.1; Nexus 5X Build/MMB29P) AppleWebKit/537.36 (KHTML, like Gecko) Chrome/144.0.7559.132 Mobile Safari/537.36 (compatible; Googlebot/2.1; +http://www.google.com/bot.html)"
