Файловый менеджер - Редактировать - /var/log/apache2/domlogs/pimjdymy/safrandsi.datadazzle.com-ssl_log
Назад
206.189.19.19 - - [05/Feb/2026:08:19:51 -0700] "GET / HTTP/1.1" 200 2425 "-" "Mozilla/5.0 (l9scan/2.0.03e2330313e2034323e2236313; +https://leakix.net)"
206.189.19.19 - - [05/Feb/2026:08:19:52 -0700] "GET /server HTTP/1.1" 404 - "-" "Mozilla/5.0 (l9scan/2.0.03e2330313e2034323e2236313; +https://leakix.net)"
57.129.16.41 - - [05/Feb/2026:08:19:52 -0700] "GET / HTTP/1.1" 200 2425 "-" "Go-http-client/1.1"
57.129.16.41 - - [05/Feb/2026:08:19:52 -0700] "GET /cgi-bin/ HTTP/1.1" 404 - "-" "Go-http-client/1.1"
206.189.19.19 - - [05/Feb/2026:08:19:53 -0700] "GET /server-status HTTP/1.1" 404 - "-" "Mozilla/5.0 (l9scan/2.0.03e2330313e2034323e2236313; +https://leakix.net)"
57.129.16.41 - - [05/Feb/2026:08:19:53 -0700] "HEAD /composer.json HTTP/1.1" 200 - "-" "Go-http-client/1.1"
57.129.16.41 - - [05/Feb/2026:08:19:53 -0700] "GET /composer.json HTTP/1.1" 200 603 "-" "Go-http-client/1.1"
57.129.16.41 - - [05/Feb/2026:08:19:53 -0700] "HEAD /composer.lock HTTP/1.1" 200 - "-" "Go-http-client/1.1"
57.129.16.41 - - [05/Feb/2026:08:19:54 -0700] "GET /config/ HTTP/1.1" 200 1529 "-" "Go-http-client/1.1"
57.129.16.41 - - [05/Feb/2026:08:19:54 -0700] "GET /composer.lock HTTP/1.1" 200 300466 "-" "Go-http-client/1.1"
206.189.19.19 - - [05/Feb/2026:08:19:55 -0700] "GET /about HTTP/1.1" 404 - "-" "Mozilla/5.0 (l9scan/2.0.03e2330313e2034323e2236313; +https://leakix.net)"
57.129.16.41 - - [05/Feb/2026:08:19:55 -0700] "GET /config/htmlpurifier/ HTTP/1.1" 200 850 "-" "Go-http-client/1.1"
57.129.16.41 - - [05/Feb/2026:08:19:55 -0700] "HEAD /config/htmlpurifier/Default.json HTTP/1.1" 200 - "-" "Go-http-client/1.1"
206.189.19.19 - - [05/Feb/2026:08:19:56 -0700] "GET /login.action HTTP/1.1" 404 - "-" "Mozilla/5.0 (l9scan/2.0.03e2330313e2034323e2236313; +https://leakix.net)"
57.129.16.41 - - [05/Feb/2026:08:19:56 -0700] "GET /config/htmlpurifier/Default.json HTTP/1.1" 200 235 "-" "Go-http-client/1.1"
57.129.16.41 - - [05/Feb/2026:08:19:56 -0700] "HEAD /config/license.key HTTP/1.1" 200 - "-" "Go-http-client/1.1"
57.129.16.41 - - [05/Feb/2026:08:19:56 -0700] "GET /config/license.key HTTP/1.1" 200 4 "-" "Go-http-client/1.1"
57.129.16.41 - - [05/Feb/2026:08:19:56 -0700] "GET /storage/ HTTP/1.1" 200 988 "-" "Go-http-client/1.1"
57.129.16.41 - - [05/Feb/2026:08:19:56 -0700] "HEAD /craft HTTP/1.1" 200 - "-" "Go-http-client/1.1"
206.189.19.19 - - [05/Feb/2026:08:19:57 -0700] "GET /v2/_catalog HTTP/1.1" 404 - "-" "Mozilla/5.0 (l9scan/2.0.03e2330313e2034323e2236313; +https://leakix.net)"
57.129.16.41 - - [05/Feb/2026:08:19:57 -0700] "GET /storage/logs/ HTTP/1.1" 200 1777 "-" "Go-http-client/1.1"
57.129.16.41 - - [05/Feb/2026:08:19:57 -0700] "GET /craft HTTP/1.1" 200 309 "-" "Go-http-client/1.1"
57.129.16.41 - - [05/Feb/2026:08:19:57 -0700] "HEAD /storage/logs/console-2025-03-17.log HTTP/1.1" 200 - "-" "Go-http-client/1.1"
206.189.19.19 - - [05/Feb/2026:08:19:57 -0700] "GET /.DS_Store HTTP/1.1" 404 - "-" "Mozilla/5.0 (l9scan/2.0.03e2330313e2034323e2236313; +https://leakix.net)"
57.129.16.41 - - [05/Feb/2026:08:19:57 -0700] "GET /storage/logs/console-2025-03-17.log HTTP/1.1" 200 1941 "-" "Go-http-client/1.1"
57.129.16.41 - - [05/Feb/2026:08:19:58 -0700] "HEAD /storage/logs/web-2025-09-08.log HTTP/1.1" 200 - "-" "Go-http-client/1.1"
57.129.16.41 - - [05/Feb/2026:08:19:58 -0700] "GET /storage/logs/web-2025-09-08.log HTTP/1.1" 200 14312 "-" "Go-http-client/1.1"
206.189.19.19 - - [05/Feb/2026:08:19:58 -0700] "GET /.env HTTP/1.1" 200 691 "-" "Mozilla/5.0 (l9scan/2.0.03e2330313e2034323e2236313; +https://leakix.net)"
57.129.16.41 - - [05/Feb/2026:08:19:58 -0700] "HEAD /storage/logs/web-2025-09-09.log HTTP/1.1" 200 - "-" "Go-http-client/1.1"
57.129.16.41 - - [05/Feb/2026:08:19:58 -0700] "GET /storage/logs/web-2025-09-09.log HTTP/1.1" 200 28072 "-" "Go-http-client/1.1"
57.129.16.41 - - [05/Feb/2026:08:19:59 -0700] "HEAD /storage/logs/web-2025-09-10.log HTTP/1.1" 200 - "-" "Go-http-client/1.1"
57.129.16.41 - - [05/Feb/2026:08:19:59 -0700] "GET /storage/logs/web-2025-09-10.log HTTP/1.1" 200 - "-" "Go-http-client/1.1"
57.129.16.41 - - [05/Feb/2026:08:19:59 -0700] "HEAD /storage/logs/web-2025-09-12.log HTTP/1.1" 200 - "-" "Go-http-client/1.1"
57.129.16.41 - - [05/Feb/2026:08:20:00 -0700] "GET /storage/logs/web-2025-09-12.log HTTP/1.1" 200 28072 "-" "Go-http-client/1.1"
57.129.16.41 - - [05/Feb/2026:08:20:00 -0700] "HEAD /storage/logs/web-2025-09-13.log HTTP/1.1" 200 - "-" "Go-http-client/1.1"
57.129.16.41 - - [05/Feb/2026:08:20:00 -0700] "GET /storage/runtime/ HTTP/1.1" 200 1024 "-" "Go-http-client/1.1"
206.189.19.19 - - [05/Feb/2026:08:20:00 -0700] "GET /ecp/Current/exporttool/microsoft.exchange.ediscovery.exporttool.application HTTP/1.1" 404 - "-" "Mozilla/5.0 (l9scan/2.0.03e2330313e2034323e2236313; +https://leakix.net)"
57.129.16.41 - - [05/Feb/2026:08:20:00 -0700] "GET /storage/logs/web-2025-09-13.log HTTP/1.1" 200 14248 "-" "Go-http-client/1.1"
57.129.16.41 - - [05/Feb/2026:08:20:00 -0700] "GET /storage/runtime/cache/ HTTP/1.1" 200 854 "-" "Go-http-client/1.1"
57.129.16.41 - - [05/Feb/2026:08:20:00 -0700] "GET /storage/runtime/cache/us/ HTTP/1.1" 200 890 "-" "Go-http-client/1.1"
57.129.16.41 - - [05/Feb/2026:08:20:01 -0700] "GET /storage/runtime/compiled_templates/ HTTP/1.1" 200 709 "-" "Go-http-client/1.1"
57.129.16.41 - - [05/Feb/2026:08:20:01 -0700] "HEAD /storage/runtime/cache/us/CraftCMSuseFileLocks.bin HTTP/1.1" 200 - "-" "Go-http-client/1.1"
57.129.16.41 - - [05/Feb/2026:08:20:01 -0700] "GET /templates/ HTTP/1.1" 200 821 "-" "Go-http-client/1.1"
57.129.16.41 - - [05/Feb/2026:08:20:01 -0700] "GET /storage/runtime/cache/us/CraftCMSuseFileLocks.bin HTTP/1.1" 200 24 "-" "Go-http-client/1.1"
57.129.16.41 - - [05/Feb/2026:08:20:01 -0700] "HEAD /templates/index.twig HTTP/1.1" 200 - "-" "Go-http-client/1.1"
57.129.16.41 - - [05/Feb/2026:08:20:01 -0700] "GET /vendor/ HTTP/1.1" 200 9116 "-" "Go-http-client/1.1"
57.129.16.41 - - [05/Feb/2026:08:20:02 -0700] "GET /templates/index.twig HTTP/1.1" 200 6278 "-" "Go-http-client/1.1"
206.189.19.19 - - [05/Feb/2026:08:20:02 -0700] "GET /.git/config HTTP/1.1" 404 - "-" "Mozilla/5.0 (l9scan/2.0.03e2330313e2034323e2236313; +https://leakix.net)"
206.189.19.19 - - [05/Feb/2026:08:20:03 -0700] "POST /graphql HTTP/1.1" 404 - "-" "Mozilla/5.0 (l9scan/2.0.03e2330313e2034323e2236313; +https://leakix.net)"
206.189.19.19 - - [05/Feb/2026:08:20:03 -0700] "POST /api HTTP/1.1" 404 - "-" "Mozilla/5.0 (l9scan/2.0.03e2330313e2034323e2236313; +https://leakix.net)"
206.189.19.19 - - [05/Feb/2026:08:20:04 -0700] "POST /api/graphql HTTP/1.1" 404 - "-" "Mozilla/5.0 (l9scan/2.0.03e2330313e2034323e2236313; +https://leakix.net)"
206.189.19.19 - - [05/Feb/2026:08:20:04 -0700] "POST /graphql/api HTTP/1.1" 404 - "-" "Mozilla/5.0 (l9scan/2.0.03e2330313e2034323e2236313; +https://leakix.net)"
206.189.19.19 - - [05/Feb/2026:08:20:05 -0700] "POST /api/gql HTTP/1.1" 404 - "-" "Mozilla/5.0 (l9scan/2.0.03e2330313e2034323e2236313; +https://leakix.net)"
206.189.19.19 - - [05/Feb/2026:08:20:05 -0700] "GET /s/03e2330313e2034323e2236313/_/;/META-INF/maven/com.atlassian.jira/jira-webapp-dist/pom.properties HTTP/1.1" 404 - "-" "Mozilla/5.0 (l9scan/2.0.03e2330313e2034323e2236313; +https://leakix.net)"
206.189.19.19 - - [05/Feb/2026:08:20:06 -0700] "GET /config.json HTTP/1.1" 404 - "-" "Mozilla/5.0 (l9scan/2.0.03e2330313e2034323e2236313; +https://leakix.net)"
57.129.16.41 - - [05/Feb/2026:08:20:02 -0700] "GET /web/ HTTP/1.1" 503 52254 "-" "Go-http-client/1.1"
206.189.19.19 - - [05/Feb/2026:08:20:08 -0700] "GET /telescope/requests HTTP/1.1" 404 - "-" "Mozilla/5.0 (l9scan/2.0.03e2330313e2034323e2236313; +https://leakix.net)"
206.189.19.19 - - [05/Feb/2026:08:20:09 -0700] "GET /info.php HTTP/1.1" 404 16 "-" "Mozilla/5.0 (l9scan/2.0.03e2330313e2034323e2236313; +https://leakix.net)"
206.189.19.19 - - [05/Feb/2026:08:20:10 -0700] "GET /.well-known/security.txt HTTP/1.1" 404 - "-" "Mozilla/5.0 (l9scan/2.0.03e2330313e2034323e2236313; +https://leakix.net)"
206.189.19.19 - - [05/Feb/2026:08:20:11 -0700] "GET /actuator/env HTTP/1.1" 404 - "-" "Mozilla/5.0 (l9scan/2.0.03e2330313e2034323e2236313; +https://leakix.net)"
206.189.19.19 - - [05/Feb/2026:08:20:13 -0700] "GET /swagger-ui.html HTTP/1.1" 404 - "-" "Mozilla/5.0 (l9scan/2.0.03e2330313e2034323e2236313; +https://leakix.net)"
206.189.19.19 - - [05/Feb/2026:08:20:17 -0700] "GET /swagger/swagger-ui.html HTTP/1.1" 404 - "-" "Mozilla/5.0 (l9scan/2.0.03e2330313e2034323e2236313; +https://leakix.net)"
206.189.19.19 - - [05/Feb/2026:08:20:18 -0700] "GET /webjars/swagger-ui/index.html HTTP/1.1" 404 - "-" "Mozilla/5.0 (l9scan/2.0.03e2330313e2034323e2236313; +https://leakix.net)"
206.189.19.19 - - [05/Feb/2026:08:20:19 -0700] "GET /swagger.json HTTP/1.1" 404 - "-" "Mozilla/5.0 (l9scan/2.0.03e2330313e2034323e2236313; +https://leakix.net)"
206.189.19.19 - - [05/Feb/2026:08:20:20 -0700] "GET /swagger/v1/swagger.json HTTP/1.1" 404 - "-" "Mozilla/5.0 (l9scan/2.0.03e2330313e2034323e2236313; +https://leakix.net)"
206.189.19.19 - - [05/Feb/2026:08:20:21 -0700] "GET /v2/api-docs HTTP/1.1" 404 - "-" "Mozilla/5.0 (l9scan/2.0.03e2330313e2034323e2236313; +https://leakix.net)"
206.189.19.19 - - [05/Feb/2026:08:20:22 -0700] "GET /v3/api-docs HTTP/1.1" 404 - "-" "Mozilla/5.0 (l9scan/2.0.03e2330313e2034323e2236313; +https://leakix.net)"
206.189.19.19 - - [05/Feb/2026:08:20:23 -0700] "GET /api-docs/swagger.json HTTP/1.1" 404 - "-" "Mozilla/5.0 (l9scan/2.0.03e2330313e2034323e2236313; +https://leakix.net)"
206.189.19.19 - - [05/Feb/2026:08:20:24 -0700] "GET /api/swagger.json HTTP/1.1" 404 - "-" "Mozilla/5.0 (l9scan/2.0.03e2330313e2034323e2236313; +https://leakix.net)"
206.189.19.19 - - [05/Feb/2026:08:20:25 -0700] "GET /@vite/env HTTP/1.1" 404 - "-" "Mozilla/5.0 (l9scan/2.0.03e2330313e2034323e2236313; +https://leakix.net)"
206.189.19.19 - - [05/Feb/2026:08:20:26 -0700] "GET /.vscode/sftp.json HTTP/1.1" 404 - "-" "Mozilla/5.0 (l9scan/2.0.03e2330313e2034323e2236313; +https://leakix.net)"
206.189.19.19 - - [05/Feb/2026:08:20:27 -0700] "OPTIONS / HTTP/1.1" 200 - "-" "Mozilla/5.0 (l9scan/2.0.03e2330313e2034323e2236313; +https://leakix.net)"
206.189.19.19 - - [05/Feb/2026:08:20:28 -0700] "GET /?rest_route=/wp/v2/users/ HTTP/1.1" 200 2425 "-" "Mozilla/5.0 (l9scan/2.0.03e2330313e2034323e2236313; +https://leakix.net)"
206.189.19.19 - - [05/Feb/2026:08:20:29 -0700] "GET /debug/default/view?panel=config HTTP/1.1" 404 - "-" "Mozilla/5.0 (l9scan/2.0.03e2330313e2034323e2236313; +https://leakix.net)"
107.172.195.23 - - [05/Feb/2026:08:21:27 -0700] "GET / HTTP/1.1" 200 2425 "-" "Mozilla/5.0 (Macintosh; Intel Mac OS X 10_15_7) AppleWebKit/537.36 (KHTML, like Gecko) Chrome/117.0.0.0 Safari/537.36"
103.196.9.33 - - [05/Feb/2026:08:21:27 -0700] "GET / HTTP/1.1" 200 2425 "-" "Mozilla/5.0 (Windows NT 10.0; Win64; x64) AppleWebKit/537.36 (KHTML, like Gecko) Chrome/117.0.0.0 Safari/537.36"
152.77.98.132 - - [05/Feb/2026:08:21:28 -0700] "GET / HTTP/1.1" 200 2425 "-" "Mozilla/5.0 (Windows NT 10.0; Win64; x64) AppleWebKit/537.36 (KHTML, like Gecko) Chrome/131.0.0.0 Safari/537.36"
152.77.98.132 - - [05/Feb/2026:08:21:28 -0700] "POST /_internal/api/setup.php?action=exists HTTP/1.1" 404 - "-" "Mozilla/5.0 (Windows NT 10.0; Win64; x64) AppleWebKit/537.36 (KHTML, like Gecko) Chrome/131.0.0.0 Safari/537.36"
152.77.98.132 - - [05/Feb/2026:08:21:28 -0700] "GET /login HTTP/1.1" 404 - "-" "Mozilla/5.0 (Windows NT 10.0; Win64; x64) AppleWebKit/537.36 (KHTML, like Gecko) Chrome/131.0.0.0 Safari/537.36"
107.172.195.23 - - [05/Feb/2026:08:21:31 -0700] "GET / HTTP/1.1" 200 2425 "-" "Mozilla/5.0 (Windows NT 10.0; Win64; x64) AppleWebKit/537.36 (KHTML, like Gecko) Chrome/116.0.0.0 Safari/537.36"
107.172.195.23 - - [05/Feb/2026:08:21:34 -0700] "GET /%3FC%3DN%3BO%3DD HTTP/1.1" 404 - "-" "Mozilla/5.0 (Windows NT 10.0; Win64; x64) AppleWebKit/537.36 (KHTML, like Gecko) Chrome/116.0.0.0 Safari/537.36"
107.172.195.23 - - [05/Feb/2026:08:21:36 -0700] "GET /333.php HTTP/1.1" 200 47372 "-" "Mozilla/5.0 (Windows NT 10.0; Win64; x64) AppleWebKit/537.36 (KHTML, like Gecko) Chrome/116.0.0.0 Safari/537.36"
107.172.195.23 - - [05/Feb/2026:08:21:38 -0700] "GET /storage/ HTTP/1.1" 200 988 "-" "Mozilla/5.0 (Windows NT 10.0; Win64; x64) AppleWebKit/537.36 (KHTML, like Gecko) Chrome/116.0.0.0 Safari/537.36"
107.172.195.23 - - [05/Feb/2026:08:21:38 -0700] "GET /%3FC%3DS%3BO%3DA HTTP/1.1" 404 - "-" "Mozilla/5.0 (Windows NT 10.0; Win64; x64) AppleWebKit/537.36 (KHTML, like Gecko) Chrome/116.0.0.0 Safari/537.36"
107.172.195.23 - - [05/Feb/2026:08:21:38 -0700] "GET /%3FC%3DD%3BO%3DA HTTP/1.1" 404 - "-" "Mozilla/5.0 (Windows NT 10.0; Win64; x64) AppleWebKit/537.36 (KHTML, like Gecko) Chrome/116.0.0.0 Safari/537.36"
107.172.195.23 - - [05/Feb/2026:08:21:38 -0700] "GET /templates/ HTTP/1.1" 200 821 "-" "Mozilla/5.0 (Windows NT 10.0; Win64; x64) AppleWebKit/537.36 (KHTML, like Gecko) Chrome/116.0.0.0 Safari/537.36"
107.172.195.23 - - [05/Feb/2026:08:21:38 -0700] "GET /cgi-bin/ HTTP/1.1" 404 - "-" "Mozilla/5.0 (Windows NT 10.0; Win64; x64) AppleWebKit/537.36 (KHTML, like Gecko) Chrome/116.0.0.0 Safari/537.36"
107.172.195.23 - - [05/Feb/2026:08:21:38 -0700] "GET /config/ HTTP/1.1" 200 1529 "-" "Mozilla/5.0 (Windows NT 10.0; Win64; x64) AppleWebKit/537.36 (KHTML, like Gecko) Chrome/116.0.0.0 Safari/537.36"
107.172.195.23 - - [05/Feb/2026:08:21:38 -0700] "GET /bootstrap.php HTTP/1.1" 200 - "-" "Mozilla/5.0 (Windows NT 10.0; Win64; x64) AppleWebKit/537.36 (KHTML, like Gecko) Chrome/116.0.0.0 Safari/537.36"
107.172.195.23 - - [05/Feb/2026:08:21:38 -0700] "GET /composer.lock HTTP/1.1" 200 300466 "-" "Mozilla/5.0 (Windows NT 10.0; Win64; x64) AppleWebKit/537.36 (KHTML, like Gecko) Chrome/116.0.0.0 Safari/537.36"
107.172.195.23 - - [05/Feb/2026:08:21:38 -0700] "GET /craft HTTP/1.1" 200 309 "-" "Mozilla/5.0 (Windows NT 10.0; Win64; x64) AppleWebKit/537.36 (KHTML, like Gecko) Chrome/116.0.0.0 Safari/537.36"
107.172.195.23 - - [05/Feb/2026:08:21:39 -0700] "GET /%3FC%3DM%3BO%3DA HTTP/1.1" 404 - "-" "Mozilla/5.0 (Windows NT 10.0; Win64; x64) AppleWebKit/537.36 (KHTML, like Gecko) Chrome/116.0.0.0 Safari/537.36"
107.172.195.23 - - [05/Feb/2026:08:21:38 -0700] "GET /vendor/ HTTP/1.1" 200 9116 "-" "Mozilla/5.0 (Windows NT 10.0; Win64; x64) AppleWebKit/537.36 (KHTML, like Gecko) Chrome/116.0.0.0 Safari/537.36"
107.172.195.23 - - [05/Feb/2026:08:21:38 -0700] "GET /web/ HTTP/1.1" 503 52254 "-" "Mozilla/5.0 (Windows NT 10.0; Win64; x64) AppleWebKit/537.36 (KHTML, like Gecko) Chrome/116.0.0.0 Safari/537.36"
107.172.195.23 - - [05/Feb/2026:08:21:41 -0700] "GET /storage/%3FC%3DN%3BO%3DD HTTP/1.1" 404 - "-" "Mozilla/5.0 (Windows NT 10.0; Win64; x64) AppleWebKit/537.36 (KHTML, like Gecko) Chrome/116.0.0.0 Safari/537.36"
107.172.195.23 - - [05/Feb/2026:08:21:42 -0700] "GET /storage/%3FC%3DS%3BO%3DA HTTP/1.1" 404 - "-" "Mozilla/5.0 (Windows NT 10.0; Win64; x64) AppleWebKit/537.36 (KHTML, like Gecko) Chrome/116.0.0.0 Safari/537.36"
107.172.195.23 - - [05/Feb/2026:08:21:42 -0700] "GET / HTTP/1.1" 200 2425 "-" "Mozilla/5.0 (Windows NT 10.0; Win64; x64) AppleWebKit/537.36 (KHTML, like Gecko) Chrome/116.0.0.0 Safari/537.36"
84.200.128.149 - - [05/Feb/2026:08:21:43 -0700] "GET /.env HTTP/1.1" 200 691 "-" "Mozilla/5.0 (Windows NT 10.0; Win64; x64) AppleWebKit/537.36"
107.172.195.23 - - [05/Feb/2026:08:21:43 -0700] "GET /storage/runtime/ HTTP/1.1" 200 1024 "-" "Mozilla/5.0 (Windows NT 10.0; Win64; x64) AppleWebKit/537.36 (KHTML, like Gecko) Chrome/116.0.0.0 Safari/537.36"
107.172.195.23 - - [05/Feb/2026:08:21:44 -0700] "GET /templates/%3FC%3DN%3BO%3DD HTTP/1.1" 404 - "-" "Mozilla/5.0 (Windows NT 10.0; Win64; x64) AppleWebKit/537.36 (KHTML, like Gecko) Chrome/116.0.0.0 Safari/537.36"
84.200.128.149 - - [05/Feb/2026:08:21:45 -0700] "GET /.DS_Store HTTP/1.1" 404 - "-" "Mozilla/5.0 (Macintosh; Intel Mac OS X 10_15_7) AppleWebKit/537.36"
107.172.195.23 - - [05/Feb/2026:08:21:45 -0700] "GET /templates/%3FC%3DM%3BO%3DA HTTP/1.1" 404 - "-" "Mozilla/5.0 (Windows NT 10.0; Win64; x64) AppleWebKit/537.36 (KHTML, like Gecko) Chrome/116.0.0.0 Safari/537.36"
84.200.128.149 - - [05/Feb/2026:08:21:46 -0700] "POST / HTTP/1.1" 404 - "-" "Mozilla/5.0 (Windows NT 10.0; Win64; x64) AppleWebKit/537.36"
107.172.195.23 - - [05/Feb/2026:08:21:46 -0700] "GET /templates/%3FC%3DS%3BO%3DA HTTP/1.1" 404 - "-" "Mozilla/5.0 (Windows NT 10.0; Win64; x64) AppleWebKit/537.36 (KHTML, like Gecko) Chrome/116.0.0.0 Safari/537.36"
84.200.128.149 - - [05/Feb/2026:08:21:48 -0700] "POST / HTTP/1.1" 404 - "-" "Mozilla/5.0 (Windows NT 10.0; Win64; x64) AppleWebKit/537.36"
84.200.128.149 - - [05/Feb/2026:08:21:53 -0700] "POST / HTTP/1.1" 404 - "-" "Mozilla/5.0 (Windows NT 10.0; Win64; x64) AppleWebKit/537.36"
84.200.128.149 - - [05/Feb/2026:08:21:58 -0700] "GET / HTTP/1.1" 200 2425 "-" "Mozilla/5.0 (Windows NT 10.0; Win64; x64) AppleWebKit/537.36 (KHTML, like Gecko) Chrome/120.0.0.0 Safari/537.36"
84.200.128.149 - - [05/Feb/2026:08:22:04 -0700] "GET /api/modular-connector/login/?origin=mo&type=check HTTP/1.1" 404 - "-" "Mozilla/5.0 (Windows NT 10.0; Win64; x64) AppleWebKit/537.36"
84.200.128.149 - - [05/Feb/2026:08:22:09 -0700] "GET /.git/HEAD HTTP/1.1" 404 - "-" "Mozilla/5.0 (Windows NT 10.0; Win64; x64) AppleWebKit/537.36"
84.200.128.149 - - [05/Feb/2026:08:22:10 -0700] "GET /.git/config HTTP/1.1" 404 - "-" "Mozilla/5.0 (Windows NT 10.0; Win64; x64) AppleWebKit/537.36"
84.200.128.149 - - [05/Feb/2026:08:22:52 -0700] "POST / HTTP/1.1" 404 - "-" "Mozilla/5.0 (Windows NT 10.0; Win64; x64) AppleWebKit/537.36"
103.4.251.249 - - [05/Feb/2026:08:28:41 -0700] "GET / HTTP/1.1" 200 2425 "-" "Mozilla/5.0 (Windows NT 10.0; Win64; x64) AppleWebKit/537.36 (KHTML, like Gecko) Chrome/117.0.0.0 Safari/537.36"
103.4.251.249 - - [05/Feb/2026:08:29:09 -0700] "GET / HTTP/1.1" 200 2425 "-" "Mozilla/5.0 (X11; Linux x86_64) AppleWebKit/537.36 (KHTML, like Gecko) Chrome/116.0.0.0 Safari/537.36"
103.4.251.249 - - [05/Feb/2026:08:29:15 -0700] "GET /%3FC%3DN%3BO%3DD HTTP/1.1" 404 - "-" "Mozilla/5.0 (X11; Linux x86_64) AppleWebKit/537.36 (KHTML, like Gecko) Chrome/116.0.0.0 Safari/537.36"
103.4.251.249 - - [05/Feb/2026:08:29:15 -0700] "GET /%3FC%3DM%3BO%3DA HTTP/1.1" 404 - "-" "Mozilla/5.0 (X11; Linux x86_64) AppleWebKit/537.36 (KHTML, like Gecko) Chrome/116.0.0.0 Safari/537.36"
103.4.251.249 - - [05/Feb/2026:08:29:16 -0700] "GET /%3FC%3DS%3BO%3DA HTTP/1.1" 404 - "-" "Mozilla/5.0 (X11; Linux x86_64) AppleWebKit/537.36 (KHTML, like Gecko) Chrome/116.0.0.0 Safari/537.36"
103.4.251.249 - - [05/Feb/2026:08:29:16 -0700] "GET /%3FC%3DD%3BO%3DA HTTP/1.1" 404 - "-" "Mozilla/5.0 (X11; Linux x86_64) AppleWebKit/537.36 (KHTML, like Gecko) Chrome/116.0.0.0 Safari/537.36"
103.4.251.249 - - [05/Feb/2026:08:29:16 -0700] "GET /bootstrap.php HTTP/1.1" 200 - "-" "Mozilla/5.0 (X11; Linux x86_64) AppleWebKit/537.36 (KHTML, like Gecko) Chrome/116.0.0.0 Safari/537.36"
103.4.251.249 - - [05/Feb/2026:08:29:16 -0700] "GET /config/ HTTP/1.1" 200 1529 "-" "Mozilla/5.0 (X11; Linux x86_64) AppleWebKit/537.36 (KHTML, like Gecko) Chrome/116.0.0.0 Safari/537.36"
103.4.251.249 - - [05/Feb/2026:08:29:16 -0700] "GET /composer.lock HTTP/1.1" 200 300466 "-" "Mozilla/5.0 (X11; Linux x86_64) AppleWebKit/537.36 (KHTML, like Gecko) Chrome/116.0.0.0 Safari/537.36"
103.4.251.249 - - [05/Feb/2026:08:29:16 -0700] "GET /cgi-bin/ HTTP/1.1" 404 - "-" "Mozilla/5.0 (X11; Linux x86_64) AppleWebKit/537.36 (KHTML, like Gecko) Chrome/116.0.0.0 Safari/537.36"
103.4.251.249 - - [05/Feb/2026:08:29:16 -0700] "GET /craft HTTP/1.1" 200 309 "-" "Mozilla/5.0 (X11; Linux x86_64) AppleWebKit/537.36 (KHTML, like Gecko) Chrome/116.0.0.0 Safari/537.36"
103.4.251.249 - - [05/Feb/2026:08:29:16 -0700] "GET /storage/ HTTP/1.1" 200 988 "-" "Mozilla/5.0 (X11; Linux x86_64) AppleWebKit/537.36 (KHTML, like Gecko) Chrome/116.0.0.0 Safari/537.36"
103.4.251.249 - - [05/Feb/2026:08:29:16 -0700] "GET /333.php HTTP/1.1" 200 47372 "-" "Mozilla/5.0 (X11; Linux x86_64) AppleWebKit/537.36 (KHTML, like Gecko) Chrome/116.0.0.0 Safari/537.36"
103.4.251.249 - - [05/Feb/2026:08:29:16 -0700] "GET /templates/ HTTP/1.1" 200 821 "-" "Mozilla/5.0 (X11; Linux x86_64) AppleWebKit/537.36 (KHTML, like Gecko) Chrome/116.0.0.0 Safari/537.36"
103.4.251.249 - - [05/Feb/2026:08:29:17 -0700] "GET /web/ HTTP/1.1" 503 52254 "-" "Mozilla/5.0 (X11; Linux x86_64) AppleWebKit/537.36 (KHTML, like Gecko) Chrome/116.0.0.0 Safari/537.36"
103.4.251.249 - - [05/Feb/2026:08:29:16 -0700] "GET /vendor/ HTTP/1.1" 200 9116 "-" "Mozilla/5.0 (X11; Linux x86_64) AppleWebKit/537.36 (KHTML, like Gecko) Chrome/116.0.0.0 Safari/537.36"
103.4.251.249 - - [05/Feb/2026:08:29:20 -0700] "GET /templates/%3FC%3DN%3BO%3DD HTTP/1.1" 404 - "-" "Mozilla/5.0 (X11; Linux x86_64) AppleWebKit/537.36 (KHTML, like Gecko) Chrome/116.0.0.0 Safari/537.36"
103.4.251.249 - - [05/Feb/2026:08:29:20 -0700] "GET /templates/%3FC%3DS%3BO%3DA HTTP/1.1" 404 - "-" "Mozilla/5.0 (X11; Linux x86_64) AppleWebKit/537.36 (KHTML, like Gecko) Chrome/116.0.0.0 Safari/537.36"
103.4.251.249 - - [05/Feb/2026:08:29:21 -0700] "GET / HTTP/1.1" 200 2425 "-" "Mozilla/5.0 (X11; Linux x86_64) AppleWebKit/537.36 (KHTML, like Gecko) Chrome/116.0.0.0 Safari/537.36"
103.4.251.249 - - [05/Feb/2026:08:29:21 -0700] "GET /templates/index.twig HTTP/1.1" 200 6278 "-" "Mozilla/5.0 (X11; Linux x86_64) AppleWebKit/537.36 (KHTML, like Gecko) Chrome/116.0.0.0 Safari/537.36"
103.4.251.249 - - [05/Feb/2026:08:29:21 -0700] "GET /templates/%3FC%3DD%3BO%3DA HTTP/1.1" 404 - "-" "Mozilla/5.0 (X11; Linux x86_64) AppleWebKit/537.36 (KHTML, like Gecko) Chrome/116.0.0.0 Safari/537.36"
103.4.251.249 - - [05/Feb/2026:08:29:21 -0700] "GET /storage/%3FC%3DN%3BO%3DD HTTP/1.1" 404 - "-" "Mozilla/5.0 (X11; Linux x86_64) AppleWebKit/537.36 (KHTML, like Gecko) Chrome/116.0.0.0 Safari/537.36"
103.4.251.249 - - [05/Feb/2026:08:29:21 -0700] "GET /storage/%3FC%3DS%3BO%3DA HTTP/1.1" 404 - "-" "Mozilla/5.0 (X11; Linux x86_64) AppleWebKit/537.36 (KHTML, like Gecko) Chrome/116.0.0.0 Safari/537.36"
103.4.251.249 - - [05/Feb/2026:08:29:21 -0700] "GET /storage/%3FC%3DD%3BO%3DA HTTP/1.1" 404 - "-" "Mozilla/5.0 (X11; Linux x86_64) AppleWebKit/537.36 (KHTML, like Gecko) Chrome/116.0.0.0 Safari/537.36"
103.4.251.249 - - [05/Feb/2026:08:29:22 -0700] "GET /storage/logs/ HTTP/1.1" 200 1777 "-" "Mozilla/5.0 (X11; Linux x86_64) AppleWebKit/537.36 (KHTML, like Gecko) Chrome/116.0.0.0 Safari/537.36"
103.4.251.249 - - [05/Feb/2026:08:29:22 -0700] "GET /storage/runtime/ HTTP/1.1" 200 1024 "-" "Mozilla/5.0 (X11; Linux x86_64) AppleWebKit/537.36 (KHTML, like Gecko) Chrome/116.0.0.0 Safari/537.36"
103.4.251.249 - - [05/Feb/2026:08:29:22 -0700] "GET /templates/%3FC%3DM%3BO%3DA HTTP/1.1" 404 - "-" "Mozilla/5.0 (X11; Linux x86_64) AppleWebKit/537.36 (KHTML, like Gecko) Chrome/116.0.0.0 Safari/537.36"
103.4.251.249 - - [05/Feb/2026:08:29:22 -0700] "GET /config/%3FC%3DN%3BO%3DD HTTP/1.1" 404 - "-" "Mozilla/5.0 (X11; Linux x86_64) AppleWebKit/537.36 (KHTML, like Gecko) Chrome/116.0.0.0 Safari/537.36"
103.4.251.249 - - [05/Feb/2026:08:29:22 -0700] "GET /config/%3FC%3DS%3BO%3DA HTTP/1.1" 404 - "-" "Mozilla/5.0 (X11; Linux x86_64) AppleWebKit/537.36 (KHTML, like Gecko) Chrome/116.0.0.0 Safari/537.36"
103.4.251.249 - - [05/Feb/2026:08:29:22 -0700] "GET /config/app.php HTTP/1.1" 500 - "-" "Mozilla/5.0 (X11; Linux x86_64) AppleWebKit/537.36 (KHTML, like Gecko) Chrome/116.0.0.0 Safari/537.36"
103.4.251.249 - - [05/Feb/2026:08:29:22 -0700] "GET /config/htmlpurifier/ HTTP/1.1" 200 850 "-" "Mozilla/5.0 (X11; Linux x86_64) AppleWebKit/537.36 (KHTML, like Gecko) Chrome/116.0.0.0 Safari/537.36"
103.4.251.249 - - [05/Feb/2026:08:29:23 -0700] "GET /config/routes.php HTTP/1.1" 200 - "-" "Mozilla/5.0 (X11; Linux x86_64) AppleWebKit/537.36 (KHTML, like Gecko) Chrome/116.0.0.0 Safari/537.36"
103.4.251.249 - - [05/Feb/2026:08:29:23 -0700] "GET /web/%23 HTTP/1.1" 503 52347 "-" "Mozilla/5.0 (X11; Linux x86_64) AppleWebKit/537.36 (KHTML, like Gecko) Chrome/116.0.0.0 Safari/537.36"
103.4.251.249 - - [05/Feb/2026:08:29:23 -0700] "GET /web/https%3A/www.google.com/search%3Fq%3D HTTP/1.1" 503 52347 "-" "Mozilla/5.0 (X11; Linux x86_64) AppleWebKit/537.36 (KHTML, like Gecko) Chrome/116.0.0.0 Safari/537.36"
103.4.251.249 - - [05/Feb/2026:08:29:25 -0700] "GET /web/https%3A/www.yiiframework.com/doc-2.0/yii-base-application.html%23run%28%29-detail HTTP/1.1" 503 52347 "-" "Mozilla/5.0 (X11; Linux x86_64) AppleWebKit/537.36 (KHTML, like Gecko) Chrome/116.0.0.0 Safari/537.36"
103.4.251.249 - - [05/Feb/2026:08:29:25 -0700] "GET /web/https%3A/httpd.apache.org/ HTTP/1.1" 503 52347 "-" "Mozilla/5.0 (X11; Linux x86_64) AppleWebKit/537.36 (KHTML, like Gecko) Chrome/116.0.0.0 Safari/537.36"
103.4.251.249 - - [05/Feb/2026:08:29:25 -0700] "GET /web/https%3A/yiiframework.com/ HTTP/1.1" 503 52347 "-" "Mozilla/5.0 (X11; Linux x86_64) AppleWebKit/537.36 (KHTML, like Gecko) Chrome/116.0.0.0 Safari/537.36"
103.4.251.249 - - [05/Feb/2026:08:29:25 -0700] "GET /web/https%3A/github.com/yiisoft/yii2/ HTTP/1.1" 503 52347 "-" "Mozilla/5.0 (X11; Linux x86_64) AppleWebKit/537.36 (KHTML, like Gecko) Chrome/116.0.0.0 Safari/537.36"
103.4.251.249 - - [05/Feb/2026:08:29:25 -0700] "GET /config/%3FC%3DM%3BO%3DA HTTP/1.1" 404 - "-" "Mozilla/5.0 (X11; Linux x86_64) AppleWebKit/537.36 (KHTML, like Gecko) Chrome/116.0.0.0 Safari/537.36"
103.4.251.249 - - [05/Feb/2026:08:29:26 -0700] "GET /config/%3FC%3DD%3BO%3DA HTTP/1.1" 404 - "-" "Mozilla/5.0 (X11; Linux x86_64) AppleWebKit/537.36 (KHTML, like Gecko) Chrome/116.0.0.0 Safari/537.36"
103.4.251.249 - - [05/Feb/2026:08:29:26 -0700] "GET /config/general.php HTTP/1.1" 500 - "-" "Mozilla/5.0 (X11; Linux x86_64) AppleWebKit/537.36 (KHTML, like Gecko) Chrome/116.0.0.0 Safari/537.36"
103.4.251.249 - - [05/Feb/2026:08:29:26 -0700] "GET /config/license.key HTTP/1.1" 200 4 "-" "Mozilla/5.0 (X11; Linux x86_64) AppleWebKit/537.36 (KHTML, like Gecko) Chrome/116.0.0.0 Safari/537.36"
103.4.251.249 - - [05/Feb/2026:08:29:27 -0700] "GET /storage/%3FC%3DM%3BO%3DA HTTP/1.1" 404 - "-" "Mozilla/5.0 (X11; Linux x86_64) AppleWebKit/537.36 (KHTML, like Gecko) Chrome/116.0.0.0 Safari/537.36"
103.4.251.249 - - [05/Feb/2026:08:29:27 -0700] "GET /web/https%3A/stackoverflow.com/search%3Fq%3D HTTP/1.1" 503 52347 "-" "Mozilla/5.0 (X11; Linux x86_64) AppleWebKit/537.36 (KHTML, like Gecko) Chrome/116.0.0.0 Safari/537.36"
103.4.251.249 - - [05/Feb/2026:08:29:27 -0700] "GET /web/https%3A/en.wikipedia.org/wiki/List_of_HTTP_status_codes%23503 HTTP/1.1" 503 52347 "-" "Mozilla/5.0 (X11; Linux x86_64) AppleWebKit/537.36 (KHTML, like Gecko) Chrome/116.0.0.0 Safari/537.36"
103.4.251.188 - - [05/Feb/2026:08:40:55 -0700] "GET / HTTP/1.1" 200 2425 "-" "Mozilla/5.0 (Macintosh; Intel Mac OS X 10_15_7) AppleWebKit/537.36 (KHTML, like Gecko) Chrome/117.0.0.0 Safari/537.36"
154.28.229.255 - - [05/Feb/2026:08:40:55 -0700] "GET / HTTP/1.1" 200 2425 "-" "Mozilla/5.0 (X11; Linux x86_64) AppleWebKit/537.36 (KHTML, like Gecko) Chrome/117.0.0.0 Safari/537.36"
103.4.251.188 - - [05/Feb/2026:08:41:02 -0700] "GET / HTTP/1.1" 200 2425 "-" "Mozilla/5.0 (Windows NT 10.0; Win64; x64) AppleWebKit/537.36 (KHTML, like Gecko) Chrome/116.0.0.0 Safari/537.36"
103.4.251.188 - - [05/Feb/2026:08:41:26 -0700] "GET /%3FC%3DN%3BO%3DD HTTP/1.1" 404 - "-" "Mozilla/5.0 (Windows NT 10.0; Win64; x64) AppleWebKit/537.36 (KHTML, like Gecko) Chrome/116.0.0.0 Safari/537.36"
103.4.251.188 - - [05/Feb/2026:08:41:26 -0700] "GET /%3FC%3DM%3BO%3DA HTTP/1.1" 404 - "-" "Mozilla/5.0 (Windows NT 10.0; Win64; x64) AppleWebKit/537.36 (KHTML, like Gecko) Chrome/116.0.0.0 Safari/537.36"
103.4.251.188 - - [05/Feb/2026:08:41:27 -0700] "GET /%3FC%3DS%3BO%3DA HTTP/1.1" 404 - "-" "Mozilla/5.0 (Windows NT 10.0; Win64; x64) AppleWebKit/537.36 (KHTML, like Gecko) Chrome/116.0.0.0 Safari/537.36"
103.4.251.188 - - [05/Feb/2026:08:41:27 -0700] "GET /%3FC%3DD%3BO%3DA HTTP/1.1" 404 - "-" "Mozilla/5.0 (Windows NT 10.0; Win64; x64) AppleWebKit/537.36 (KHTML, like Gecko) Chrome/116.0.0.0 Safari/537.36"
103.4.251.188 - - [05/Feb/2026:08:41:27 -0700] "GET /bootstrap.php HTTP/1.1" 200 - "-" "Mozilla/5.0 (Windows NT 10.0; Win64; x64) AppleWebKit/537.36 (KHTML, like Gecko) Chrome/116.0.0.0 Safari/537.36"
103.4.251.188 - - [05/Feb/2026:08:41:27 -0700] "GET /cgi-bin/ HTTP/1.1" 404 - "-" "Mozilla/5.0 (Windows NT 10.0; Win64; x64) AppleWebKit/537.36 (KHTML, like Gecko) Chrome/116.0.0.0 Safari/537.36"
103.4.251.188 - - [05/Feb/2026:08:41:27 -0700] "GET /333.php HTTP/1.1" 200 47372 "-" "Mozilla/5.0 (Windows NT 10.0; Win64; x64) AppleWebKit/537.36 (KHTML, like Gecko) Chrome/116.0.0.0 Safari/537.36"
103.4.251.188 - - [05/Feb/2026:08:41:28 -0700] "GET /composer.lock HTTP/1.1" 200 300466 "-" "Mozilla/5.0 (Windows NT 10.0; Win64; x64) AppleWebKit/537.36 (KHTML, like Gecko) Chrome/116.0.0.0 Safari/537.36"
103.4.251.188 - - [05/Feb/2026:08:41:28 -0700] "GET /config/ HTTP/1.1" 200 1529 "-" "Mozilla/5.0 (Windows NT 10.0; Win64; x64) AppleWebKit/537.36 (KHTML, like Gecko) Chrome/116.0.0.0 Safari/537.36"
84.200.128.149 - - [05/Feb/2026:09:04:40 -0700] "GET /v2/ HTTP/1.1" 404 - "-" "docker/20.10.0"
84.200.128.149 - - [05/Feb/2026:09:04:42 -0700] "GET /v2/ HTTP/1.1" 404 - "-" "docker/20.10.0"
74.7.175.147 - - [05/Feb/2026:09:16:42 -0700] "GET /robots.txt HTTP/1.1" 404 - "-" "Mozilla/5.0 (Macintosh; Intel Mac OS X 10_15_7) AppleWebKit/537.36 (KHTML, like Gecko) Chrome/131.0.0.0 Safari/537.36; compatible; OAI-SearchBot/1.3; robots.txt; +https://openai.com/searchbot"
103.4.251.238 - - [05/Feb/2026:09:36:38 -0700] "GET / HTTP/1.1" 200 2425 "-" "Mozilla/5.0 (Windows NT 10.0; Win64; x64) AppleWebKit/537.36 (KHTML, like Gecko) Chrome/116.0.0.0 Safari/537.36"
103.4.251.227 - - [05/Feb/2026:09:48:39 -0700] "GET / HTTP/1.1" 200 2425 "-" "Mozilla/5.0 (X11; Linux x86_64) AppleWebKit/537.36 (KHTML, like Gecko) Chrome/116.0.0.0 Safari/537.36"
103.196.9.177 - - [05/Feb/2026:09:48:40 -0700] "GET / HTTP/1.1" 200 2425 "-" "Mozilla/5.0 (X11; Linux x86_64) AppleWebKit/537.36 (KHTML, like Gecko) Chrome/117.0.0.0 Safari/537.36"
103.4.251.227 - - [05/Feb/2026:09:48:51 -0700] "GET / HTTP/1.1" 200 2425 "-" "Mozilla/5.0 (Windows NT 10.0; Win64; x64) AppleWebKit/537.36 (KHTML, like Gecko) Chrome/116.0.0.0 Safari/537.36"
103.4.251.227 - - [05/Feb/2026:09:49:19 -0700] "GET /cgi-bin/ HTTP/1.1" 404 - "-" "Mozilla/5.0 (Windows NT 10.0; Win64; x64) AppleWebKit/537.36 (KHTML, like Gecko) Chrome/116.0.0.0 Safari/537.36"
74.7.175.147 - - [05/Feb/2026:09:57:46 -0700] "GET /robots.txt HTTP/1.1" 404 - "-" "Mozilla/5.0 (Macintosh; Intel Mac OS X 10_15_7) AppleWebKit/537.36 (KHTML, like Gecko) Chrome/131.0.0.0 Safari/537.36; compatible; OAI-SearchBot/1.3; robots.txt; +https://openai.com/searchbot"
216.73.216.211 - - [05/Feb/2026:10:06:37 -0700] "GET /robots.txt HTTP/1.1" 404 - "-" "Mozilla/5.0 AppleWebKit/537.36 (KHTML, like Gecko; compatible; ClaudeBot/1.0; +claudebot@anthropic.com)"
216.73.216.211 - - [05/Feb/2026:10:06:37 -0700] "GET / HTTP/1.1" 200 2425 "-" "Mozilla/5.0 AppleWebKit/537.36 (KHTML, like Gecko; compatible; ClaudeBot/1.0; +claudebot@anthropic.com)"
74.7.175.147 - - [05/Feb/2026:10:10:15 -0700] "GET /robots.txt HTTP/1.1" 404 - "-" "Mozilla/5.0 (Macintosh; Intel Mac OS X 10_15_7) AppleWebKit/537.36 (KHTML, like Gecko) Chrome/131.0.0.0 Safari/537.36; compatible; OAI-SearchBot/1.3; robots.txt; +https://openai.com/searchbot"
74.7.175.147 - - [05/Feb/2026:10:15:27 -0700] "GET /robots.txt HTTP/1.1" 404 - "-" "Mozilla/5.0 (Macintosh; Intel Mac OS X 10_15_7) AppleWebKit/537.36 (KHTML, like Gecko) Chrome/131.0.0.0 Safari/537.36; compatible; OAI-SearchBot/1.3; robots.txt; +https://openai.com/searchbot"
216.73.216.211 - - [05/Feb/2026:11:48:13 -0700] "GET /robots.txt HTTP/1.1" 404 - "-" "Mozilla/5.0 AppleWebKit/537.36 (KHTML, like Gecko; compatible; ClaudeBot/1.0; +claudebot@anthropic.com)"
216.73.216.211 - - [05/Feb/2026:11:48:13 -0700] "GET /bootstrap.php HTTP/1.1" 200 - "-" "Mozilla/5.0 AppleWebKit/537.36 (KHTML, like Gecko; compatible; ClaudeBot/1.0; +claudebot@anthropic.com)"
216.73.216.211 - - [05/Feb/2026:11:48:39 -0700] "GET /storage HTTP/1.1" 301 289 "-" "Mozilla/5.0 AppleWebKit/537.36 (KHTML, like Gecko; compatible; ClaudeBot/1.0; +claudebot@anthropic.com)"
216.73.216.211 - - [05/Feb/2026:11:48:39 -0700] "GET /web HTTP/1.1" 301 285 "-" "Mozilla/5.0 AppleWebKit/537.36 (KHTML, like Gecko; compatible; ClaudeBot/1.0; +claudebot@anthropic.com)"
216.73.216.211 - - [05/Feb/2026:11:48:39 -0700] "GET /storage/ HTTP/1.1" 200 988 "https://safrandsi.datadazzle.com/storage" "Mozilla/5.0 AppleWebKit/537.36 (KHTML, like Gecko; compatible; ClaudeBot/1.0; +claudebot@anthropic.com)"
216.73.216.211 - - [05/Feb/2026:11:48:39 -0700] "GET /web/ HTTP/1.1" 503 52254 "https://safrandsi.datadazzle.com/web" "Mozilla/5.0 AppleWebKit/537.36 (KHTML, like Gecko; compatible; ClaudeBot/1.0; +claudebot@anthropic.com)"
216.73.216.211 - - [05/Feb/2026:11:49:25 -0700] "GET /cgi-bin HTTP/1.1" 301 289 "-" "Mozilla/5.0 AppleWebKit/537.36 (KHTML, like Gecko; compatible; ClaudeBot/1.0; +claudebot@anthropic.com)"
216.73.216.211 - - [05/Feb/2026:11:49:25 -0700] "GET /cgi-bin/ HTTP/1.1" 404 - "https://safrandsi.datadazzle.com/cgi-bin" "Mozilla/5.0 AppleWebKit/537.36 (KHTML, like Gecko; compatible; ClaudeBot/1.0; +claudebot@anthropic.com)"
216.73.216.211 - - [05/Feb/2026:11:49:25 -0700] "GET /333.php HTTP/1.1" 200 47372 "-" "Mozilla/5.0 AppleWebKit/537.36 (KHTML, like Gecko; compatible; ClaudeBot/1.0; +claudebot@anthropic.com)"
216.73.216.211 - - [05/Feb/2026:11:49:50 -0700] "GET /composer.lock HTTP/1.1" 200 300466 "-" "Mozilla/5.0 AppleWebKit/537.36 (KHTML, like Gecko; compatible; ClaudeBot/1.0; +claudebot@anthropic.com)"
216.73.216.211 - - [05/Feb/2026:11:49:50 -0700] "GET /composer.json HTTP/1.1" 200 603 "-" "Mozilla/5.0 AppleWebKit/537.36 (KHTML, like Gecko; compatible; ClaudeBot/1.0; +claudebot@anthropic.com)"
216.73.216.211 - - [05/Feb/2026:11:51:19 -0700] "GET /?C=N&O=D HTTP/1.1" 200 2425 "-" "Mozilla/5.0 AppleWebKit/537.36 (KHTML, like Gecko; compatible; ClaudeBot/1.0; +claudebot@anthropic.com)"
216.73.216.211 - - [05/Feb/2026:11:51:45 -0700] "GET /vendor HTTP/1.1" 301 288 "-" "Mozilla/5.0 AppleWebKit/537.36 (KHTML, like Gecko; compatible; ClaudeBot/1.0; +claudebot@anthropic.com)"
216.73.216.211 - - [05/Feb/2026:11:51:46 -0700] "GET /vendor/ HTTP/1.1" 200 9116 "https://safrandsi.datadazzle.com/vendor" "Mozilla/5.0 AppleWebKit/537.36 (KHTML, like Gecko; compatible; ClaudeBot/1.0; +claudebot@anthropic.com)"
216.73.216.211 - - [05/Feb/2026:11:51:46 -0700] "GET /templates HTTP/1.1" 301 291 "-" "Mozilla/5.0 AppleWebKit/537.36 (KHTML, like Gecko; compatible; ClaudeBot/1.0; +claudebot@anthropic.com)"
216.73.216.211 - - [05/Feb/2026:11:51:46 -0700] "GET /templates/ HTTP/1.1" 200 821 "https://safrandsi.datadazzle.com/templates" "Mozilla/5.0 AppleWebKit/537.36 (KHTML, like Gecko; compatible; ClaudeBot/1.0; +claudebot@anthropic.com)"
216.73.216.211 - - [05/Feb/2026:11:52:02 -0700] "GET /?C=D&O=A HTTP/1.1" 200 2425 "-" "Mozilla/5.0 AppleWebKit/537.36 (KHTML, like Gecko; compatible; ClaudeBot/1.0; +claudebot@anthropic.com)"
216.73.216.211 - - [05/Feb/2026:11:52:02 -0700] "GET /?C=M&O=A HTTP/1.1" 200 2425 "-" "Mozilla/5.0 AppleWebKit/537.36 (KHTML, like Gecko; compatible; ClaudeBot/1.0; +claudebot@anthropic.com)"
216.73.216.211 - - [05/Feb/2026:11:52:43 -0700] "GET /?C=S&O=A HTTP/1.1" 200 2425 "-" "Mozilla/5.0 AppleWebKit/537.36 (KHTML, like Gecko; compatible; ClaudeBot/1.0; +claudebot@anthropic.com)"
216.73.216.211 - - [05/Feb/2026:11:53:36 -0700] "GET /config HTTP/1.1" 301 288 "-" "Mozilla/5.0 AppleWebKit/537.36 (KHTML, like Gecko; compatible; ClaudeBot/1.0; +claudebot@anthropic.com)"
216.73.216.211 - - [05/Feb/2026:11:53:36 -0700] "GET /config/ HTTP/1.1" 200 1529 "https://safrandsi.datadazzle.com/config" "Mozilla/5.0 AppleWebKit/537.36 (KHTML, like Gecko; compatible; ClaudeBot/1.0; +claudebot@anthropic.com)"
216.73.216.211 - - [05/Feb/2026:11:53:37 -0700] "GET /craft HTTP/1.1" 200 309 "-" "Mozilla/5.0 AppleWebKit/537.36 (KHTML, like Gecko; compatible; ClaudeBot/1.0; +claudebot@anthropic.com)"
216.73.216.211 - - [05/Feb/2026:13:21:38 -0700] "GET /robots.txt HTTP/1.1" 404 - "-" "Mozilla/5.0 AppleWebKit/537.36 (KHTML, like Gecko; compatible; ClaudeBot/1.0; +claudebot@anthropic.com)"
216.73.216.211 - - [05/Feb/2026:13:21:38 -0700] "GET /storage/?C=M&O=A HTTP/1.1" 200 988 "-" "Mozilla/5.0 AppleWebKit/537.36 (KHTML, like Gecko; compatible; ClaudeBot/1.0; +claudebot@anthropic.com)"
193.19.82.13 - - [05/Feb/2026:13:22:59 -0700] "HEAD / HTTP/1.1" 200 - "-" "Mozilla/5.0 (Windows NT 10.0; Win64; x64) AppleWebKit/537.36 (KHTML, like Gecko) Chrome/108.0.0.0 Safari/537.36"
193.19.82.13 - - [05/Feb/2026:13:23:18 -0700] "GET / HTTP/1.1" 200 2425 "-" "Mozilla/5.0 (Windows NT 10.0; Win64; x64) AppleWebKit/537.36 (KHTML, like Gecko) Chrome/108.0.0.0 Safari/537.36"
216.73.216.211 - - [05/Feb/2026:13:24:35 -0700] "GET /storage/?C=N&O=D HTTP/1.1" 200 988 "-" "Mozilla/5.0 AppleWebKit/537.36 (KHTML, like Gecko; compatible; ClaudeBot/1.0; +claudebot@anthropic.com)"
216.73.216.211 - - [05/Feb/2026:13:25:53 -0700] "GET /storage/runtime HTTP/1.1" 301 297 "-" "Mozilla/5.0 AppleWebKit/537.36 (KHTML, like Gecko; compatible; ClaudeBot/1.0; +claudebot@anthropic.com)"
216.73.216.211 - - [05/Feb/2026:13:25:53 -0700] "GET /storage/runtime/ HTTP/1.1" 200 1024 "https://safrandsi.datadazzle.com/storage/runtime" "Mozilla/5.0 AppleWebKit/537.36 (KHTML, like Gecko; compatible; ClaudeBot/1.0; +claudebot@anthropic.com)"
216.73.216.211 - - [05/Feb/2026:13:26:14 -0700] "GET /storage/?C=D&O=A HTTP/1.1" 200 988 "-" "Mozilla/5.0 AppleWebKit/537.36 (KHTML, like Gecko; compatible; ClaudeBot/1.0; +claudebot@anthropic.com)"
216.73.216.211 - - [05/Feb/2026:13:27:00 -0700] "GET /storage/?C=S&O=A HTTP/1.1" 200 988 "-" "Mozilla/5.0 AppleWebKit/537.36 (KHTML, like Gecko; compatible; ClaudeBot/1.0; +claudebot@anthropic.com)"
216.73.216.211 - - [05/Feb/2026:13:27:00 -0700] "GET /storage/logs HTTP/1.1" 301 294 "-" "Mozilla/5.0 AppleWebKit/537.36 (KHTML, like Gecko; compatible; ClaudeBot/1.0; +claudebot@anthropic.com)"
216.73.216.211 - - [05/Feb/2026:13:27:00 -0700] "GET /storage/logs/ HTTP/1.1" 200 1777 "https://safrandsi.datadazzle.com/storage/logs" "Mozilla/5.0 AppleWebKit/537.36 (KHTML, like Gecko; compatible; ClaudeBot/1.0; +claudebot@anthropic.com)"
216.73.216.211 - - [05/Feb/2026:13:27:37 -0700] "GET /?C=N&O=A HTTP/1.1" 200 2425 "-" "Mozilla/5.0 AppleWebKit/537.36 (KHTML, like Gecko; compatible; ClaudeBot/1.0; +claudebot@anthropic.com)"
216.73.216.211 - - [05/Feb/2026:13:27:37 -0700] "GET /333.php?fm=true&path=%2Fhome%2Fpimjdymy%2Fpublic_html%2Fsafrandsi%2F.. HTTP/1.1" 200 41467 "-" "Mozilla/5.0 AppleWebKit/537.36 (KHTML, like Gecko; compatible; ClaudeBot/1.0; +claudebot@anthropic.com)"
216.73.216.211 - - [05/Feb/2026:13:27:38 -0700] "GET /?C=S&O=D HTTP/1.1" 200 2425 "-" "Mozilla/5.0 AppleWebKit/537.36 (KHTML, like Gecko; compatible; ClaudeBot/1.0; +claudebot@anthropic.com)"
216.73.216.211 - - [05/Feb/2026:13:27:38 -0700] "GET /?C=D&O=D HTTP/1.1" 200 2425 "-" "Mozilla/5.0 AppleWebKit/537.36 (KHTML, like Gecko; compatible; ClaudeBot/1.0; +claudebot@anthropic.com)"
216.73.216.211 - - [05/Feb/2026:13:27:39 -0700] "GET /333.php?fm_settings=true HTTP/1.1" 200 30527 "-" "Mozilla/5.0 AppleWebKit/537.36 (KHTML, like Gecko; compatible; ClaudeBot/1.0; +claudebot@anthropic.com)"
216.73.216.211 - - [05/Feb/2026:13:27:39 -0700] "GET /333.php?phpinfo=true HTTP/1.1" 200 91207 "-" "Mozilla/5.0 AppleWebKit/537.36 (KHTML, like Gecko; compatible; ClaudeBot/1.0; +claudebot@anthropic.com)"
216.73.216.211 - - [05/Feb/2026:13:27:40 -0700] "GET /333.php?proxy=true HTTP/1.1" 200 14427 "-" "Mozilla/5.0 AppleWebKit/537.36 (KHTML, like Gecko; compatible; ClaudeBot/1.0; +claudebot@anthropic.com)"
216.73.216.211 - - [05/Feb/2026:13:27:40 -0700] "GET /333.php(2)%20:%20eval()'d%20code HTTP/1.1" 404 - "-" "Mozilla/5.0 AppleWebKit/537.36 (KHTML, like Gecko; compatible; ClaudeBot/1.0; +claudebot@anthropic.com)"
216.73.216.211 - - [05/Feb/2026:13:28:29 -0700] "GET /333.php?edit=333.php&fm=true&path=%2Fhome%2Fpimjdymy%2Fpublic_html%2Fsafrandsi%2F HTTP/1.1" 200 23219 "-" "Mozilla/5.0 AppleWebKit/537.36 (KHTML, like Gecko; compatible; ClaudeBot/1.0; +claudebot@anthropic.com)"
216.73.216.211 - - [05/Feb/2026:13:28:30 -0700] "GET /333.php?fm=true&path=%2Fhome%2Fpimjdymy%2Fpublic_html%2Fsafrandsi%2Fweb HTTP/1.1" 200 28582 "-" "Mozilla/5.0 AppleWebKit/537.36 (KHTML, like Gecko; compatible; ClaudeBot/1.0; +claudebot@anthropic.com)"
216.73.216.211 - - [05/Feb/2026:13:28:30 -0700] "GET /333.php?edit=.env.example.staging&fm=true&path=%2Fhome%2Fpimjdymy%2Fpublic_html%2Fsafrandsi%2F HTTP/1.1" 200 22668 "-" "Mozilla/5.0 AppleWebKit/537.36 (KHTML, like Gecko; compatible; ClaudeBot/1.0; +claudebot@anthropic.com)"
216.73.216.211 - - [05/Feb/2026:13:28:31 -0700] "GET /333.php?fm=true&path=%2Fhome%2Fpimjdymy%2Fpublic_html%2Fsafrandsi%2F&rename=.env.example.dev HTTP/1.1" 200 21305 "-" "Mozilla/5.0 AppleWebKit/537.36 (KHTML, like Gecko; compatible; ClaudeBot/1.0; +claudebot@anthropic.com)"
216.73.216.211 - - [05/Feb/2026:13:28:31 -0700] "GET /333.php?fm=true&path=%2Fhome%2Fpimjdymy%2Fpublic_html%2Fsafrandsi%2F&rights=.env.example.dev HTTP/1.1" 200 21305 "-" "Mozilla/5.0 AppleWebKit/537.36 (KHTML, like Gecko; compatible; ClaudeBot/1.0; +claudebot@anthropic.com)"
216.73.216.211 - - [05/Feb/2026:13:28:32 -0700] "GET /333.php?fm=true&path=%2Fhome%2Fpimjdymy%2Fpublic_html%2Fsafrandsi%2Fcgi-bin HTTP/1.1" 200 24765 "-" "Mozilla/5.0 AppleWebKit/537.36 (KHTML, like Gecko; compatible; ClaudeBot/1.0; +claudebot@anthropic.com)"
216.73.216.211 - - [05/Feb/2026:13:28:32 -0700] "GET /333.php?edit=bootstrap.php&fm=true&path=%2Fhome%2Fpimjdymy%2Fpublic_html%2Fsafrandsi%2F HTTP/1.1" 200 22615 "-" "Mozilla/5.0 AppleWebKit/537.36 (KHTML, like Gecko; compatible; ClaudeBot/1.0; +claudebot@anthropic.com)"
216.73.216.211 - - [05/Feb/2026:13:28:33 -0700] "GET /333.php?edit=.env.example.dev&fm=true&path=%2Fhome%2Fpimjdymy%2Fpublic_html%2Fsafrandsi%2F HTTP/1.1" 200 22654 "-" "Mozilla/5.0 AppleWebKit/537.36 (KHTML, like Gecko; compatible; ClaudeBot/1.0; +claudebot@anthropic.com)"
216.73.216.211 - - [05/Feb/2026:13:28:34 -0700] "GET /333.php?edit=composer.lock&fm=true&path=%2Fhome%2Fpimjdymy%2Fpublic_html%2Fsafrandsi%2F HTTP/1.1" 200 418184 "-" "Mozilla/5.0 AppleWebKit/537.36 (KHTML, like Gecko; compatible; ClaudeBot/1.0; +claudebot@anthropic.com)"
216.73.216.211 - - [05/Feb/2026:13:28:35 -0700] "GET /333.php?fm=true&path=%2Fhome%2Fpimjdymy%2Fpublic_html%2Fsafrandsi%2Fconfig HTTP/1.1" 200 31301 "-" "Mozilla/5.0 AppleWebKit/537.36 (KHTML, like Gecko; compatible; ClaudeBot/1.0; +claudebot@anthropic.com)"
216.73.216.211 - - [05/Feb/2026:13:28:35 -0700] "GET /333.php?edit=composer.json&fm=true&path=%2Fhome%2Fpimjdymy%2Fpublic_html%2Fsafrandsi%2F HTTP/1.1" 200 22928 "-" "Mozilla/5.0 AppleWebKit/537.36 (KHTML, like Gecko; compatible; ClaudeBot/1.0; +claudebot@anthropic.com)"
216.73.216.211 - - [05/Feb/2026:13:28:35 -0700] "GET /333.php?edit=.env.example.production&fm=true&path=%2Fhome%2Fpimjdymy%2Fpublic_html%2Fsafrandsi%2F HTTP/1.1" 200 22678 "-" "Mozilla/5.0 AppleWebKit/537.36 (KHTML, like Gecko; compatible; ClaudeBot/1.0; +claudebot@anthropic.com)"
216.73.216.211 - - [05/Feb/2026:13:28:36 -0700] "GET /333.php?fm=true&path=%2Fhome%2Fpimjdymy%2Fpublic_html%2Fsafrandsi%2F. HTTP/1.1" 200 47372 "-" "Mozilla/5.0 AppleWebKit/537.36 (KHTML, like Gecko; compatible; ClaudeBot/1.0; +claudebot@anthropic.com)"
216.73.216.211 - - [05/Feb/2026:13:28:36 -0700] "GET /333.php?fm=true&path=%2Fhome%2Fpimjdymy%2Fpublic_html%2Fsafrandsi%2Fstorage HTTP/1.1" 200 28573 "-" "Mozilla/5.0 AppleWebKit/537.36 (KHTML, like Gecko; compatible; ClaudeBot/1.0; +claudebot@anthropic.com)"
216.73.216.211 - - [05/Feb/2026:13:28:37 -0700] "GET /333.php?fm=true&path=%2Fhome%2Fpimjdymy%2Fpublic_html%2Fsafrandsi%2F&rights=bootstrap.php HTTP/1.1" 200 21299 "-" "Mozilla/5.0 AppleWebKit/537.36 (KHTML, like Gecko; compatible; ClaudeBot/1.0; +claudebot@anthropic.com)"
216.73.216.211 - - [05/Feb/2026:13:28:37 -0700] "GET /333.php?fm=true&path=%2Fhome%2Fpimjdymy%2Fpublic_html%2Fsafrandsi%2F&rename=bootstrap.php HTTP/1.1" 200 21299 "-" "Mozilla/5.0 AppleWebKit/537.36 (KHTML, like Gecko; compatible; ClaudeBot/1.0; +claudebot@anthropic.com)"
216.73.216.211 - - [05/Feb/2026:13:28:45 -0700] "GET /333.php?fm=true&path=%2Fhome%2Fpimjdymy%2Fpublic_html%2Fsafrandsi%2F&rename=composer.lock HTTP/1.1" 200 21299 "-" "Mozilla/5.0 AppleWebKit/537.36 (KHTML, like Gecko; compatible; ClaudeBot/1.0; +claudebot@anthropic.com)"
216.73.216.211 - - [05/Feb/2026:13:28:45 -0700] "GET /333.php?fm=true&path=%2Fhome%2Fpimjdymy%2Fpublic_html%2Fsafrandsi%2F&rename=.gitignore HTTP/1.1" 200 21293 "-" "Mozilla/5.0 AppleWebKit/537.36 (KHTML, like Gecko; compatible; ClaudeBot/1.0; +claudebot@anthropic.com)"
216.73.216.211 - - [05/Feb/2026:13:28:45 -0700] "GET /333.php?fm=true&path=%2Fhome%2Fpimjdymy%2Fpublic_html%2Fsafrandsi%2F&rights=.gitignore HTTP/1.1" 200 21293 "-" "Mozilla/5.0 AppleWebKit/537.36 (KHTML, like Gecko; compatible; ClaudeBot/1.0; +claudebot@anthropic.com)"
216.73.216.211 - - [05/Feb/2026:13:28:46 -0700] "GET /333.php?fm=true&path=%2Fhome%2Fpimjdymy%2Fpublic_html%2Fsafrandsi%2F&rights=composer.lock HTTP/1.1" 200 21299 "-" "Mozilla/5.0 AppleWebKit/537.36 (KHTML, like Gecko; compatible; ClaudeBot/1.0; +claudebot@anthropic.com)"
216.73.216.211 - - [05/Feb/2026:13:28:46 -0700] "GET /333.php?fm=true&path=%2Fhome%2Fpimjdymy%2Fpublic_html%2Fsafrandsi%2F&rename=web HTTP/1.1" 200 21279 "-" "Mozilla/5.0 AppleWebKit/537.36 (KHTML, like Gecko; compatible; ClaudeBot/1.0; +claudebot@anthropic.com)"
216.73.216.211 - - [05/Feb/2026:13:28:47 -0700] "GET /333.php?gzfile=L2hvbWUvcGltamR5bXkvcHVibGljX2h0bWwvc2FmcmFuZHNpL2NvbXBvc2VyLmxvY2s%3D HTTP/1.1" 200 50258 "-" "Mozilla/5.0 AppleWebKit/537.36 (KHTML, like Gecko; compatible; ClaudeBot/1.0; +claudebot@anthropic.com)"
216.73.216.211 - - [05/Feb/2026:13:28:47 -0700] "GET /333.php?fm=true&path=%2Fhome%2Fpimjdymy%2Fpublic_html%2Fsafrandsi%2F&rename=composer.json HTTP/1.1" 200 21299 "-" "Mozilla/5.0 AppleWebKit/537.36 (KHTML, like Gecko; compatible; ClaudeBot/1.0; +claudebot@anthropic.com)"
216.73.216.211 - - [05/Feb/2026:13:28:48 -0700] "GET /333.php?fm=true&path=%2Fhome%2Fpimjdymy%2Fpublic_html%2Fsafrandsi%2F&rights=web HTTP/1.1" 200 21378 "-" "Mozilla/5.0 AppleWebKit/537.36 (KHTML, like Gecko; compatible; ClaudeBot/1.0; +claudebot@anthropic.com)"
216.73.216.211 - - [05/Feb/2026:13:28:55 -0700] "GET /333.php?fm=true&path=%2Fhome%2Fpimjdymy%2Fpublic_html%2Fsafrandsi%2F&rights=craft HTTP/1.1" 200 21283 "-" "Mozilla/5.0 AppleWebKit/537.36 (KHTML, like Gecko; compatible; ClaudeBot/1.0; +claudebot@anthropic.com)"
216.73.216.211 - - [05/Feb/2026:13:28:56 -0700] "GET /333.php?fm=true&path=%2Fhome%2Fpimjdymy%2Fpublic_html%2Fsafrandsi%2F&rename=.env HTTP/1.1" 200 21281 "-" "Mozilla/5.0 AppleWebKit/537.36 (KHTML, like Gecko; compatible; ClaudeBot/1.0; +claudebot@anthropic.com)"
216.73.216.211 - - [05/Feb/2026:13:28:56 -0700] "GET /333.php?fm=true&path=%2Fhome%2Fpimjdymy%2Fpublic_html%2Fsafrandsi%2F&rename=storage HTTP/1.1" 200 21287 "-" "Mozilla/5.0 AppleWebKit/537.36 (KHTML, like Gecko; compatible; ClaudeBot/1.0; +claudebot@anthropic.com)"
216.73.216.211 - - [05/Feb/2026:13:28:57 -0700] "GET /333.php?fm=true&path=%2Fhome%2Fpimjdymy%2Fpublic_html%2Fsafrandsi%2F&rights=config HTTP/1.1" 200 21384 "-" "Mozilla/5.0 AppleWebKit/537.36 (KHTML, like Gecko; compatible; ClaudeBot/1.0; +claudebot@anthropic.com)"
216.73.216.211 - - [05/Feb/2026:13:28:57 -0700] "GET /333.php?fm=true&path=%2Fhome%2Fpimjdymy%2Fpublic_html%2Fsafrandsi%2F&rename=.htaccess HTTP/1.1" 200 21291 "-" "Mozilla/5.0 AppleWebKit/537.36 (KHTML, like Gecko; compatible; ClaudeBot/1.0; +claudebot@anthropic.com)"
216.73.216.211 - - [05/Feb/2026:13:28:58 -0700] "GET /333.php?fm=true&path=%2Fhome%2Fpimjdymy%2Fpublic_html%2Fsafrandsi%2F&rights=.env HTTP/1.1" 200 21281 "-" "Mozilla/5.0 AppleWebKit/537.36 (KHTML, like Gecko; compatible; ClaudeBot/1.0; +claudebot@anthropic.com)"
216.73.216.211 - - [05/Feb/2026:13:28:58 -0700] "GET /333.php?fm=true&path=%2Fhome%2Fpimjdymy%2Fpublic_html%2Fsafrandsi%2F&rights=storage HTTP/1.1" 200 21386 "-" "Mozilla/5.0 AppleWebKit/537.36 (KHTML, like Gecko; compatible; ClaudeBot/1.0; +claudebot@anthropic.com)"
216.73.216.211 - - [05/Feb/2026:13:28:59 -0700] "GET /333.php?fm=true&path=%2Fhome%2Fpimjdymy%2Fpublic_html%2Fsafrandsi%2F&rights=.htaccess HTTP/1.1" 200 21291 "-" "Mozilla/5.0 AppleWebKit/537.36 (KHTML, like Gecko; compatible; ClaudeBot/1.0; +claudebot@anthropic.com)"
216.73.216.211 - - [05/Feb/2026:13:29:37 -0700] "GET /333.php?fm=true&path=%2Fhome%2Fpimjdymy%2Fpublic_html%2Fsafrandsi%2F&rename=.well-known HTTP/1.1" 200 21295 "-" "Mozilla/5.0 AppleWebKit/537.36 (KHTML, like Gecko; compatible; ClaudeBot/1.0; +claudebot@anthropic.com)"
216.73.216.211 - - [05/Feb/2026:13:29:38 -0700] "GET /333.php?gz=L2hvbWUvcGltamR5bXkvcHVibGljX2h0bWwvc2FmcmFuZHNpL3N0b3JhZ2U%3D HTTP/1.1" 200 51380 "-" "Mozilla/5.0 AppleWebKit/537.36 (KHTML, like Gecko; compatible; ClaudeBot/1.0; +claudebot@anthropic.com)"
216.73.216.211 - - [05/Feb/2026:13:29:39 -0700] "GET /333.php?gzfile=L2hvbWUvcGltamR5bXkvcHVibGljX2h0bWwvc2FmcmFuZHNpL2NyYWZ0 HTTP/1.1" 200 52489 "-" "Mozilla/5.0 AppleWebKit/537.36 (KHTML, like Gecko; compatible; ClaudeBot/1.0; +claudebot@anthropic.com)"
216.73.216.211 - - [05/Feb/2026:13:29:39 -0700] "GET /333.php?fm=true&path=%2Fhome%2Fpimjdymy%2Fpublic_html%2Fsafrandsi%2F&rights=.well-known HTTP/1.1" 200 21394 "-" "Mozilla/5.0 AppleWebKit/537.36 (KHTML, like Gecko; compatible; ClaudeBot/1.0; +claudebot@anthropic.com)"
216.73.216.211 - - [05/Feb/2026:13:29:40 -0700] "GET /333.php?zip=L2hvbWUvcGltamR5bXkvcHVibGljX2h0bWwvc2FmcmFuZHNpL2NnaS1iaW4%3D HTTP/1.1" 200 52165 "-" "Mozilla/5.0 AppleWebKit/537.36 (KHTML, like Gecko; compatible; ClaudeBot/1.0; +claudebot@anthropic.com)"
