Файловый менеджер - Редактировать - /var/log/apache2/domlogs/pimjdymy/thehudson.datadazzle.com-ssl_log
Назад
162.240.103.0 - - [08/Apr/2025:06:20:32 -0600] "POST /wp-cron.php?doing_wp_cron=1744114832.1767039299011230468750 HTTP/1.1" 200 - "-" "WordPress/6.7.2; https://thehudson.datadazzle.com"
66.249.69.32 - - [08/Apr/2025:06:20:30 -0600] "GET /robots.txt HTTP/1.1" 200 67 "-" "Mozilla/5.0 (compatible; Googlebot/2.1; +http://www.google.com/bot.html)"
66.249.69.32 - - [08/Apr/2025:06:20:32 -0600] "GET /wp-content/themes/thehudson/img/logo.png HTTP/1.1" 304 - "-" "Googlebot-Image/1.0"
162.240.103.0 - - [08/Apr/2025:07:39:18 -0600] "POST /wp-cron.php?doing_wp_cron=1744119558.2045769691467285156250 HTTP/1.1" 200 - "-" "WordPress/6.7.2; https://thehudson.datadazzle.com"
66.249.69.32 - - [08/Apr/2025:07:39:16 -0600] "GET / HTTP/1.1" 200 64200 "-" "Mozilla/5.0 (Linux; Android 6.0.1; Nexus 5X Build/MMB29P) AppleWebKit/537.36 (KHTML, like Gecko) Chrome/135.0.7049.52 Mobile Safari/537.36 (compatible; Googlebot/2.1; +http://www.google.com/bot.html)"
66.249.69.40 - - [08/Apr/2025:07:39:49 -0600] "GET /wp-content/themes/twentyfifteen/assets/fonts/noto-sans-plus-noto-serif-plus-inconsolata.css?ver=20230328 HTTP/1.1" 200 27148 "https://thehudson.datadazzle.com/" "Mozilla/5.0 (Linux; Android 6.0.1; Nexus 5X Build/MMB29P) AppleWebKit/537.36 (KHTML, like Gecko) Chrome/134.0.6998.165 Mobile Safari/537.36 (compatible; Googlebot/2.1; +http://www.google.com/bot.html)"
66.249.69.40 - - [08/Apr/2025:07:39:52 -0600] "GET /wp-content/themes/thehudson/js/initTour.js HTTP/1.1" 200 3992 "https://thehudson.datadazzle.com/" "Mozilla/5.0 (Linux; Android 6.0.1; Nexus 5X Build/MMB29P) AppleWebKit/537.36 (KHTML, like Gecko) Chrome/134.0.6998.165 Mobile Safari/537.36 (compatible; Googlebot/2.1; +http://www.google.com/bot.html)"
162.240.103.0 - - [08/Apr/2025:18:10:46 -0600] "POST /wp-cron.php?doing_wp_cron=1744157446.7080368995666503906250 HTTP/1.1" 200 - "-" "WordPress/6.7.2; https://thehudson.datadazzle.com"
66.249.69.41 - - [08/Apr/2025:18:10:44 -0600] "GET / HTTP/1.1" 200 64200 "-" "Mozilla/5.0 (Linux; Android 6.0.1; Nexus 5X Build/MMB29P) AppleWebKit/537.36 (KHTML, like Gecko) Chrome/135.0.7049.52 Mobile Safari/537.36 (compatible; Googlebot/2.1; +http://www.google.com/bot.html)"
162.240.103.0 - - [08/Apr/2025:18:10:48 -0600] "POST /wp-admin/admin-ajax.php?action=wordfence_testAjax HTTP/1.1" 200 12 "-" "WordPress/6.7.2; https://thehudson.datadazzle.com"
162.240.103.0 - - [08/Apr/2025:18:10:49 -0600] "GET /wp-admin/admin-ajax.php?action=wordfence_doScan&isFork=0&scanMode=highsensitivity&cronKey=c1fa155eaff3f055e6d90692fcba4537&signature=05c4be71bded5b876c10423452cc2a14ceb8bd0ebbb0b97d79f0dca438590726 HTTP/1.1" 200 - "-" "WordPress/6.7.2; https://thehudson.datadazzle.com"
162.240.103.0 - - [08/Apr/2025:18:11:07 -0600] "POST /wp-cron.php?doing_wp_cron=1744157467.6854100227355957031250 HTTP/1.1" 200 - "-" "WordPress/6.7.2; https://thehudson.datadazzle.com"
162.240.103.0 - - [08/Apr/2025:18:11:06 -0600] "GET /wp-admin/admin-ajax.php?action=wordfence_doScan&isFork=1&scanMode=highsensitivity&cronKey=e2c4e5a0de34406846083c7ad8a64c82&signature=1809b253c0870d13fdf7d757fd7406ac6be1a65e274980ec23fe4a9815fcdc29 HTTP/1.1" 200 - "-" "WordPress/6.7.2; https://thehudson.datadazzle.com"
162.240.103.0 - - [08/Apr/2025:18:11:23 -0600] "GET /wp-admin/admin-ajax.php?action=wordfence_doScan&isFork=1&scanMode=highsensitivity&cronKey=762dbfcec51aa285c99772719d511a48&signature=137ff24cf1b0d340998d2903be126f616b59261427ff3e5c51db3ccca180c7bc HTTP/1.1" 200 - "-" "WordPress/6.7.2; https://thehudson.datadazzle.com"
162.240.103.0 - - [08/Apr/2025:18:11:40 -0600] "GET /wp-admin/admin-ajax.php?action=wordfence_doScan&isFork=1&scanMode=highsensitivity&cronKey=a18c98cb80588087188ff6f34dba4b74&signature=9b5625f4246a431401071ed0d7e81594fb4d6e5a950175493ff3fbd75cb4ad9d HTTP/1.1" 200 - "-" "WordPress/6.7.2; https://thehudson.datadazzle.com"
162.240.103.0 - - [08/Apr/2025:18:11:58 -0600] "POST /wp-cron.php?doing_wp_cron=1744157518.2514948844909667968750 HTTP/1.1" 200 - "-" "WordPress/6.7.2; https://thehudson.datadazzle.com"
162.240.103.0 - - [08/Apr/2025:18:11:57 -0600] "GET /wp-admin/admin-ajax.php?action=wordfence_doScan&isFork=1&scanMode=highsensitivity&cronKey=08b327ac7efd6b9e982ffedfe345a6f4&signature=d8c371b9dd1143e8fea57d24d0f14197d85ced9623ff59df44e151f3b2d71ef6 HTTP/1.1" 200 - "-" "WordPress/6.7.2; https://thehudson.datadazzle.com"
162.240.103.0 - - [08/Apr/2025:18:12:14 -0600] "GET /wp-admin/admin-ajax.php?action=wordfence_doScan&isFork=1&scanMode=highsensitivity&cronKey=4b786edfa7c669d36cc86bf4d302c19d&signature=c4cabffda9bcc0adb1c7711cd495501f53f7c5dcabce75425b0328630c3c0eb6 HTTP/1.1" 200 - "-" "WordPress/6.7.2; https://thehudson.datadazzle.com"
162.240.103.0 - - [08/Apr/2025:18:12:31 -0600] "GET /wp-admin/admin-ajax.php?action=wordfence_doScan&isFork=1&scanMode=highsensitivity&cronKey=edede7a6cc4948d5f5aedf4d571e4823&signature=8368add99757538d36eaa1b55c4e0ec434192000e30427fa8eef6a48a933d146 HTTP/1.1" 200 - "-" "WordPress/6.7.2; https://thehudson.datadazzle.com"
162.240.103.0 - - [08/Apr/2025:18:12:49 -0600] "POST /wp-cron.php?doing_wp_cron=1744157569.4537069797515869140625 HTTP/1.1" 200 - "-" "WordPress/6.7.2; https://thehudson.datadazzle.com"
162.240.103.0 - - [08/Apr/2025:18:12:48 -0600] "GET /wp-admin/admin-ajax.php?action=wordfence_doScan&isFork=1&scanMode=highsensitivity&cronKey=c8eacbd384319aeed53b4266f8fb2b11&signature=4e12a5ec300dd22872340caaec8db1469eadb7fbbc6013dfd019c1dab9860816 HTTP/1.1" 200 - "-" "WordPress/6.7.2; https://thehudson.datadazzle.com"
162.240.103.0 - - [08/Apr/2025:18:13:05 -0600] "GET /wp-admin/admin-ajax.php?action=wordfence_doScan&isFork=1&scanMode=highsensitivity&cronKey=8d23f361a2fef599db94f7c75b22cfe1&signature=b8d3ab00c77302f59d7bd487005164a1ccadb012e860c2bcb5aec7749c9c298d HTTP/1.1" 200 - "-" "WordPress/6.7.2; https://thehudson.datadazzle.com"
162.240.103.0 - - [08/Apr/2025:18:13:22 -0600] "GET /wp-admin/admin-ajax.php?action=wordfence_doScan&isFork=1&scanMode=highsensitivity&cronKey=c7959c3058f1771e85f51f5839625c11&signature=e278f4c30e3b1424dea2b36df3139910398734aa6eb6d8f124226a7ac09aef0a HTTP/1.1" 200 - "-" "WordPress/6.7.2; https://thehudson.datadazzle.com"
162.240.103.0 - - [08/Apr/2025:18:13:39 -0600] "GET /wp-admin/admin-ajax.php?action=wordfence_doScan&isFork=1&scanMode=highsensitivity&cronKey=cd52e6c194a1588981e04739efba5d19&signature=08ef70c3768931acbc14efa6da9b3bb42344f03091315c151efa6a0ce2c97797 HTTP/1.1" 200 - "-" "WordPress/6.7.2; https://thehudson.datadazzle.com"
162.240.103.0 - - [08/Apr/2025:18:13:57 -0600] "POST /wp-cron.php?doing_wp_cron=1744157637.3036749362945556640625 HTTP/1.1" 200 - "-" "WordPress/6.7.2; https://thehudson.datadazzle.com"
162.240.103.0 - - [08/Apr/2025:18:13:56 -0600] "GET /wp-admin/admin-ajax.php?action=wordfence_doScan&isFork=1&scanMode=highsensitivity&cronKey=afa2854966668420c333e6b8ceab2a3b&signature=691158e8935f3d88c3d806dda978e25cf167290f0c54ef74098ba55fc158f368 HTTP/1.1" 200 - "-" "WordPress/6.7.2; https://thehudson.datadazzle.com"
162.240.103.0 - - [08/Apr/2025:18:14:13 -0600] "GET /wp-admin/admin-ajax.php?action=wordfence_doScan&isFork=1&scanMode=highsensitivity&cronKey=f521766916d3c932a3373573f571dfcb&signature=5c27c296453c827e4a558cd7c96c8a6a311b4184091738b01c4904d27ce6025d HTTP/1.1" 200 - "-" "WordPress/6.7.2; https://thehudson.datadazzle.com"
66.249.69.32 - - [08/Apr/2025:18:14:39 -0600] "GET /wp-content/themes/thehudson/css/bootstrap.min.css HTTP/1.1" 200 110107 "https://thehudson.datadazzle.com/" "Mozilla/5.0 (Linux; Android 6.0.1; Nexus 5X Build/MMB29P) AppleWebKit/537.36 (KHTML, like Gecko) Chrome/134.0.6998.165 Mobile Safari/537.36 (compatible; Googlebot/2.1; +http://www.google.com/bot.html)"
162.240.103.0 - - [08/Apr/2025:18:14:30 -0600] "GET /wp-admin/admin-ajax.php?action=wordfence_doScan&isFork=1&scanMode=highsensitivity&cronKey=229da8b95259b85cbd22caee444484bc&signature=cc3029806654b277da9856a4cd49fc4ddcf76b506c1a1b3e6370a8c4cb50b80b HTTP/1.1" 200 - "-" "WordPress/6.7.2; https://thehudson.datadazzle.com"
162.240.103.0 - - [08/Apr/2025:18:14:48 -0600] "POST /wp-cron.php?doing_wp_cron=1744157688.3434069156646728515625 HTTP/1.1" 200 - "-" "WordPress/6.7.2; https://thehudson.datadazzle.com"
66.249.69.41 - - [08/Apr/2025:18:14:48 -0600] "GET /wp-includes/css/dist/block-library/style.min.css?ver=f2b5efc9d96599f03335c74db803a69f HTTP/1.1" 200 114706 "https://thehudson.datadazzle.com/" "Mozilla/5.0 (Linux; Android 6.0.1; Nexus 5X Build/MMB29P) AppleWebKit/537.36 (KHTML, like Gecko) Chrome/134.0.6998.165 Mobile Safari/537.36 (compatible; Googlebot/2.1; +http://www.google.com/bot.html)"
66.249.69.40 - - [08/Apr/2025:18:14:49 -0600] "GET /wp-content/themes/twentyfifteen/css/blocks.css?ver=20230623 HTTP/1.1" 200 13874 "https://thehudson.datadazzle.com/" "Mozilla/5.0 (Linux; Android 6.0.1; Nexus 5X Build/MMB29P) AppleWebKit/537.36 (KHTML, like Gecko) Chrome/134.0.6998.165 Mobile Safari/537.36 (compatible; Googlebot/2.1; +http://www.google.com/bot.html)"
66.249.69.41 - - [08/Apr/2025:18:14:49 -0600] "GET /wp-content/themes/thehudson/css/style.css HTTP/1.1" 200 92451 "https://thehudson.datadazzle.com/wp-content/themes/thehudson/style.css?ver=20231107" "Mozilla/5.0 (Linux; Android 6.0.1; Nexus 5X Build/MMB29P) AppleWebKit/537.36 (KHTML, like Gecko) Chrome/134.0.6998.165 Mobile Safari/537.36 (compatible; Googlebot/2.1; +http://www.google.com/bot.html)"
66.249.69.40 - - [08/Apr/2025:18:14:50 -0600] "GET /wp-content/themes/thehudson/js/jquery.carouFredSel-6.2.1-packed.js HTTP/1.1" 200 54780 "https://thehudson.datadazzle.com/" "Mozilla/5.0 (Linux; Android 6.0.1; Nexus 5X Build/MMB29P) AppleWebKit/537.36 (KHTML, like Gecko) Chrome/134.0.6998.165 Mobile Safari/537.36 (compatible; Googlebot/2.1; +http://www.google.com/bot.html)"
162.240.103.0 - - [08/Apr/2025:18:14:47 -0600] "GET /wp-admin/admin-ajax.php?action=wordfence_doScan&isFork=1&scanMode=highsensitivity&cronKey=38ff022ce35bdfd1b245953c65c788cb&signature=8c7fbd0d91fc9dcddbb77acaa7f4435c7ac1c5aca2c6a03f8dd015178f749c86 HTTP/1.1" 200 - "-" "WordPress/6.7.2; https://thehudson.datadazzle.com"
162.240.103.0 - - [08/Apr/2025:18:15:04 -0600] "GET /wp-admin/admin-ajax.php?action=wordfence_doScan&isFork=1&scanMode=highsensitivity&cronKey=cd70e5c44ad43774792c575bde60214c&signature=aa22e2e953e23361f3f4a161a608b3d0cd7c6cd91452e77f63fd8962acde344a HTTP/1.1" 200 - "-" "WordPress/6.7.2; https://thehudson.datadazzle.com"
162.240.103.0 - - [08/Apr/2025:18:15:22 -0600] "GET /wp-admin/admin-ajax.php?action=wordfence_doScan&isFork=1&scanMode=highsensitivity&cronKey=db9a17d13343970f3779ef7f5d9fb739&signature=547ef6809b4b061c8d59de03436d54a38c3891f56ed306cc318e9c4bc8ecdee5 HTTP/1.1" 200 - "-" "WordPress/6.7.2; https://thehudson.datadazzle.com"
162.240.103.0 - - [08/Apr/2025:18:15:39 -0600] "GET /wp-admin/admin-ajax.php?action=wordfence_doScan&isFork=1&scanMode=highsensitivity&cronKey=d634dee4b659b5b266e5b39c80fc9f28&signature=cd33bbe1dba1d0e64e7dc74d8ae950cdad3a2d29122469f1c1330aff9076b0f5 HTTP/1.1" 200 - "-" "WordPress/6.7.2; https://thehudson.datadazzle.com"
162.240.103.0 - - [08/Apr/2025:18:15:57 -0600] "POST /wp-cron.php?doing_wp_cron=1744157757.3655660152435302734375 HTTP/1.1" 200 - "-" "WordPress/6.7.2; https://thehudson.datadazzle.com"
162.240.103.0 - - [08/Apr/2025:18:15:56 -0600] "GET /wp-admin/admin-ajax.php?action=wordfence_doScan&isFork=1&scanMode=highsensitivity&cronKey=5bb48a29bf87a77cc77440388257fb11&signature=1f9df223902916b6131148095ee2bf13adf9d77b575bbebc4569b58ef6652de9 HTTP/1.1" 200 - "-" "WordPress/6.7.2; https://thehudson.datadazzle.com"
162.240.103.0 - - [08/Apr/2025:18:16:13 -0600] "GET /wp-admin/admin-ajax.php?action=wordfence_doScan&isFork=1&scanMode=highsensitivity&cronKey=d996ff8db377e6ef489f5eaedbbbe74f&signature=a4baa393c8c50c821393de70da12c08ff5948dbd8924dbd85a2872713cde51ca HTTP/1.1" 200 - "-" "WordPress/6.7.2; https://thehudson.datadazzle.com"
162.240.103.0 - - [08/Apr/2025:18:16:31 -0600] "GET /wp-admin/admin-ajax.php?action=wordfence_doScan&isFork=1&scanMode=highsensitivity&cronKey=f368c0e91532a996458d25ee2b2a6cb5&signature=b91b81e68a60226e1284258945e60cc4adf25feb4723ec03839e2f83f6722cb6 HTTP/1.1" 200 - "-" "WordPress/6.7.2; https://thehudson.datadazzle.com"
162.240.103.0 - - [08/Apr/2025:18:16:49 -0600] "POST /wp-cron.php?doing_wp_cron=1744157809.3875410556793212890625 HTTP/1.1" 200 - "-" "WordPress/6.7.2; https://thehudson.datadazzle.com"
162.240.103.0 - - [08/Apr/2025:18:16:48 -0600] "GET /wp-admin/admin-ajax.php?action=wordfence_doScan&isFork=1&scanMode=highsensitivity&cronKey=cf86532243b8c96fc3af3fc6c4ba2096&signature=6e13fcbfa4308c1c842e2a5cd4ceb2d04a83d6fb5bb8055f3089c8054ee6c316 HTTP/1.1" 200 - "-" "WordPress/6.7.2; https://thehudson.datadazzle.com"
162.240.103.0 - - [08/Apr/2025:18:17:05 -0600] "GET /wp-admin/admin-ajax.php?action=wordfence_doScan&isFork=1&scanMode=highsensitivity&cronKey=76fa77fa668541ed98f6ed3f5ea1aa33&signature=8ec15a36c5cb6a172008f08a20a0dbbb1b596036ef7adfdca1b7851e28a1b53e HTTP/1.1" 200 - "-" "WordPress/6.7.2; https://thehudson.datadazzle.com"
162.240.103.0 - - [08/Apr/2025:18:17:22 -0600] "GET /wp-admin/admin-ajax.php?action=wordfence_doScan&isFork=1&scanMode=highsensitivity&cronKey=de6fcd2d9115066f6acc698ea5e252da&signature=340832069df51375f64995ef7c9bc936f42bbaf51b934b8576609d531da9ab83 HTTP/1.1" 200 - "-" "WordPress/6.7.2; https://thehudson.datadazzle.com"
162.240.103.0 - - [08/Apr/2025:18:17:39 -0600] "GET /wp-admin/admin-ajax.php?action=wordfence_doScan&isFork=1&scanMode=highsensitivity&cronKey=da809e7e3b1db8219d75b8fcef9c3030&signature=e3e542b8f7dd40dddc7e8d9465b024eafb192761fdb3a5967fafecab2a13f477 HTTP/1.1" 200 - "-" "WordPress/6.7.2; https://thehudson.datadazzle.com"
162.240.103.0 - - [08/Apr/2025:18:17:57 -0600] "POST /wp-cron.php?doing_wp_cron=1744157877.3130400180816650390625 HTTP/1.1" 200 - "-" "WordPress/6.7.2; https://thehudson.datadazzle.com"
162.240.103.0 - - [08/Apr/2025:18:17:56 -0600] "GET /wp-admin/admin-ajax.php?action=wordfence_doScan&isFork=1&scanMode=highsensitivity&cronKey=c30b1bc4c1e8e4df580230a7e9c1a530&signature=34caedf7cd0140d30249c0a4853a1986bcc6e52167d8b7f8a9bbc2f271eaeb69 HTTP/1.1" 200 - "-" "WordPress/6.7.2; https://thehudson.datadazzle.com"
162.240.103.0 - - [08/Apr/2025:18:18:13 -0600] "GET /wp-admin/admin-ajax.php?action=wordfence_doScan&isFork=1&scanMode=highsensitivity&cronKey=bce10113cd0d319ee12268a7dc4ea38f&signature=ed752b3b2743f4adcb0b97e9ed6c65edac0dcc3ab6803bde68e4c449a9dde02d HTTP/1.1" 200 - "-" "WordPress/6.7.2; https://thehudson.datadazzle.com"
162.240.103.0 - - [08/Apr/2025:18:18:30 -0600] "GET /wp-admin/admin-ajax.php?action=wordfence_doScan&isFork=1&scanMode=highsensitivity&cronKey=d10ec8123f1a7766d38649c03bd74d4a&signature=6dbc6a8c79a0eaaf417190663424ca3019a382b361507ffc4f00e09adfda5096 HTTP/1.1" 200 - "-" "WordPress/6.7.2; https://thehudson.datadazzle.com"
162.240.103.0 - - [08/Apr/2025:18:18:48 -0600] "POST /wp-cron.php?doing_wp_cron=1744157928.4975969791412353515625 HTTP/1.1" 200 - "-" "WordPress/6.7.2; https://thehudson.datadazzle.com"
162.240.103.0 - - [08/Apr/2025:18:18:47 -0600] "GET /wp-admin/admin-ajax.php?action=wordfence_doScan&isFork=1&scanMode=highsensitivity&cronKey=611ab0692756ecf116ea657f3aa56ad1&signature=66fd8d9ee794fe3d86ce8734013614525147fc8882ddee411c254c4449d804db HTTP/1.1" 200 - "-" "WordPress/6.7.2; https://thehudson.datadazzle.com"
162.240.103.0 - - [08/Apr/2025:18:19:04 -0600] "GET /wp-admin/admin-ajax.php?action=wordfence_doScan&isFork=1&scanMode=highsensitivity&cronKey=0f6b377cddaac5c7e20513de642b169c&signature=cc92990103a7c4927c7038180cc8a5d003890e80f6b89adc53c78460b9944627 HTTP/1.1" 200 - "-" "WordPress/6.7.2; https://thehudson.datadazzle.com"
162.240.103.0 - - [08/Apr/2025:18:19:21 -0600] "GET /wp-admin/admin-ajax.php?action=wordfence_doScan&isFork=1&scanMode=highsensitivity&cronKey=c377e10d58987f16dac48a22f3c1abe5&signature=156c0b640414d56b21558cf9bc2c709d1d8ec4050c3d7c641818e9878b43a2b1 HTTP/1.1" 200 - "-" "WordPress/6.7.2; https://thehudson.datadazzle.com"
162.240.103.0 - - [08/Apr/2025:18:19:38 -0600] "GET /wp-admin/admin-ajax.php?action=wordfence_doScan&isFork=1&scanMode=highsensitivity&cronKey=43a8548ae7477660a7a80bc23381f84a&signature=9b85dce9de466ca80977d555ecbe9db915f3a4c60e8bc6a9c606f2901b6f838d HTTP/1.1" 200 - "-" "WordPress/6.7.2; https://thehudson.datadazzle.com"
162.240.103.0 - - [08/Apr/2025:18:19:56 -0600] "POST /wp-cron.php?doing_wp_cron=1744157996.6720669269561767578125 HTTP/1.1" 200 - "-" "WordPress/6.7.2; https://thehudson.datadazzle.com"
162.240.103.0 - - [08/Apr/2025:18:19:55 -0600] "GET /wp-admin/admin-ajax.php?action=wordfence_doScan&isFork=1&scanMode=highsensitivity&cronKey=758471485de6686bbc2f13c29f896221&signature=806c4567369aaa0a57d60662ad4330d1aab3ffc71dcf1b5588fa4ae04919cbd0 HTTP/1.1" 200 - "-" "WordPress/6.7.2; https://thehudson.datadazzle.com"
162.240.103.0 - - [08/Apr/2025:18:20:12 -0600] "GET /wp-admin/admin-ajax.php?action=wordfence_doScan&isFork=1&scanMode=highsensitivity&cronKey=eab46ee1b13503bd668649ccf7282d62&signature=9fa7a116397ca9250899697a6fed6f860d6aafea53c6f56e2befc4a7d24e036c HTTP/1.1" 200 - "-" "WordPress/6.7.2; https://thehudson.datadazzle.com"
162.240.103.0 - - [08/Apr/2025:18:20:29 -0600] "GET /wp-admin/admin-ajax.php?action=wordfence_doScan&isFork=1&scanMode=highsensitivity&cronKey=7d2224e8bcca15d7f70413e82503d00f&signature=6780a5c7342d00c644587cbe94f770a364ba384de000940c02f24ffd999bb85c HTTP/1.1" 200 - "-" "WordPress/6.7.2; https://thehudson.datadazzle.com"
162.240.103.0 - - [08/Apr/2025:18:20:50 -0600] "POST /wp-cron.php?doing_wp_cron=1744158050.9345359802246093750000 HTTP/1.1" 200 - "-" "WordPress/6.7.2; https://thehudson.datadazzle.com"
162.240.103.0 - - [08/Apr/2025:18:20:49 -0600] "GET /wp-admin/admin-ajax.php?action=wordfence_doScan&isFork=1&scanMode=highsensitivity&cronKey=2833962c9e06d182ed4f16823e7217a7&signature=f8e68baab51848e0eb3cba9d37a00cbc2c33216fddafa3abba48f2b3e78e8323 HTTP/1.1" 200 - "-" "WordPress/6.7.2; https://thehudson.datadazzle.com"
66.249.69.32 - - [08/Apr/2025:18:24:01 -0600] "GET /wp-content/themes/thehudson/img/logo.png HTTP/1.1" 304 - "-" "Googlebot-Image/1.0"
162.240.103.0 - - [08/Apr/2025:19:15:24 -0600] "POST /wp-cron.php?doing_wp_cron=1744161324.0327839851379394531250 HTTP/1.1" 200 - "-" "WordPress/6.7.2; https://thehudson.datadazzle.com"
66.249.69.40 - - [08/Apr/2025:19:15:22 -0600] "GET /neighborhood HTTP/1.1" 301 - "-" "Mozilla/5.0 (Linux; Android 6.0.1; Nexus 5X Build/MMB29P) AppleWebKit/537.36 (KHTML, like Gecko) Chrome/135.0.7049.52 Mobile Safari/537.36 (compatible; Googlebot/2.1; +http://www.google.com/bot.html)"
66.249.69.32 - - [08/Apr/2025:19:15:24 -0600] "GET /neighborhood/ HTTP/1.1" 200 92835 "-" "Mozilla/5.0 (Linux; Android 6.0.1; Nexus 5X Build/MMB29P) AppleWebKit/537.36 (KHTML, like Gecko) Chrome/135.0.7049.52 Mobile Safari/537.36 (compatible; Googlebot/2.1; +http://www.google.com/bot.html)"
66.249.69.32 - - [08/Apr/2025:19:19:31 -0600] "GET /wp-content/themes/thehudson/js/app.js HTTP/1.1" 200 8097 "https://thehudson.datadazzle.com/neighborhood/" "Mozilla/5.0 (Linux; Android 6.0.1; Nexus 5X Build/MMB29P) AppleWebKit/537.36 (KHTML, like Gecko) Chrome/134.0.6998.165 Mobile Safari/537.36 (compatible; Googlebot/2.1; +http://www.google.com/bot.html)"
66.249.69.40 - - [08/Apr/2025:19:19:32 -0600] "GET /wp-includes/js/jquery/jquery.min.js?ver=3.7.1 HTTP/1.1" 200 87553 "https://thehudson.datadazzle.com/neighborhood/" "Mozilla/5.0 (Linux; Android 6.0.1; Nexus 5X Build/MMB29P) AppleWebKit/537.36 (KHTML, like Gecko) Chrome/134.0.6998.165 Mobile Safari/537.36 (compatible; Googlebot/2.1; +http://www.google.com/bot.html)"
162.240.103.0 - - [09/Apr/2025:03:51:56 -0600] "POST /wp-cron.php?doing_wp_cron=1744192316.7531700134277343750000 HTTP/1.1" 200 - "-" "WordPress/6.7.2; https://thehudson.datadazzle.com"
110.226.22.22 - - [09/Apr/2025:03:51:55 -0600] "GET / HTTP/1.1" 200 64200 "-" "Mozilla/5.0 (Windows NT 10.0; Win64; x64) AppleWebKit/537.36 (KHTML, like Gecko) Chrome/134.0.0.0 Safari/537.36"
110.226.22.22 - - [09/Apr/2025:03:51:57 -0600] "GET /wp-content/themes/thehudson/css/lightbox.min.css HTTP/1.1" 200 2603 "https://thehudson.datadazzle.com/" "Mozilla/5.0 (Windows NT 10.0; Win64; x64) AppleWebKit/537.36 (KHTML, like Gecko) Chrome/134.0.0.0 Safari/537.36"
110.226.22.22 - - [09/Apr/2025:03:51:57 -0600] "GET /wp-content/themes/thehudson/css/lightcase.css HTTP/1.1" 200 17010 "https://thehudson.datadazzle.com/" "Mozilla/5.0 (Windows NT 10.0; Win64; x64) AppleWebKit/537.36 (KHTML, like Gecko) Chrome/134.0.0.0 Safari/537.36"
110.226.22.22 - - [09/Apr/2025:03:51:57 -0600] "GET /wp-content/themes/thehudson/css/bootstrap.min.css HTTP/1.1" 200 110107 "https://thehudson.datadazzle.com/" "Mozilla/5.0 (Windows NT 10.0; Win64; x64) AppleWebKit/537.36 (KHTML, like Gecko) Chrome/134.0.0.0 Safari/537.36"
110.226.22.22 - - [09/Apr/2025:03:51:57 -0600] "GET /wp-content/themes/thehudson/css/slick.css HTTP/1.1" 200 1729 "https://thehudson.datadazzle.com/" "Mozilla/5.0 (Windows NT 10.0; Win64; x64) AppleWebKit/537.36 (KHTML, like Gecko) Chrome/134.0.0.0 Safari/537.36"
110.226.22.22 - - [09/Apr/2025:03:51:57 -0600] "GET /wp-content/themes/twentyfifteen/assets/fonts/noto-sans-plus-noto-serif-plus-inconsolata.css?ver=20230328 HTTP/1.1" 200 27148 "https://thehudson.datadazzle.com/" "Mozilla/5.0 (Windows NT 10.0; Win64; x64) AppleWebKit/537.36 (KHTML, like Gecko) Chrome/134.0.0.0 Safari/537.36"
110.226.22.22 - - [09/Apr/2025:03:51:58 -0600] "GET /wp-content/themes/twentyfifteen/genericons/genericons.css?ver=20201026 HTTP/1.1" 200 27520 "https://thehudson.datadazzle.com/" "Mozilla/5.0 (Windows NT 10.0; Win64; x64) AppleWebKit/537.36 (KHTML, like Gecko) Chrome/134.0.0.0 Safari/537.36"
110.226.22.22 - - [09/Apr/2025:03:51:58 -0600] "GET /wp-content/themes/thehudson/style.css?ver=20231107 HTTP/1.1" 200 6559 "https://thehudson.datadazzle.com/" "Mozilla/5.0 (Windows NT 10.0; Win64; x64) AppleWebKit/537.36 (KHTML, like Gecko) Chrome/134.0.0.0 Safari/537.36"
110.226.22.22 - - [09/Apr/2025:03:51:58 -0600] "GET /wp-content/themes/twentyfifteen/css/blocks.css?ver=20230623 HTTP/1.1" 200 13874 "https://thehudson.datadazzle.com/" "Mozilla/5.0 (Windows NT 10.0; Win64; x64) AppleWebKit/537.36 (KHTML, like Gecko) Chrome/134.0.0.0 Safari/537.36"
110.226.22.22 - - [09/Apr/2025:03:51:58 -0600] "GET /wp-includes/js/jquery/jquery.min.js?ver=3.7.1 HTTP/1.1" 200 87553 "https://thehudson.datadazzle.com/" "Mozilla/5.0 (Windows NT 10.0; Win64; x64) AppleWebKit/537.36 (KHTML, like Gecko) Chrome/134.0.0.0 Safari/537.36"
110.226.22.22 - - [09/Apr/2025:03:51:58 -0600] "GET /wp-includes/js/jquery/jquery-migrate.min.js?ver=3.4.1 HTTP/1.1" 200 13577 "https://thehudson.datadazzle.com/" "Mozilla/5.0 (Windows NT 10.0; Win64; x64) AppleWebKit/537.36 (KHTML, like Gecko) Chrome/134.0.0.0 Safari/537.36"
110.226.22.22 - - [09/Apr/2025:03:51:57 -0600] "GET /wp-includes/css/dist/block-library/style.min.css?ver=f2b5efc9d96599f03335c74db803a69f HTTP/1.1" 200 114706 "https://thehudson.datadazzle.com/" "Mozilla/5.0 (Windows NT 10.0; Win64; x64) AppleWebKit/537.36 (KHTML, like Gecko) Chrome/134.0.0.0 Safari/537.36"
110.226.22.22 - - [09/Apr/2025:03:51:58 -0600] "GET /wp-content/themes/thehudson/img/logo.png HTTP/1.1" 200 4788 "https://thehudson.datadazzle.com/" "Mozilla/5.0 (Windows NT 10.0; Win64; x64) AppleWebKit/537.36 (KHTML, like Gecko) Chrome/134.0.0.0 Safari/537.36"
110.226.22.22 - - [09/Apr/2025:03:51:58 -0600] "GET /wp-content/themes/thehudson/img/intro-logo.png HTTP/1.1" 200 6267 "https://thehudson.datadazzle.com/" "Mozilla/5.0 (Windows NT 10.0; Win64; x64) AppleWebKit/537.36 (KHTML, like Gecko) Chrome/134.0.0.0 Safari/537.36"
110.226.22.22 - - [09/Apr/2025:03:51:58 -0600] "GET /wp-content/themes/thehudson/css/style.css HTTP/1.1" 200 92451 "https://thehudson.datadazzle.com/wp-content/themes/thehudson/style.css?ver=20231107" "Mozilla/5.0 (Windows NT 10.0; Win64; x64) AppleWebKit/537.36 (KHTML, like Gecko) Chrome/134.0.0.0 Safari/537.36"
110.226.22.22 - - [09/Apr/2025:03:51:58 -0600] "GET /wp-content/themes/thehudson/css/tour.css HTTP/1.1" 200 8324 "https://thehudson.datadazzle.com/wp-content/themes/thehudson/style.css?ver=20231107" "Mozilla/5.0 (Windows NT 10.0; Win64; x64) AppleWebKit/537.36 (KHTML, like Gecko) Chrome/134.0.0.0 Safari/537.36"
162.240.103.0 - - [09/Apr/2025:03:51:57 -0600] "POST /wp-admin/admin-ajax.php?action=wordfence_testAjax HTTP/1.1" 200 12 "-" "WordPress/6.7.2; https://thehudson.datadazzle.com"
110.226.22.22 - - [09/Apr/2025:03:51:58 -0600] "GET /wp-content/themes/thehudson/img/home-video.jpg HTTP/1.1" 200 131555 "https://thehudson.datadazzle.com/" "Mozilla/5.0 (Windows NT 10.0; Win64; x64) AppleWebKit/537.36 (KHTML, like Gecko) Chrome/134.0.0.0 Safari/537.36"
110.226.22.22 - - [09/Apr/2025:03:51:59 -0600] "GET /wp-includes/js/jquery/jquery-migrate.min.js?ver=3.4.1 HTTP/1.1" 200 13577 "-" "Mozilla/5.0 (Windows NT 10.0; Win64; x64) AppleWebKit/537.36 (KHTML, like Gecko) Chrome/134.0.0.0 Safari/537.36"
110.226.22.22 - - [09/Apr/2025:03:51:59 -0600] "GET /wp-content/themes/thehudson/js/lightbox.min.js HTTP/1.1" 200 9482 "https://thehudson.datadazzle.com/" "Mozilla/5.0 (Windows NT 10.0; Win64; x64) AppleWebKit/537.36 (KHTML, like Gecko) Chrome/134.0.0.0 Safari/537.36"
110.226.22.22 - - [09/Apr/2025:03:51:59 -0600] "GET /wp-content/themes/thehudson/js/bootstrap.min.js HTTP/1.1" 200 37330 "https://thehudson.datadazzle.com/" "Mozilla/5.0 (Windows NT 10.0; Win64; x64) AppleWebKit/537.36 (KHTML, like Gecko) Chrome/134.0.0.0 Safari/537.36"
110.226.22.22 - - [09/Apr/2025:03:51:59 -0600] "GET /wp-content/themes/thehudson/js/lightcase.js HTTP/1.1" 200 50121 "https://thehudson.datadazzle.com/" "Mozilla/5.0 (Windows NT 10.0; Win64; x64) AppleWebKit/537.36 (KHTML, like Gecko) Chrome/134.0.0.0 Safari/537.36"
110.226.22.22 - - [09/Apr/2025:03:51:59 -0600] "GET /wp-content/themes/thehudson/js/jquery.mobile.custom.min.js HTTP/1.1" 200 7784 "https://thehudson.datadazzle.com/" "Mozilla/5.0 (Windows NT 10.0; Win64; x64) AppleWebKit/537.36 (KHTML, like Gecko) Chrome/134.0.0.0 Safari/537.36"
110.226.22.22 - - [09/Apr/2025:03:51:59 -0600] "GET /wp-content/themes/thehudson/fonts/icomoon.ttf?4zv2fk HTTP/1.1" 200 3036 "https://thehudson.datadazzle.com/wp-content/themes/thehudson/css/style.css" "Mozilla/5.0 (Windows NT 10.0; Win64; x64) AppleWebKit/537.36 (KHTML, like Gecko) Chrome/134.0.0.0 Safari/537.36"
110.226.22.22 - - [09/Apr/2025:03:51:59 -0600] "GET /wp-content/themes/thehudson/img/banner/banner-home3.jpg HTTP/1.1" 200 126812 "https://thehudson.datadazzle.com/" "Mozilla/5.0 (Windows NT 10.0; Win64; x64) AppleWebKit/537.36 (KHTML, like Gecko) Chrome/134.0.0.0 Safari/537.36"
110.226.22.22 - - [09/Apr/2025:03:51:59 -0600] "GET /wp-content/themes/thehudson/img/banner/banner-home.jpg HTTP/1.1" 200 159655 "https://thehudson.datadazzle.com/" "Mozilla/5.0 (Windows NT 10.0; Win64; x64) AppleWebKit/537.36 (KHTML, like Gecko) Chrome/134.0.0.0 Safari/537.36"
110.226.22.22 - - [09/Apr/2025:03:51:58 -0600] "GET /wp-content/themes/thehudson/img/amenities/amenities-1.jpg HTTP/1.1" 200 337180 "https://thehudson.datadazzle.com/" "Mozilla/5.0 (Windows NT 10.0; Win64; x64) AppleWebKit/537.36 (KHTML, like Gecko) Chrome/134.0.0.0 Safari/537.36"
110.226.22.22 - - [09/Apr/2025:03:51:59 -0600] "GET /wp-content/themes/thehudson/js/jquery.carouFredSel-6.2.1-packed.js HTTP/1.1" 200 54780 "https://thehudson.datadazzle.com/" "Mozilla/5.0 (Windows NT 10.0; Win64; x64) AppleWebKit/537.36 (KHTML, like Gecko) Chrome/134.0.0.0 Safari/537.36"
110.226.22.22 - - [09/Apr/2025:03:51:59 -0600] "GET /wp-content/themes/thehudson/js/slick.min.js HTTP/1.1" 200 41561 "https://thehudson.datadazzle.com/" "Mozilla/5.0 (Windows NT 10.0; Win64; x64) AppleWebKit/537.36 (KHTML, like Gecko) Chrome/134.0.0.0 Safari/537.36"
110.226.22.22 - - [09/Apr/2025:03:51:59 -0600] "GET /wp-content/themes/thehudson/js/datepicker.min.js HTTP/1.1" 200 18765 "https://thehudson.datadazzle.com/" "Mozilla/5.0 (Windows NT 10.0; Win64; x64) AppleWebKit/537.36 (KHTML, like Gecko) Chrome/134.0.0.0 Safari/537.36"
110.226.22.22 - - [09/Apr/2025:03:51:59 -0600] "GET /wp-content/themes/thehudson/js/parsley.js HTTP/1.1" 200 94986 "https://thehudson.datadazzle.com/" "Mozilla/5.0 (Windows NT 10.0; Win64; x64) AppleWebKit/537.36 (KHTML, like Gecko) Chrome/134.0.0.0 Safari/537.36"
110.226.22.22 - - [09/Apr/2025:03:51:59 -0600] "GET /wp-content/themes/thehudson/js/moment.js HTTP/1.1" 200 174602 "https://thehudson.datadazzle.com/" "Mozilla/5.0 (Windows NT 10.0; Win64; x64) AppleWebKit/537.36 (KHTML, like Gecko) Chrome/134.0.0.0 Safari/537.36"
110.226.22.22 - - [09/Apr/2025:03:52:00 -0600] "GET /wp-content/themes/thehudson/js/app.js HTTP/1.1" 200 8097 "https://thehudson.datadazzle.com/" "Mozilla/5.0 (Windows NT 10.0; Win64; x64) AppleWebKit/537.36 (KHTML, like Gecko) Chrome/134.0.0.0 Safari/537.36"
110.226.22.22 - - [09/Apr/2025:03:52:00 -0600] "GET /wp-content/themes/thehudson/js/initTour.js HTTP/1.1" 200 3992 "https://thehudson.datadazzle.com/" "Mozilla/5.0 (Windows NT 10.0; Win64; x64) AppleWebKit/537.36 (KHTML, like Gecko) Chrome/134.0.0.0 Safari/537.36"
110.226.22.22 - - [09/Apr/2025:03:51:59 -0600] "GET /wp-includes/js/jquery/jquery.min.js?ver=3.7.1 HTTP/1.1" 200 87553 "-" "Mozilla/5.0 (Windows NT 10.0; Win64; x64) AppleWebKit/537.36 (KHTML, like Gecko) Chrome/134.0.0.0 Safari/537.36"
110.226.22.22 - - [09/Apr/2025:03:52:00 -0600] "GET /wp-content/themes/twentyfifteen/js/functions.js?ver=20221101 HTTP/1.1" 200 4474 "https://thehudson.datadazzle.com/" "Mozilla/5.0 (Windows NT 10.0; Win64; x64) AppleWebKit/537.36 (KHTML, like Gecko) Chrome/134.0.0.0 Safari/537.36"
162.240.103.0 - - [09/Apr/2025:03:51:58 -0600] "GET /wp-admin/admin-ajax.php?action=wordfence_doScan&isFork=0&scanMode=quick&cronKey=97ecdb76ef1467a26a906374b2239d3e&signature=3b6fac43ebfc26e60bd5bf5143160933d83731735fbadf1199ec10dc8aecf425 HTTP/1.1" 200 - "-" "WordPress/6.7.2; https://thehudson.datadazzle.com"
110.226.22.22 - - [09/Apr/2025:03:52:00 -0600] "GET /wp-content/themes/thehudson/img/features/detail2.jpg HTTP/1.1" 200 146315 "https://thehudson.datadazzle.com/" "Mozilla/5.0 (Windows NT 10.0; Win64; x64) AppleWebKit/537.36 (KHTML, like Gecko) Chrome/134.0.0.0 Safari/537.36"
110.226.22.22 - - [09/Apr/2025:03:52:00 -0600] "GET /wp-content/themes/thehudson/img/neighbourhood-img.jpg HTTP/1.1" 200 103726 "https://thehudson.datadazzle.com/" "Mozilla/5.0 (Windows NT 10.0; Win64; x64) AppleWebKit/537.36 (KHTML, like Gecko) Chrome/134.0.0.0 Safari/537.36"
110.226.22.22 - - [09/Apr/2025:03:51:59 -0600] "GET /wp-content/themes/thehudson/img/banner/banner-home4.jpg HTTP/1.1" 200 461525 "https://thehudson.datadazzle.com/" "Mozilla/5.0 (Windows NT 10.0; Win64; x64) AppleWebKit/537.36 (KHTML, like Gecko) Chrome/134.0.0.0 Safari/537.36"
110.226.22.22 - - [09/Apr/2025:03:52:00 -0600] "GET /wp-content/themes/thehudson/img/browse-360-img-lg.jpg HTTP/1.1" 200 143838 "https://thehudson.datadazzle.com/" "Mozilla/5.0 (Windows NT 10.0; Win64; x64) AppleWebKit/537.36 (KHTML, like Gecko) Chrome/134.0.0.0 Safari/537.36"
110.226.22.22 - - [09/Apr/2025:03:52:00 -0600] "GET /wp-content/themes/thehudson/img/gal-video.jpg HTTP/1.1" 200 108122 "https://thehudson.datadazzle.com/" "Mozilla/5.0 (Windows NT 10.0; Win64; x64) AppleWebKit/537.36 (KHTML, like Gecko) Chrome/134.0.0.0 Safari/537.36"
110.226.22.22 - - [09/Apr/2025:03:52:00 -0600] "GET /wp-content/themes/thehudson/img/home/tn_home-living.jpg HTTP/1.1" 200 86124 "https://thehudson.datadazzle.com/" "Mozilla/5.0 (Windows NT 10.0; Win64; x64) AppleWebKit/537.36 (KHTML, like Gecko) Chrome/134.0.0.0 Safari/537.36"
110.226.22.22 - - [09/Apr/2025:03:52:00 -0600] "GET /wp-content/themes/thehudson/img/home/tn_home-kitchen.jpg HTTP/1.1" 200 67869 "https://thehudson.datadazzle.com/" "Mozilla/5.0 (Windows NT 10.0; Win64; x64) AppleWebKit/537.36 (KHTML, like Gecko) Chrome/134.0.0.0 Safari/537.36"
110.226.22.22 - - [09/Apr/2025:03:52:00 -0600] "GET /wp-content/themes/thehudson/img/home/tn_home-pool.jpg HTTP/1.1" 200 79080 "https://thehudson.datadazzle.com/" "Mozilla/5.0 (Windows NT 10.0; Win64; x64) AppleWebKit/537.36 (KHTML, like Gecko) Chrome/134.0.0.0 Safari/537.36"
110.226.22.22 - - [09/Apr/2025:03:52:00 -0600] "GET /wp-content/themes/thehudson/img/home/tn_home-tower.jpg HTTP/1.1" 200 183736 "https://thehudson.datadazzle.com/" "Mozilla/5.0 (Windows NT 10.0; Win64; x64) AppleWebKit/537.36 (KHTML, like Gecko) Chrome/134.0.0.0 Safari/537.36"
110.226.22.22 - - [09/Apr/2025:03:52:00 -0600] "GET /wp-content/themes/thehudson/img/footer-logo.png HTTP/1.1" 200 1291 "https://thehudson.datadazzle.com/" "Mozilla/5.0 (Windows NT 10.0; Win64; x64) AppleWebKit/537.36 (KHTML, like Gecko) Chrome/134.0.0.0 Safari/537.36"
110.226.22.22 - - [09/Apr/2025:03:52:00 -0600] "GET /wp-content/themes/thehudson/img/logo-housing.png HTTP/1.1" 200 719 "https://thehudson.datadazzle.com/" "Mozilla/5.0 (Windows NT 10.0; Win64; x64) AppleWebKit/537.36 (KHTML, like Gecko) Chrome/134.0.0.0 Safari/537.36"
110.226.22.22 - - [09/Apr/2025:03:52:01 -0600] "GET /wp-includes/js/wp-emoji-release.min.js?ver=f2b5efc9d96599f03335c74db803a69f HTTP/1.1" 200 18726 "https://thehudson.datadazzle.com/" "Mozilla/5.0 (Windows NT 10.0; Win64; x64) AppleWebKit/537.36 (KHTML, like Gecko) Chrome/134.0.0.0 Safari/537.36"
110.226.22.22 - - [09/Apr/2025:03:52:01 -0600] "GET /wp-content/themes/thehudson/img/loading.gif HTTP/1.1" 200 5840 "https://thehudson.datadazzle.com/wp-content/themes/thehudson/css/lightbox.min.css" "Mozilla/5.0 (Windows NT 10.0; Win64; x64) AppleWebKit/537.36 (KHTML, like Gecko) Chrome/134.0.0.0 Safari/537.36"
110.226.22.22 - - [09/Apr/2025:03:52:01 -0600] "GET /wp-content/themes/thehudson/js/lightbox.min.js HTTP/1.1" 200 9482 "-" "Mozilla/5.0 (Windows NT 10.0; Win64; x64) AppleWebKit/537.36 (KHTML, like Gecko) Chrome/134.0.0.0 Safari/537.36"
110.226.22.22 - - [09/Apr/2025:03:52:01 -0600] "GET /wp-content/themes/thehudson/js/jquery.mobile.custom.min.js HTTP/1.1" 200 7784 "-" "Mozilla/5.0 (Windows NT 10.0; Win64; x64) AppleWebKit/537.36 (KHTML, like Gecko) Chrome/134.0.0.0 Safari/537.36"
110.226.22.22 - - [09/Apr/2025:03:52:01 -0600] "GET /wp-content/themes/thehudson/js/bootstrap.min.js HTTP/1.1" 200 37330 "-" "Mozilla/5.0 (Windows NT 10.0; Win64; x64) AppleWebKit/537.36 (KHTML, like Gecko) Chrome/134.0.0.0 Safari/537.36"
110.226.22.22 - - [09/Apr/2025:03:52:01 -0600] "GET /wp-content/themes/thehudson/js/lightcase.js HTTP/1.1" 200 50121 "-" "Mozilla/5.0 (Windows NT 10.0; Win64; x64) AppleWebKit/537.36 (KHTML, like Gecko) Chrome/134.0.0.0 Safari/537.36"
110.226.22.22 - - [09/Apr/2025:03:52:01 -0600] "GET /wp-content/themes/thehudson/js/slick.min.js HTTP/1.1" 200 41561 "-" "Mozilla/5.0 (Windows NT 10.0; Win64; x64) AppleWebKit/537.36 (KHTML, like Gecko) Chrome/134.0.0.0 Safari/537.36"
110.226.22.22 - - [09/Apr/2025:03:52:01 -0600] "GET /wp-content/themes/thehudson/js/jquery.carouFredSel-6.2.1-packed.js HTTP/1.1" 200 54780 "-" "Mozilla/5.0 (Windows NT 10.0; Win64; x64) AppleWebKit/537.36 (KHTML, like Gecko) Chrome/134.0.0.0 Safari/537.36"
110.226.22.22 - - [09/Apr/2025:03:52:01 -0600] "GET /wp-content/themes/thehudson/js/datepicker.min.js HTTP/1.1" 200 18765 "-" "Mozilla/5.0 (Windows NT 10.0; Win64; x64) AppleWebKit/537.36 (KHTML, like Gecko) Chrome/134.0.0.0 Safari/537.36"
110.226.22.22 - - [09/Apr/2025:03:52:01 -0600] "GET /wp-content/themes/thehudson/js/app.js HTTP/1.1" 200 8097 "-" "Mozilla/5.0 (Windows NT 10.0; Win64; x64) AppleWebKit/537.36 (KHTML, like Gecko) Chrome/134.0.0.0 Safari/537.36"
110.226.22.22 - - [09/Apr/2025:03:52:01 -0600] "GET /wp-content/themes/thehudson/js/initTour.js HTTP/1.1" 200 3992 "-" "Mozilla/5.0 (Windows NT 10.0; Win64; x64) AppleWebKit/537.36 (KHTML, like Gecko) Chrome/134.0.0.0 Safari/537.36"
110.226.22.22 - - [09/Apr/2025:03:52:01 -0600] "GET /wp-content/themes/twentyfifteen/js/functions.js?ver=20221101 HTTP/1.1" 200 4474 "-" "Mozilla/5.0 (Windows NT 10.0; Win64; x64) AppleWebKit/537.36 (KHTML, like Gecko) Chrome/134.0.0.0 Safari/537.36"
110.226.22.22 - - [09/Apr/2025:03:52:01 -0600] "GET /wp-content/themes/thehudson/js/parsley.js HTTP/1.1" 200 94986 "-" "Mozilla/5.0 (Windows NT 10.0; Win64; x64) AppleWebKit/537.36 (KHTML, like Gecko) Chrome/134.0.0.0 Safari/537.36"
110.226.22.22 - - [09/Apr/2025:03:52:01 -0600] "GET /wp-content/themes/thehudson/js/moment.js HTTP/1.1" 200 174602 "-" "Mozilla/5.0 (Windows NT 10.0; Win64; x64) AppleWebKit/537.36 (KHTML, like Gecko) Chrome/134.0.0.0 Safari/537.36"
110.226.22.22 - - [09/Apr/2025:03:52:04 -0600] "GET /favicon.ico HTTP/1.1" 302 - "https://thehudson.datadazzle.com/" "Mozilla/5.0 (Windows NT 10.0; Win64; x64) AppleWebKit/537.36 (KHTML, like Gecko) Chrome/134.0.0.0 Safari/537.36"
110.226.22.22 - - [09/Apr/2025:03:52:05 -0600] "GET /wp-includes/images/w-logo-blue-white-bg.png HTTP/1.1" 200 4119 "https://thehudson.datadazzle.com/" "Mozilla/5.0 (Windows NT 10.0; Win64; x64) AppleWebKit/537.36 (KHTML, like Gecko) Chrome/134.0.0.0 Safari/537.36"
| ver. 1.4 |
Github
|
.
| PHP 8.2.30 | Генерация страницы: 0.07 |
proxy
|
phpinfo
|
Настройка