Файловый менеджер - Редактировать - /var/log/apache2/domlogs/pimjdymy/thn.datadazzle.com-ssl_log
Назад
162.240.103.0 - - [05/Feb/2026:08:20:18 -0700] "POST /wp-cron.php?doing_wp_cron=1770304818.6813249588012695312500 HTTP/1.1" 404 16384 "-" "WordPress/6.6.3; https://thn.datadazzle.com"
152.77.98.132 - - [05/Feb/2026:08:21:28 -0700] "GET / HTTP/1.1" 200 61115 "-" "Mozilla/5.0 (Windows NT 10.0; Win64; x64) AppleWebKit/537.36 (KHTML, like Gecko) Chrome/131.0.0.0 Safari/537.36"
103.4.250.251 - - [05/Feb/2026:08:21:33 -0700] "GET / HTTP/1.1" 200 61115 "-" "Mozilla/5.0 (X11; Linux x86_64) AppleWebKit/537.36 (KHTML, like Gecko) Chrome/116.0.0.0 Safari/537.36"
152.77.98.132 - - [05/Feb/2026:08:21:33 -0700] "POST /_internal/api/setup.php?action=exists HTTP/1.1" 404 33298 "-" "Mozilla/5.0 (Windows NT 10.0; Win64; x64) AppleWebKit/537.36 (KHTML, like Gecko) Chrome/131.0.0.0 Safari/537.36"
3.90.227.48 - - [05/Feb/2026:08:21:34 -0700] "GET / HTTP/1.1" 200 61115 "-" "Mozilla/5.0 (iPhone; CPU iPhone OS 12_2 like Mac OS X) AppleWebKit/605.1.15 (KHTML, like Gecko) Mobile/15E148"
152.77.98.132 - - [05/Feb/2026:08:21:38 -0700] "GET /login HTTP/1.1" 302 - "-" "Mozilla/5.0 (Windows NT 10.0; Win64; x64) AppleWebKit/537.36 (KHTML, like Gecko) Chrome/131.0.0.0 Safari/537.36"
18.233.152.106 - - [05/Feb/2026:08:21:38 -0700] "GET / HTTP/1.1" 200 61115 "-" "Mozilla/5.0 (Windows NT 10.0; Win64; x64) AppleWebKit/537.36 (KHTML, like Gecko) Chrome/141.0.0.0 Safari/537.36"
18.233.152.106 - - [05/Feb/2026:08:21:47 -0700] "GET /wp-includes/css/dist/block-library/style.min.css?ver=6.6.3 HTTP/1.1" 200 112427 "https://thn.datadazzle.com/" "Mozilla/5.0 (Windows NT 10.0; Win64; x64) AppleWebKit/537.36 (KHTML, like Gecko) Chrome/141.0.0.0 Safari/537.36"
18.233.152.106 - - [05/Feb/2026:08:21:47 -0700] "GET /wp-content/plugins/enable-jquery-migrate-helper/js/jquery/jquery-1.12.4-wp.js?ver=1.12.4-wp HTTP/1.1" 200 96854 "https://thn.datadazzle.com/" "Mozilla/5.0 (Windows NT 10.0; Win64; x64) AppleWebKit/537.36 (KHTML, like Gecko) Chrome/141.0.0.0 Safari/537.36"
18.233.152.106 - - [05/Feb/2026:08:21:47 -0700] "GET /wp-content/plugins/enable-jquery-migrate-helper/js/jquery-migrate/jquery-migrate-1.4.1-wp.js?ver=1.4.1-wp HTTP/1.1" 200 23673 "https://thn.datadazzle.com/" "Mozilla/5.0 (Windows NT 10.0; Win64; x64) AppleWebKit/537.36 (KHTML, like Gecko) Chrome/141.0.0.0 Safari/537.36"
18.233.152.106 - - [05/Feb/2026:08:21:47 -0700] "GET /wp-content/themes/theme-thehousingnetwork/assets/js/vendor.min.js?ver=1729494860 HTTP/1.1" 200 46643 "https://thn.datadazzle.com/" "Mozilla/5.0 (Windows NT 10.0; Win64; x64) AppleWebKit/537.36 (KHTML, like Gecko) Chrome/141.0.0.0 Safari/537.36"
18.233.152.106 - - [05/Feb/2026:08:21:47 -0700] "GET /wp-content/plugins/formula/js/scripts-min.js?ver=1729494856 HTTP/1.1" 200 45568 "https://thn.datadazzle.com/" "Mozilla/5.0 (Windows NT 10.0; Win64; x64) AppleWebKit/537.36 (KHTML, like Gecko) Chrome/141.0.0.0 Safari/537.36"
18.233.152.106 - - [05/Feb/2026:08:21:47 -0700] "GET /wp-content/themes/theme-thehousingnetwork/assets/js/scripts.min.js?ver=1729494860 HTTP/1.1" 200 90166 "https://thn.datadazzle.com/" "Mozilla/5.0 (Windows NT 10.0; Win64; x64) AppleWebKit/537.36 (KHTML, like Gecko) Chrome/141.0.0.0 Safari/537.36"
18.233.152.106 - - [05/Feb/2026:08:21:47 -0700] "GET /wp-content/themes/theme-thehousingnetwork/assets/css/style.min.css?ver=1729494860 HTTP/1.1" 200 446933 "https://thn.datadazzle.com/" "Mozilla/5.0 (Windows NT 10.0; Win64; x64) AppleWebKit/537.36 (KHTML, like Gecko) Chrome/141.0.0.0 Safari/537.36"
18.233.152.106 - - [05/Feb/2026:08:21:47 -0700] "GET /wp-content/plugins/ewww-image-optimizer/includes/lazysizes.min.js?ver=790 HTTP/1.1" 200 15853 "https://thn.datadazzle.com/" "Mozilla/5.0 (Windows NT 10.0; Win64; x64) AppleWebKit/537.36 (KHTML, like Gecko) Chrome/141.0.0.0 Safari/537.36"
104.164.126.230 - - [05/Feb/2026:08:21:49 -0700] "GET / HTTP/1.1" 200 61115 "-" "Mozilla/5.0 (Windows NT 10.0; Win64; x64) AppleWebKit/537.36 (KHTML, like Gecko) Chrome/116.0.0.0 Safari/537.36"
103.4.250.251 - - [05/Feb/2026:08:22:05 -0700] "GET / HTTP/1.1" 200 61115 "-" "Mozilla/5.0 (Macintosh; Intel Mac OS X 10_15_7) AppleWebKit/537.36 (KHTML, like Gecko) Chrome/116.0.0.0 Safari/537.36"
103.4.250.251 - - [05/Feb/2026:08:22:24 -0700] "GET /wp-content/plugins/ewww-image-optimizer/includes/lazysizes.min.js?ver=790 HTTP/1.1" 200 15853 "-" "Mozilla/5.0 (Macintosh; Intel Mac OS X 10_15_7) AppleWebKit/537.36 (KHTML, like Gecko) Chrome/116.0.0.0 Safari/537.36"
103.4.250.251 - - [05/Feb/2026:08:22:24 -0700] "GET /wp-content/plugins/enable-jquery-migrate-helper/js/jquery/jquery-1.12.4-wp.js?ver=1.12.4-wp HTTP/1.1" 200 96854 "-" "Mozilla/5.0 (Macintosh; Intel Mac OS X 10_15_7) AppleWebKit/537.36 (KHTML, like Gecko) Chrome/116.0.0.0 Safari/537.36"
103.4.250.251 - - [05/Feb/2026:08:22:24 -0700] "GET /wp-content/plugins/enable-jquery-migrate-helper/js/jquery-migrate/jquery-migrate-1.4.1-wp.js?ver=1.4.1-wp HTTP/1.1" 200 23673 "-" "Mozilla/5.0 (Macintosh; Intel Mac OS X 10_15_7) AppleWebKit/537.36 (KHTML, like Gecko) Chrome/116.0.0.0 Safari/537.36"
103.4.250.251 - - [05/Feb/2026:08:22:24 -0700] "GET /wp-content/themes/theme-thehousingnetwork/assets/js/vendor.min.js?ver=1729494860 HTTP/1.1" 200 46643 "-" "Mozilla/5.0 (Macintosh; Intel Mac OS X 10_15_7) AppleWebKit/537.36 (KHTML, like Gecko) Chrome/116.0.0.0 Safari/537.36"
103.4.250.251 - - [05/Feb/2026:08:22:24 -0700] "GET /wp-content/plugins/formula/js/scripts-min.js?ver=1729494856 HTTP/1.1" 200 45568 "-" "Mozilla/5.0 (Macintosh; Intel Mac OS X 10_15_7) AppleWebKit/537.36 (KHTML, like Gecko) Chrome/116.0.0.0 Safari/537.36"
103.4.250.251 - - [05/Feb/2026:08:22:24 -0700] "GET /wp-content/themes/theme-thehousingnetwork/assets/js/scripts.min.js?ver=1729494860 HTTP/1.1" 200 90166 "-" "Mozilla/5.0 (Macintosh; Intel Mac OS X 10_15_7) AppleWebKit/537.36 (KHTML, like Gecko) Chrome/116.0.0.0 Safari/537.36"
103.4.250.251 - - [05/Feb/2026:08:22:24 -0700] "GET /https%3A/thn.datadazzle.com/our-offer/supported-shared-accommodation/ HTTP/1.1" 301 - "-" "Mozilla/5.0 (Macintosh; Intel Mac OS X 10_15_7) AppleWebKit/537.36 (KHTML, like Gecko) Chrome/116.0.0.0 Safari/537.36"
103.4.250.251 - - [05/Feb/2026:08:22:24 -0700] "GET /https%3A/thn.datadazzle.com/active-opportunities-pathway/ HTTP/1.1" 301 - "-" "Mozilla/5.0 (Macintosh; Intel Mac OS X 10_15_7) AppleWebKit/537.36 (KHTML, like Gecko) Chrome/116.0.0.0 Safari/537.36"
103.4.250.251 - - [05/Feb/2026:08:22:24 -0700] "GET /https%3A/thn.datadazzle.com/about-us/our-team/ HTTP/1.1" 301 - "-" "Mozilla/5.0 (Macintosh; Intel Mac OS X 10_15_7) AppleWebKit/537.36 (KHTML, like Gecko) Chrome/116.0.0.0 Safari/537.36"
103.4.250.251 - - [05/Feb/2026:08:22:24 -0700] "GET /https%3A/thn.datadazzle.com/our-offer/ HTTP/1.1" 301 - "-" "Mozilla/5.0 (Macintosh; Intel Mac OS X 10_15_7) AppleWebKit/537.36 (KHTML, like Gecko) Chrome/116.0.0.0 Safari/537.36"
103.4.250.251 - - [05/Feb/2026:08:22:24 -0700] "GET /https%3A/thn.datadazzle.com/our-offer/nightly-self-contained/ HTTP/1.1" 301 - "-" "Mozilla/5.0 (Macintosh; Intel Mac OS X 10_15_7) AppleWebKit/537.36 (KHTML, like Gecko) Chrome/116.0.0.0 Safari/537.36"
103.4.250.251 - - [05/Feb/2026:08:22:24 -0700] "GET /https%3A/thn.datadazzle.com/our-offer/long-term-self-contained/ HTTP/1.1" 301 - "-" "Mozilla/5.0 (Macintosh; Intel Mac OS X 10_15_7) AppleWebKit/537.36 (KHTML, like Gecko) Chrome/116.0.0.0 Safari/537.36"
103.4.250.251 - - [05/Feb/2026:08:22:24 -0700] "GET /https%3A/thn.datadazzle.com/landlords/ HTTP/1.1" 301 - "-" "Mozilla/5.0 (Macintosh; Intel Mac OS X 10_15_7) AppleWebKit/537.36 (KHTML, like Gecko) Chrome/116.0.0.0 Safari/537.36"
103.4.250.251 - - [05/Feb/2026:08:22:24 -0700] "GET /https%3A/thn.datadazzle.com/about-us/our-values/ HTTP/1.1" 301 - "-" "Mozilla/5.0 (Macintosh; Intel Mac OS X 10_15_7) AppleWebKit/537.36 (KHTML, like Gecko) Chrome/116.0.0.0 Safari/537.36"
103.4.250.251 - - [05/Feb/2026:08:22:24 -0700] "GET /%23alert-cookie HTTP/1.1" 404 33298 "-" "Mozilla/5.0 (Macintosh; Intel Mac OS X 10_15_7) AppleWebKit/537.36 (KHTML, like Gecko) Chrome/116.0.0.0 Safari/537.36"
103.4.250.251 - - [05/Feb/2026:08:22:24 -0700] "GET /http%3A/thn.datadazzle.com/ HTTP/1.1" 404 33298 "-" "Mozilla/5.0 (Macintosh; Intel Mac OS X 10_15_7) AppleWebKit/537.36 (KHTML, like Gecko) Chrome/116.0.0.0 Safari/537.36"
103.4.250.251 - - [05/Feb/2026:08:22:24 -0700] "GET /https%3A/fonts.googleapis.com/css%3Ffamily%3DRoboto%2BCondensed%26display%3Dswap HTTP/1.1" 404 33298 "-" "Mozilla/5.0 (Macintosh; Intel Mac OS X 10_15_7) AppleWebKit/537.36 (KHTML, like Gecko) Chrome/116.0.0.0 Safari/537.36"
103.4.250.251 - - [05/Feb/2026:08:22:24 -0700] "GET /https%3A/thn.datadazzle.com/ HTTP/1.1" 404 33298 "-" "Mozilla/5.0 (Macintosh; Intel Mac OS X 10_15_7) AppleWebKit/537.36 (KHTML, like Gecko) Chrome/116.0.0.0 Safari/537.36"
103.4.250.251 - - [05/Feb/2026:08:22:24 -0700] "GET /wp-includes/css/dist/block-library/style.min.css%3Fver%3D6.6.3 HTTP/1.1" 404 33298 "-" "Mozilla/5.0 (Macintosh; Intel Mac OS X 10_15_7) AppleWebKit/537.36 (KHTML, like Gecko) Chrome/116.0.0.0 Safari/537.36"
103.4.250.251 - - [05/Feb/2026:08:22:24 -0700] "GET /cookie-policy/ HTTP/1.1" 200 40704 "-" "Mozilla/5.0 (Macintosh; Intel Mac OS X 10_15_7) AppleWebKit/537.36 (KHTML, like Gecko) Chrome/116.0.0.0 Safari/537.36"
103.4.250.251 - - [05/Feb/2026:08:22:24 -0700] "GET /https%3A/thn.datadazzle.com/b-corp/ HTTP/1.1" 301 - "-" "Mozilla/5.0 (Macintosh; Intel Mac OS X 10_15_7) AppleWebKit/537.36 (KHTML, like Gecko) Chrome/116.0.0.0 Safari/537.36"
103.4.250.251 - - [05/Feb/2026:08:22:24 -0700] "GET /https%3A/thn.datadazzle.com/our-impact/ HTTP/1.1" 301 - "-" "Mozilla/5.0 (Macintosh; Intel Mac OS X 10_15_7) AppleWebKit/537.36 (KHTML, like Gecko) Chrome/116.0.0.0 Safari/537.36"
103.4.250.251 - - [05/Feb/2026:08:22:24 -0700] "GET /https%3A/thn.datadazzle.com/landlords/how-we-work/ HTTP/1.1" 301 - "-" "Mozilla/5.0 (Macintosh; Intel Mac OS X 10_15_7) AppleWebKit/537.36 (KHTML, like Gecko) Chrome/116.0.0.0 Safari/537.36"
103.4.250.251 - - [05/Feb/2026:08:22:24 -0700] "GET /https%3A/thn.datadazzle.com/landlords/where-we-work/ HTTP/1.1" 301 - "-" "Mozilla/5.0 (Macintosh; Intel Mac OS X 10_15_7) AppleWebKit/537.36 (KHTML, like Gecko) Chrome/116.0.0.0 Safari/537.36"
103.4.250.251 - - [05/Feb/2026:08:22:24 -0700] "GET /https%3A/thn.datadazzle.com/case-studies/real-stories/ HTTP/1.1" 301 - "-" "Mozilla/5.0 (Macintosh; Intel Mac OS X 10_15_7) AppleWebKit/537.36 (KHTML, like Gecko) Chrome/116.0.0.0 Safari/537.36"
103.4.250.251 - - [05/Feb/2026:08:22:24 -0700] "GET /https%3A/thn.datadazzle.com/landlords/contact-our-landlords-partnership-team/ HTTP/1.1" 301 - "-" "Mozilla/5.0 (Macintosh; Intel Mac OS X 10_15_7) AppleWebKit/537.36 (KHTML, like Gecko) Chrome/116.0.0.0 Safari/537.36"
103.4.250.251 - - [05/Feb/2026:08:22:24 -0700] "GET /https%3A/thn.datadazzle.com/case-studies/ HTTP/1.1" 301 - "-" "Mozilla/5.0 (Macintosh; Intel Mac OS X 10_15_7) AppleWebKit/537.36 (KHTML, like Gecko) Chrome/116.0.0.0 Safari/537.36"
103.4.250.251 - - [05/Feb/2026:08:22:24 -0700] "GET /https%3A/thn.datadazzle.com/3k-for-3k/ HTTP/1.1" 301 - "-" "Mozilla/5.0 (Macintosh; Intel Mac OS X 10_15_7) AppleWebKit/537.36 (KHTML, like Gecko) Chrome/116.0.0.0 Safari/537.36"
103.4.250.251 - - [05/Feb/2026:08:22:24 -0700] "GET /https%3A/thn.datadazzle.com/our-strategy/ HTTP/1.1" 301 - "-" "Mozilla/5.0 (Macintosh; Intel Mac OS X 10_15_7) AppleWebKit/537.36 (KHTML, like Gecko) Chrome/116.0.0.0 Safari/537.36"
103.4.250.251 - - [05/Feb/2026:08:22:24 -0700] "GET /https%3A/thn.datadazzle.com/about-us/our-commitments/carbon-reduction-plan/ HTTP/1.1" 301 - "-" "Mozilla/5.0 (Macintosh; Intel Mac OS X 10_15_7) AppleWebKit/537.36 (KHTML, like Gecko) Chrome/116.0.0.0 Safari/537.36"
103.4.250.251 - - [05/Feb/2026:08:22:24 -0700] "GET /https%3A/thn.datadazzle.com/work-with-us/ HTTP/1.1" 301 - "-" "Mozilla/5.0 (Macintosh; Intel Mac OS X 10_15_7) AppleWebKit/537.36 (KHTML, like Gecko) Chrome/116.0.0.0 Safari/537.36"
103.4.250.251 - - [05/Feb/2026:08:22:24 -0700] "GET /https%3A/thn.datadazzle.com/about-us/our-commitments/social-and-environmental-impact-reports/ HTTP/1.1" 301 - "-" "Mozilla/5.0 (Macintosh; Intel Mac OS X 10_15_7) AppleWebKit/537.36 (KHTML, like Gecko) Chrome/116.0.0.0 Safari/537.36"
103.4.250.251 - - [05/Feb/2026:08:22:24 -0700] "GET /https%3A/thn.datadazzle.com/our-offer/more-than-a-voice/ HTTP/1.1" 301 - "-" "Mozilla/5.0 (Macintosh; Intel Mac OS X 10_15_7) AppleWebKit/537.36 (KHTML, like Gecko) Chrome/116.0.0.0 Safari/537.36"
103.4.250.251 - - [05/Feb/2026:08:22:24 -0700] "GET /wp-content/themes/theme-thehousingnetwork/assets/css/style.min.css%3Fver%3D1729494860 HTTP/1.1" 404 33298 "-" "Mozilla/5.0 (Macintosh; Intel Mac OS X 10_15_7) AppleWebKit/537.36 (KHTML, like Gecko) Chrome/116.0.0.0 Safari/537.36"
103.4.250.251 - - [05/Feb/2026:08:22:24 -0700] "GET /https%3A/thn.datadazzle.com/contact/ HTTP/1.1" 301 - "-" "Mozilla/5.0 (Macintosh; Intel Mac OS X 10_15_7) AppleWebKit/537.36 (KHTML, like Gecko) Chrome/116.0.0.0 Safari/537.36"
103.4.250.251 - - [05/Feb/2026:08:22:24 -0700] "GET /https%3A/thn.datadazzle.com/investors/ HTTP/1.1" 301 - "-" "Mozilla/5.0 (Macintosh; Intel Mac OS X 10_15_7) AppleWebKit/537.36 (KHTML, like Gecko) Chrome/116.0.0.0 Safari/537.36"
103.4.250.251 - - [05/Feb/2026:08:22:24 -0700] "GET /https%3A/www.linkedin.com/company/the-housing-network-ltd/ HTTP/1.1" 404 33298 "-" "Mozilla/5.0 (Macintosh; Intel Mac OS X 10_15_7) AppleWebKit/537.36 (KHTML, like Gecko) Chrome/116.0.0.0 Safari/537.36"
103.4.250.251 - - [05/Feb/2026:08:22:24 -0700] "GET /our-offer/specialist-accommodation/ HTTP/1.1" 404 33298 "-" "Mozilla/5.0 (Macintosh; Intel Mac OS X 10_15_7) AppleWebKit/537.36 (KHTML, like Gecko) Chrome/116.0.0.0 Safari/537.36"
103.4.250.251 - - [05/Feb/2026:08:22:24 -0700] "GET /our-offer/long-term-self-contained/ HTTP/1.1" 200 43737 "-" "Mozilla/5.0 (Macintosh; Intel Mac OS X 10_15_7) AppleWebKit/537.36 (KHTML, like Gecko) Chrome/116.0.0.0 Safari/537.36"
103.4.250.251 - - [05/Feb/2026:08:22:24 -0700] "GET /https%3A/www.mindfulemployer.dpt.nhs.uk/ HTTP/1.1" 404 33298 "-" "Mozilla/5.0 (Macintosh; Intel Mac OS X 10_15_7) AppleWebKit/537.36 (KHTML, like Gecko) Chrome/116.0.0.0 Safari/537.36"
103.4.250.251 - - [05/Feb/2026:08:22:24 -0700] "GET /https%3A/thn.datadazzle.com/about-us/ HTTP/1.1" 301 - "-" "Mozilla/5.0 (Macintosh; Intel Mac OS X 10_15_7) AppleWebKit/537.36 (KHTML, like Gecko) Chrome/116.0.0.0 Safari/537.36"
103.4.250.251 - - [05/Feb/2026:08:22:24 -0700] "GET /https%3A/issuu.com/lisag069/docs/housing_network_impact_report_v5_1_%3Ffr%3DsMjNiNjU0ODE0MDc HTTP/1.1" 404 33298 "-" "Mozilla/5.0 (Macintosh; Intel Mac OS X 10_15_7) AppleWebKit/537.36 (KHTML, like Gecko) Chrome/116.0.0.0 Safari/537.36"
103.4.250.251 - - [05/Feb/2026:08:22:24 -0700] "GET /https%3A/thn.datadazzle.com/cas-3/ HTTP/1.1" 301 - "-" "Mozilla/5.0 (Macintosh; Intel Mac OS X 10_15_7) AppleWebKit/537.36 (KHTML, like Gecko) Chrome/116.0.0.0 Safari/537.36"
103.4.250.251 - - [05/Feb/2026:08:22:24 -0700] "GET /https%3A/www.livingwage.org.uk/ HTTP/1.1" 404 33298 "-" "Mozilla/5.0 (Macintosh; Intel Mac OS X 10_15_7) AppleWebKit/537.36 (KHTML, like Gecko) Chrome/116.0.0.0 Safari/537.36"
103.4.250.251 - - [05/Feb/2026:08:22:24 -0700] "GET /https%3A/www.theprs.co.uk/ HTTP/1.1" 404 33298 "-" "Mozilla/5.0 (Macintosh; Intel Mac OS X 10_15_7) AppleWebKit/537.36 (KHTML, like Gecko) Chrome/116.0.0.0 Safari/537.36"
103.4.250.251 - - [05/Feb/2026:08:22:24 -0700] "GET /about-us/ HTTP/1.1" 200 51916 "-" "Mozilla/5.0 (Macintosh; Intel Mac OS X 10_15_7) AppleWebKit/537.36 (KHTML, like Gecko) Chrome/116.0.0.0 Safari/537.36"
103.4.250.251 - - [05/Feb/2026:08:22:24 -0700] "GET /https%3A/www.nrla.org.uk/ HTTP/1.1" 404 33298 "-" "Mozilla/5.0 (Macintosh; Intel Mac OS X 10_15_7) AppleWebKit/537.36 (KHTML, like Gecko) Chrome/116.0.0.0 Safari/537.36"
103.4.250.251 - - [05/Feb/2026:08:22:24 -0700] "GET /our-offer/supported-shared-accommodation/ HTTP/1.1" 200 49969 "-" "Mozilla/5.0 (Macintosh; Intel Mac OS X 10_15_7) AppleWebKit/537.36 (KHTML, like Gecko) Chrome/116.0.0.0 Safari/537.36"
103.4.250.251 - - [05/Feb/2026:08:22:24 -0700] "GET /our-offer/nightly-self-contained/ HTTP/1.1" 200 49096 "-" "Mozilla/5.0 (Macintosh; Intel Mac OS X 10_15_7) AppleWebKit/537.36 (KHTML, like Gecko) Chrome/116.0.0.0 Safari/537.36"
103.4.250.251 - - [05/Feb/2026:08:22:26 -0700] "GET /https%3A/thn.datadazzle.com/local-authorities/ HTTP/1.1" 301 - "-" "Mozilla/5.0 (Macintosh; Intel Mac OS X 10_15_7) AppleWebKit/537.36 (KHTML, like Gecko) Chrome/116.0.0.0 Safari/537.36"
162.240.103.0 - - [05/Feb/2026:08:22:33 -0700] "POST /wp-cron.php?doing_wp_cron=1770304953.1012430191040039062500 HTTP/1.1" 404 16384 "-" "WordPress/6.6.3; https://thn.datadazzle.com"
103.4.250.251 - - [05/Feb/2026:08:22:26 -0700] "GET /terms-conditions/ HTTP/1.1" 200 40257 "-" "Mozilla/5.0 (Macintosh; Intel Mac OS X 10_15_7) AppleWebKit/537.36 (KHTML, like Gecko) Chrome/116.0.0.0 Safari/537.36"
162.240.103.0 - - [05/Feb/2026:08:22:33 -0700] "POST /wp-cron.php?doing_wp_cron=1770304953.2504630088806152343750 HTTP/1.1" 404 16384 "-" "WordPress/6.6.3; https://thn.datadazzle.com"
162.240.103.0 - - [05/Feb/2026:08:22:33 -0700] "POST /wp-cron.php?doing_wp_cron=1770304953.1357729434967041015625 HTTP/1.1" 404 16384 "-" "WordPress/6.6.3; https://thn.datadazzle.com"
162.240.103.0 - - [05/Feb/2026:08:22:33 -0700] "POST /wp-cron.php?doing_wp_cron=1770304953.5373370647430419921875 HTTP/1.1" 404 16384 "-" "WordPress/6.6.3; https://thn.datadazzle.com"
162.240.103.0 - - [05/Feb/2026:08:22:33 -0700] "POST /wp-cron.php?doing_wp_cron=1770304953.5154700279235839843750 HTTP/1.1" 404 16384 "-" "WordPress/6.6.3; https://thn.datadazzle.com"
162.240.103.0 - - [05/Feb/2026:08:22:33 -0700] "POST /wp-cron.php?doing_wp_cron=1770304953.2901959419250488281250 HTTP/1.1" 404 16384 "-" "WordPress/6.6.3; https://thn.datadazzle.com"
162.240.103.0 - - [05/Feb/2026:08:22:33 -0700] "POST /wp-cron.php?doing_wp_cron=1770304953.5126380920410156250000 HTTP/1.1" 404 16384 "-" "WordPress/6.6.3; https://thn.datadazzle.com"
162.240.103.0 - - [05/Feb/2026:08:22:33 -0700] "POST /wp-cron.php?doing_wp_cron=1770304953.5661129951477050781250 HTTP/1.1" 404 16384 "-" "WordPress/6.6.3; https://thn.datadazzle.com"
162.240.103.0 - - [05/Feb/2026:08:22:33 -0700] "POST /wp-cron.php?doing_wp_cron=1770304953.5998640060424804687500 HTTP/1.1" 404 16384 "-" "WordPress/6.6.3; https://thn.datadazzle.com"
162.240.103.0 - - [05/Feb/2026:08:22:33 -0700] "POST /wp-cron.php?doing_wp_cron=1770304953.8164339065551757812500 HTTP/1.1" 404 16384 "-" "WordPress/6.6.3; https://thn.datadazzle.com"
162.240.103.0 - - [05/Feb/2026:08:22:33 -0700] "POST /wp-cron.php?doing_wp_cron=1770304953.8185560703277587890625 HTTP/1.1" 404 16384 "-" "WordPress/6.6.3; https://thn.datadazzle.com"
162.240.103.0 - - [05/Feb/2026:08:22:34 -0700] "POST /wp-cron.php?doing_wp_cron=1770304954.0967440605163574218750 HTTP/1.1" 404 16384 "-" "WordPress/6.6.3; https://thn.datadazzle.com"
162.240.103.0 - - [05/Feb/2026:08:22:34 -0700] "POST /wp-cron.php?doing_wp_cron=1770304954.0564200878143310546875 HTTP/1.1" 404 16384 "-" "WordPress/6.6.3; https://thn.datadazzle.com"
162.240.103.0 - - [05/Feb/2026:08:22:34 -0700] "POST /wp-cron.php?doing_wp_cron=1770304954.2358829975128173828125 HTTP/1.1" 404 16384 "-" "WordPress/6.6.3; https://thn.datadazzle.com"
54.162.171.58 - - [05/Feb/2026:08:22:41 -0700] "GET / HTTP/1.1" 200 61115 "-" "Mozilla/5.0 (Windows NT 10.0; Win64; x64) AppleWebKit/537.36 (KHTML, like Gecko) Chrome/141.0.0.0 Safari/537.36"
100.24.45.13 - - [05/Feb/2026:08:22:42 -0700] "GET / HTTP/1.1" 200 61115 "-" "Mozilla/5.0 (iPhone; CPU iPhone OS 12_2 like Mac OS X) AppleWebKit/605.1.15 (KHTML, like Gecko) Mobile/15E148"
162.240.103.0 - - [05/Feb/2026:08:40:56 -0700] "POST /wp-cron.php?doing_wp_cron=1770306056.0806910991668701171875 HTTP/1.1" 404 16384 "-" "WordPress/6.6.3; https://thn.datadazzle.com"
103.4.251.16 - - [05/Feb/2026:08:40:55 -0700] "GET / HTTP/1.1" 200 61115 "-" "Mozilla/5.0 (Windows NT 10.0; Win64; x64) AppleWebKit/537.36 (KHTML, like Gecko) Chrome/116.0.0.0 Safari/537.36"
103.4.251.16 - - [05/Feb/2026:08:41:24 -0700] "GET / HTTP/1.1" 200 61115 "-" "Mozilla/5.0 (X11; Linux x86_64) AppleWebKit/537.36 (KHTML, like Gecko) Chrome/116.0.0.0 Safari/537.36"
74.7.244.11 - - [05/Feb/2026:09:16:43 -0700] "GET /robots.txt HTTP/1.1" 200 1091 "-" "Mozilla/5.0 (Macintosh; Intel Mac OS X 10_15_7) AppleWebKit/537.36 (KHTML, like Gecko) Chrome/131.0.0.0 Safari/537.36; compatible; OAI-SearchBot/1.3; robots.txt; +https://openai.com/searchbot"
162.240.103.0 - - [05/Feb/2026:09:37:08 -0700] "POST /wp-cron.php?doing_wp_cron=1770309428.5155389308929443359375 HTTP/1.1" 404 16384 "-" "WordPress/6.6.3; https://thn.datadazzle.com"
104.252.191.224 - - [05/Feb/2026:09:37:07 -0700] "GET / HTTP/1.1" 200 61115 "-" "Mozilla/5.0 (Windows NT 10.0; Win64; x64) AppleWebKit/537.36 (KHTML, like Gecko) Chrome/116.0.0.0 Safari/537.36"
103.4.250.3 - - [05/Feb/2026:09:37:07 -0700] "GET / HTTP/1.1" 200 61115 "-" "Mozilla/5.0 (Windows NT 10.0; Win64; x64) AppleWebKit/537.36 (KHTML, like Gecko) Chrome/116.0.0.0 Safari/537.36"
162.240.103.0 - - [05/Feb/2026:09:37:08 -0700] "POST /wp-cron.php?doing_wp_cron=1770309428.6817688941955566406250 HTTP/1.1" 404 16384 "-" "WordPress/6.6.3; https://thn.datadazzle.com"
103.4.250.3 - - [05/Feb/2026:09:37:23 -0700] "GET / HTTP/1.1" 200 61115 "-" "Mozilla/5.0 (X11; Linux x86_64) AppleWebKit/537.36 (KHTML, like Gecko) Chrome/117.0.0.0 Safari/537.36"
104.210.140.130 - - [05/Feb/2026:12:21:06 -0700] "GET /robots.txt HTTP/1.1" 200 1091 "-" "Mozilla/5.0 (Macintosh; Intel Mac OS X 10_15_7) AppleWebKit/537.36 (KHTML, like Gecko) Chrome/131.0.0.0 Safari/537.36; compatible; OAI-SearchBot/1.0; +https://openai.com/searchbot"
193.19.82.13 - - [05/Feb/2026:13:22:59 -0700] "HEAD / HTTP/1.1" 200 - "-" "Mozilla/5.0 (Windows NT 10.0; Win64; x64) AppleWebKit/537.36 (KHTML, like Gecko) Chrome/108.0.0.0 Safari/537.36"
162.240.103.0 - - [05/Feb/2026:13:23:00 -0700] "POST /wp-cron.php?doing_wp_cron=1770322980.5050020217895507812500 HTTP/1.1" 404 16384 "-" "WordPress/6.6.3; https://thn.datadazzle.com"
193.19.82.13 - - [05/Feb/2026:13:23:18 -0700] "GET / HTTP/1.1" 200 61115 "-" "Mozilla/5.0 (Windows NT 10.0; Win64; x64) AppleWebKit/537.36 (KHTML, like Gecko) Chrome/108.0.0.0 Safari/537.36"
216.73.216.211 - - [05/Feb/2026:14:20:27 -0700] "GET /robots.txt HTTP/1.1" 200 1091 "-" "Mozilla/5.0 AppleWebKit/537.36 (KHTML, like Gecko; compatible; ClaudeBot/1.0; +claudebot@anthropic.com)"
216.73.216.211 - - [05/Feb/2026:14:20:27 -0700] "GET / HTTP/1.1" 403 - "-" "Mozilla/5.0 AppleWebKit/537.36 (KHTML, like Gecko; compatible; ClaudeBot/1.0; +claudebot@anthropic.com)"
162.240.103.0 - - [05/Feb/2026:16:21:51 -0700] "POST /wp-cron.php?doing_wp_cron=1770333711.6491940021514892578125 HTTP/1.1" 404 16384 "-" "WordPress/6.6.3; https://thn.datadazzle.com"
44.202.207.5 - - [05/Feb/2026:16:21:50 -0700] "GET / HTTP/1.1" 200 61115 "-" "Mozilla/5.0 (iPhone; CPU iPhone OS 12_2 like Mac OS X) AppleWebKit/605.1.15 (KHTML, like Gecko) Mobile/15E148"
34.230.67.2 - - [05/Feb/2026:16:21:51 -0700] "GET / HTTP/1.1" 200 61115 "-" "Mozilla/5.0 (Windows NT 10.0; Win64; x64) AppleWebKit/537.36 (KHTML, like Gecko) Chrome/141.0.0.0 Safari/537.36"
44.202.207.5 - - [05/Feb/2026:16:21:53 -0700] "GET /wp-includes/css/dist/block-library/style.min.css?ver=6.6.3 HTTP/1.1" 200 112427 "https://thn.datadazzle.com/" "Mozilla/5.0 (iPhone; CPU iPhone OS 12_2 like Mac OS X) AppleWebKit/605.1.15 (KHTML, like Gecko) Mobile/15E148"
34.230.67.2 - - [05/Feb/2026:16:21:53 -0700] "GET /wp-includes/css/dist/block-library/style.min.css?ver=6.6.3 HTTP/1.1" 200 112427 "https://thn.datadazzle.com/" "Mozilla/5.0 (Windows NT 10.0; Win64; x64) AppleWebKit/537.36 (KHTML, like Gecko) Chrome/141.0.0.0 Safari/537.36"
44.202.207.5 - - [05/Feb/2026:16:21:53 -0700] "GET /wp-content/plugins/enable-jquery-migrate-helper/js/jquery/jquery-1.12.4-wp.js?ver=1.12.4-wp HTTP/1.1" 200 96854 "https://thn.datadazzle.com/" "Mozilla/5.0 (iPhone; CPU iPhone OS 12_2 like Mac OS X) AppleWebKit/605.1.15 (KHTML, like Gecko) Mobile/15E148"
34.230.67.2 - - [05/Feb/2026:16:21:53 -0700] "GET /wp-content/plugins/enable-jquery-migrate-helper/js/jquery/jquery-1.12.4-wp.js?ver=1.12.4-wp HTTP/1.1" 200 96854 "https://thn.datadazzle.com/" "Mozilla/5.0 (Windows NT 10.0; Win64; x64) AppleWebKit/537.36 (KHTML, like Gecko) Chrome/141.0.0.0 Safari/537.36"
44.202.207.5 - - [05/Feb/2026:16:21:53 -0700] "GET /wp-content/plugins/enable-jquery-migrate-helper/js/jquery-migrate/jquery-migrate-1.4.1-wp.js?ver=1.4.1-wp HTTP/1.1" 200 23673 "https://thn.datadazzle.com/" "Mozilla/5.0 (iPhone; CPU iPhone OS 12_2 like Mac OS X) AppleWebKit/605.1.15 (KHTML, like Gecko) Mobile/15E148"
44.202.207.5 - - [05/Feb/2026:16:21:53 -0700] "GET /wp-content/themes/theme-thehousingnetwork/assets/js/vendor.min.js?ver=1729494860 HTTP/1.1" 200 46643 "https://thn.datadazzle.com/" "Mozilla/5.0 (iPhone; CPU iPhone OS 12_2 like Mac OS X) AppleWebKit/605.1.15 (KHTML, like Gecko) Mobile/15E148"
44.202.207.5 - - [05/Feb/2026:16:21:53 -0700] "GET /wp-content/themes/theme-thehousingnetwork/assets/js/scripts.min.js?ver=1729494860 HTTP/1.1" 200 90166 "https://thn.datadazzle.com/" "Mozilla/5.0 (iPhone; CPU iPhone OS 12_2 like Mac OS X) AppleWebKit/605.1.15 (KHTML, like Gecko) Mobile/15E148"
44.202.207.5 - - [05/Feb/2026:16:21:53 -0700] "GET /wp-content/plugins/formula/js/scripts-min.js?ver=1729494856 HTTP/1.1" 200 45568 "https://thn.datadazzle.com/" "Mozilla/5.0 (iPhone; CPU iPhone OS 12_2 like Mac OS X) AppleWebKit/605.1.15 (KHTML, like Gecko) Mobile/15E148"
34.230.67.2 - - [05/Feb/2026:16:21:53 -0700] "GET /wp-content/plugins/enable-jquery-migrate-helper/js/jquery-migrate/jquery-migrate-1.4.1-wp.js?ver=1.4.1-wp HTTP/1.1" 200 23673 "https://thn.datadazzle.com/" "Mozilla/5.0 (Windows NT 10.0; Win64; x64) AppleWebKit/537.36 (KHTML, like Gecko) Chrome/141.0.0.0 Safari/537.36"
34.230.67.2 - - [05/Feb/2026:16:21:53 -0700] "GET /wp-content/themes/theme-thehousingnetwork/assets/js/vendor.min.js?ver=1729494860 HTTP/1.1" 200 46643 "https://thn.datadazzle.com/" "Mozilla/5.0 (Windows NT 10.0; Win64; x64) AppleWebKit/537.36 (KHTML, like Gecko) Chrome/141.0.0.0 Safari/537.36"
34.230.67.2 - - [05/Feb/2026:16:21:53 -0700] "GET /wp-content/themes/theme-thehousingnetwork/assets/js/scripts.min.js?ver=1729494860 HTTP/1.1" 200 90166 "https://thn.datadazzle.com/" "Mozilla/5.0 (Windows NT 10.0; Win64; x64) AppleWebKit/537.36 (KHTML, like Gecko) Chrome/141.0.0.0 Safari/537.36"
34.230.67.2 - - [05/Feb/2026:16:21:53 -0700] "GET /wp-content/plugins/formula/js/scripts-min.js?ver=1729494856 HTTP/1.1" 200 45568 "https://thn.datadazzle.com/" "Mozilla/5.0 (Windows NT 10.0; Win64; x64) AppleWebKit/537.36 (KHTML, like Gecko) Chrome/141.0.0.0 Safari/537.36"
44.202.207.5 - - [05/Feb/2026:16:21:53 -0700] "GET /wp-content/themes/theme-thehousingnetwork/assets/css/style.min.css?ver=1729494860 HTTP/1.1" 200 446933 "https://thn.datadazzle.com/" "Mozilla/5.0 (iPhone; CPU iPhone OS 12_2 like Mac OS X) AppleWebKit/605.1.15 (KHTML, like Gecko) Mobile/15E148"
34.230.67.2 - - [05/Feb/2026:16:21:53 -0700] "GET /wp-content/themes/theme-thehousingnetwork/assets/css/style.min.css?ver=1729494860 HTTP/1.1" 200 446933 "https://thn.datadazzle.com/" "Mozilla/5.0 (Windows NT 10.0; Win64; x64) AppleWebKit/537.36 (KHTML, like Gecko) Chrome/141.0.0.0 Safari/537.36"
44.202.207.5 - - [05/Feb/2026:16:21:54 -0700] "GET /wp-content/plugins/ewww-image-optimizer/includes/lazysizes.min.js?ver=790 HTTP/1.1" 200 15853 "https://thn.datadazzle.com/" "Mozilla/5.0 (iPhone; CPU iPhone OS 12_2 like Mac OS X) AppleWebKit/605.1.15 (KHTML, like Gecko) Mobile/15E148"
34.230.67.2 - - [05/Feb/2026:16:21:54 -0700] "GET /wp-content/plugins/ewww-image-optimizer/includes/lazysizes.min.js?ver=790 HTTP/1.1" 200 15853 "https://thn.datadazzle.com/" "Mozilla/5.0 (Windows NT 10.0; Win64; x64) AppleWebKit/537.36 (KHTML, like Gecko) Chrome/141.0.0.0 Safari/537.36"
44.202.207.5 - - [05/Feb/2026:16:21:54 -0700] "GET /wp-content/themes/theme-thehousingnetwork/assets/fonts/bree/BreeSerif-Regular.woff2 HTTP/1.1" 200 15600 "https://thn.datadazzle.com/wp-content/themes/theme-thehousingnetwork/assets/css/style.min.css?ver=1729494860" "Mozilla/5.0 (iPhone; CPU iPhone OS 12_2 like Mac OS X) AppleWebKit/605.1.15 (KHTML, like Gecko) Mobile/15E148"
44.202.207.5 - - [05/Feb/2026:16:21:54 -0700] "GET /wp-content/themes/theme-thehousingnetwork/assets/fonts/spartan/Spartan-SemiBold.woff2 HTTP/1.1" 200 18392 "https://thn.datadazzle.com/wp-content/themes/theme-thehousingnetwork/assets/css/style.min.css?ver=1729494860" "Mozilla/5.0 (iPhone; CPU iPhone OS 12_2 like Mac OS X) AppleWebKit/605.1.15 (KHTML, like Gecko) Mobile/15E148"
44.202.207.5 - - [05/Feb/2026:16:21:54 -0700] "GET /wp-content/themes/theme-thehousingnetwork/assets/fonts/spartan/Spartan-Regular.woff2 HTTP/1.1" 200 18388 "https://thn.datadazzle.com/wp-content/themes/theme-thehousingnetwork/assets/css/style.min.css?ver=1729494860" "Mozilla/5.0 (iPhone; CPU iPhone OS 12_2 like Mac OS X) AppleWebKit/605.1.15 (KHTML, like Gecko) Mobile/15E148"
44.202.207.5 - - [05/Feb/2026:16:21:54 -0700] "GET /wp-content/themes/theme-thehousingnetwork/assets/fonts/fontawesome//fa-brands-400.woff2 HTTP/1.1" 200 78464 "https://thn.datadazzle.com/wp-content/themes/theme-thehousingnetwork/assets/css/style.min.css?ver=1729494860" "Mozilla/5.0 (iPhone; CPU iPhone OS 12_2 like Mac OS X) AppleWebKit/605.1.15 (KHTML, like Gecko) Mobile/15E148"
44.202.207.5 - - [05/Feb/2026:16:21:54 -0700] "GET /wp-content/uploads/2022/12/THN-Logo-Black-and-yellow.svg HTTP/1.1" 200 9257 "https://thn.datadazzle.com/" "Mozilla/5.0 (iPhone; CPU iPhone OS 12_2 like Mac OS X) AppleWebKit/605.1.15 (KHTML, like Gecko) Mobile/15E148"
44.202.207.5 - - [05/Feb/2026:16:21:54 -0700] "GET /wp-content/themes/theme-thehousingnetwork/assets/fonts/fontawesome//fa-regular-400.woff2 HTTP/1.1" 200 173596 "https://thn.datadazzle.com/wp-content/themes/theme-thehousingnetwork/assets/css/style.min.css?ver=1729494860" "Mozilla/5.0 (iPhone; CPU iPhone OS 12_2 like Mac OS X) AppleWebKit/605.1.15 (KHTML, like Gecko) Mobile/15E148"
44.202.207.5 - - [05/Feb/2026:16:21:54 -0700] "GET /wp-content/uploads/2022/12/THN-Homepage-hero-1.jpg HTTP/1.1" 200 141663 "https://thn.datadazzle.com/" "Mozilla/5.0 (iPhone; CPU iPhone OS 12_2 like Mac OS X) AppleWebKit/605.1.15 (KHTML, like Gecko) Mobile/15E148"
44.202.207.5 - - [05/Feb/2026:16:21:54 -0700] "GET /wp-content/uploads/2021/01/cropped-THN-favicon-1-1-32x32.png HTTP/1.1" 200 816 "https://thn.datadazzle.com/" "Mozilla/5.0 (iPhone; CPU iPhone OS 12_2 like Mac OS X) AppleWebKit/605.1.15 (KHTML, like Gecko) Mobile/15E148"
34.230.67.2 - - [05/Feb/2026:16:21:54 -0700] "GET /wp-content/themes/theme-thehousingnetwork/assets/fonts/spartan/Spartan-Regular.woff2 HTTP/1.1" 200 18388 "https://thn.datadazzle.com/wp-content/themes/theme-thehousingnetwork/assets/css/style.min.css?ver=1729494860" "Mozilla/5.0 (Windows NT 10.0; Win64; x64) AppleWebKit/537.36 (KHTML, like Gecko) Chrome/141.0.0.0 Safari/537.36"
34.230.67.2 - - [05/Feb/2026:16:21:54 -0700] "GET /wp-content/themes/theme-thehousingnetwork/assets/fonts/bree/BreeSerif-Regular.woff2 HTTP/1.1" 200 15600 "https://thn.datadazzle.com/wp-content/themes/theme-thehousingnetwork/assets/css/style.min.css?ver=1729494860" "Mozilla/5.0 (Windows NT 10.0; Win64; x64) AppleWebKit/537.36 (KHTML, like Gecko) Chrome/141.0.0.0 Safari/537.36"
34.230.67.2 - - [05/Feb/2026:16:21:54 -0700] "GET /wp-content/themes/theme-thehousingnetwork/assets/fonts/spartan/Spartan-SemiBold.woff2 HTTP/1.1" 200 18392 "https://thn.datadazzle.com/wp-content/themes/theme-thehousingnetwork/assets/css/style.min.css?ver=1729494860" "Mozilla/5.0 (Windows NT 10.0; Win64; x64) AppleWebKit/537.36 (KHTML, like Gecko) Chrome/141.0.0.0 Safari/537.36"
34.230.67.2 - - [05/Feb/2026:16:21:54 -0700] "GET /wp-content/themes/theme-thehousingnetwork/assets/fonts/fontawesome//fa-brands-400.woff2 HTTP/1.1" 200 78464 "https://thn.datadazzle.com/wp-content/themes/theme-thehousingnetwork/assets/css/style.min.css?ver=1729494860" "Mozilla/5.0 (Windows NT 10.0; Win64; x64) AppleWebKit/537.36 (KHTML, like Gecko) Chrome/141.0.0.0 Safari/537.36"
44.202.207.5 - - [05/Feb/2026:16:21:54 -0700] "GET /wp-content/uploads/2021/01/cropped-THN-favicon-1-1-32x32.png HTTP/1.1" 200 816 "-" "Mozilla/5.0 (iPhone; CPU iPhone OS 12_2 like Mac OS X) AppleWebKit/605.1.15 (KHTML, like Gecko) Mobile/15E148"
44.202.207.5 - - [05/Feb/2026:16:21:55 -0700] "GET /wp-content/uploads/2021/01/cropped-THN-favicon-1-1-192x192.png HTTP/1.1" 200 5644 "-" "Mozilla/5.0 (iPhone; CPU iPhone OS 12_2 like Mac OS X) AppleWebKit/605.1.15 (KHTML, like Gecko) Mobile/15E148"
44.202.207.5 - - [05/Feb/2026:16:21:55 -0700] "GET /wp-content/uploads/2021/01/cropped-THN-favicon-1-1-180x180.png HTTP/1.1" 200 5170 "-" "Mozilla/5.0 (iPhone; CPU iPhone OS 12_2 like Mac OS X) AppleWebKit/605.1.15 (KHTML, like Gecko) Mobile/15E148"
34.230.67.2 - - [05/Feb/2026:16:21:55 -0700] "GET /wp-content/uploads/2022/12/THN-Logo-Black-and-yellow.svg HTTP/1.1" 200 9257 "https://thn.datadazzle.com/" "Mozilla/5.0 (Windows NT 10.0; Win64; x64) AppleWebKit/537.36 (KHTML, like Gecko) Chrome/141.0.0.0 Safari/537.36"
34.230.67.2 - - [05/Feb/2026:16:21:55 -0700] "GET /wp-content/themes/theme-thehousingnetwork/assets/fonts/fontawesome//fa-regular-400.woff2 HTTP/1.1" 200 173596 "https://thn.datadazzle.com/wp-content/themes/theme-thehousingnetwork/assets/css/style.min.css?ver=1729494860" "Mozilla/5.0 (Windows NT 10.0; Win64; x64) AppleWebKit/537.36 (KHTML, like Gecko) Chrome/141.0.0.0 Safari/537.36"
34.230.67.2 - - [05/Feb/2026:16:21:55 -0700] "GET /wp-content/uploads/2021/01/cropped-THN-favicon-1-1-32x32.png HTTP/1.1" 200 816 "https://thn.datadazzle.com/" "Mozilla/5.0 (Windows NT 10.0; Win64; x64) AppleWebKit/537.36 (KHTML, like Gecko) Chrome/141.0.0.0 Safari/537.36"
34.230.67.2 - - [05/Feb/2026:16:21:55 -0700] "GET /wp-content/uploads/2022/12/THN-Homepage-hero-1.jpg HTTP/1.1" 200 141663 "https://thn.datadazzle.com/" "Mozilla/5.0 (Windows NT 10.0; Win64; x64) AppleWebKit/537.36 (KHTML, like Gecko) Chrome/141.0.0.0 Safari/537.36"
34.230.67.2 - - [05/Feb/2026:16:21:56 -0700] "GET /wp-content/uploads/2021/01/cropped-THN-favicon-1-1-32x32.png HTTP/1.1" 200 816 "-" "Mozilla/5.0 (Windows NT 10.0; Win64; x64) AppleWebKit/537.36 (KHTML, like Gecko) Chrome/141.0.0.0 Safari/537.36"
34.230.67.2 - - [05/Feb/2026:16:21:56 -0700] "GET /wp-content/uploads/2021/01/cropped-THN-favicon-1-1-192x192.png HTTP/1.1" 200 5644 "-" "Mozilla/5.0 (Windows NT 10.0; Win64; x64) AppleWebKit/537.36 (KHTML, like Gecko) Chrome/141.0.0.0 Safari/537.36"
34.230.67.2 - - [05/Feb/2026:16:21:56 -0700] "GET /wp-content/uploads/2021/01/cropped-THN-favicon-1-1-180x180.png HTTP/1.1" 200 5170 "-" "Mozilla/5.0 (Windows NT 10.0; Win64; x64) AppleWebKit/537.36 (KHTML, like Gecko) Chrome/141.0.0.0 Safari/537.36"
34.230.67.2 - - [05/Feb/2026:16:21:56 -0700] "GET /wp-content/uploads/2022/12/THN-Homepage-hero-2.jpg HTTP/1.1" 200 98084 "https://thn.datadazzle.com/" "Mozilla/5.0 (Windows NT 10.0; Win64; x64) AppleWebKit/537.36 (KHTML, like Gecko) Chrome/141.0.0.0 Safari/537.36"
34.230.67.2 - - [05/Feb/2026:16:21:56 -0700] "GET /wp-content/uploads/2020/12/UK-Map-2.png HTTP/1.1" 200 43440 "https://thn.datadazzle.com/" "Mozilla/5.0 (Windows NT 10.0; Win64; x64) AppleWebKit/537.36 (KHTML, like Gecko) Chrome/141.0.0.0 Safari/537.36"
34.230.67.2 - - [05/Feb/2026:16:21:56 -0700] "GET /wp-content/uploads/2022/12/THN-Homepage-hero-3.jpg HTTP/1.1" 200 133187 "https://thn.datadazzle.com/" "Mozilla/5.0 (Windows NT 10.0; Win64; x64) AppleWebKit/537.36 (KHTML, like Gecko) Chrome/141.0.0.0 Safari/537.36"
34.230.67.2 - - [05/Feb/2026:16:21:56 -0700] "GET /wp-content/uploads/2021/09/Afghan-support-image.jpg HTTP/1.1" 200 599836 "https://thn.datadazzle.com/" "Mozilla/5.0 (Windows NT 10.0; Win64; x64) AppleWebKit/537.36 (KHTML, like Gecko) Chrome/141.0.0.0 Safari/537.36"
| ver. 1.4 |
Github
|
.
| PHP 8.2.30 | Генерация страницы: 0.03 |
proxy
|
phpinfo
|
Настройка